000
CDUS43 KDLH 270627
CLIINL


CLIMATE REPORT
NATIONAL WEATHER SERVICE DULUTH MN
1225 AM CST SUN NOV 27 2016


...................................

...THE INTERNATIONAL FALLS MN CLIMATE SUMMARY FOR NOVEMBER 26 2016...

CLIMATE NORMAL PERIOD 1981 TO 2010
CLIMATE RECORD PERIOD 1895 TO 2016


WEATHER ITEM   OBSERVED TIME   RECORD YEAR NORMAL DEPARTURE LAST
                VALUE   (LST)  VALUE       VALUE  FROM      YEAR
                                                  NORMAL
..................................................................
TEMPERATURE (F)
 YESTERDAY
  MAXIMUM         38    244 PM  53    1962  27     11       26
  MINIMUM         19    912 PM -21    1977  11      8       12
  AVERAGE         29                        19     10       19

PRECIPITATION (IN)
  YESTERDAY        0.00          1.02 1965   0.03  -0.03      T
  MONTH TO DATE    1.21                      1.23  -0.02     3.33
  SINCE SEP 1      6.02                      6.30  -0.28     7.39
  SINCE JAN 1     26.58                     23.26   3.32    23.85

SNOWFALL (IN)
  YESTERDAY        0.0          11.0  1965   0.5   -0.5       T
  MONTH TO DATE    7.1                      11.4   -4.3      3.8
  SINCE SEP 1      7.1                      13.7   -6.6      3.8
  SINCE JUL 1      7.1                      13.7   -6.6      3.8
  SNOW DEPTH       5

DEGREE DAYS
 HEATING
  YESTERDAY       36                        46    -10       46
  MONTH TO DATE  701                       994   -293      760
  SINCE SEP 1   1565                      2090   -525     1645
  SINCE JUL 1   1682                      2271   -589     1821

 COOLING
  YESTERDAY        0                         0      0        0
  MONTH TO DATE    0                         0      0        0
  SINCE SEP 1      7                        11     -4       48
  SINCE JAN 1    155                       192    -37      211
..................................................................


WIND (MPH)
  HIGHEST WIND SPEED    12   HIGHEST WIND DIRECTION    SE (150)
  HIGHEST GUST SPEED    14   HIGHEST GUST DIRECTION    SE (140)
  AVERAGE WIND SPEED     3.5


SKY COVER
  AVERAGE SKY COVER 0.6


WEATHER CONDITIONS
 THE FOLLOWING WEATHER WAS RECORDED YESTERDAY.
  FOG
  FOG W/VISIBILITY <= 1/4 MILE


RELATIVE HUMIDITY (PERCENT)
 HIGHEST   100           500 PM
 LOWEST     75           200 PM
 AVERAGE    88

..........................................................


THE INTERNATIONAL FALLS MN CLIMATE NORMALS FOR TODAY
                         NORMAL    RECORD    YEAR
 MAXIMUM TEMPERATURE (F)   27        47      1998
                                             1962
                                             1918
 MINIMUM TEMPERATURE (F)   10       -29      1985


SUNRISE AND SUNSET
NOVEMBER 27 2016......SUNRISE   740 AM CST   SUNSET   422 PM CST
NOVEMBER 28 2016......SUNRISE   741 AM CST   SUNSET   422 PM CST


-  INDICATES NEGATIVE NUMBERS.
R  INDICATES RECORD WAS SET OR TIED.
MM INDICATES DATA IS MISSING.
T  INDICATES TRACE AMOUNT.




$$
