256
CDUS43 KDLH 180648
CLIINL


CLIMATE REPORT
NATIONAL WEATHER SERVICE DULUTH MN
145 AM CDT WED OCT 18 2017


...................................

...THE INTERNATIONAL FALLS MN CLIMATE SUMMARY FOR OCTOBER 17 2017...

CLIMATE NORMAL PERIOD 1981 TO 2010
CLIMATE RECORD PERIOD 1895 TO 2017


WEATHER ITEM   OBSERVED TIME   RECORD YEAR NORMAL DEPARTURE LAST
                VALUE   (LST)  VALUE       VALUE  FROM      YEAR
                                                  NORMAL
..................................................................
TEMPERATURE (F)
 YESTERDAY
  MAXIMUM         72    218 PM  82    1961  51     21       55
  MINIMUM         28    617 AM   7    1952  31     -3       40
  AVERAGE         50                        41      9       48

PRECIPITATION (IN)
  YESTERDAY        0.00          1.51 1996   0.06  -0.06     0.02
  MONTH TO DATE    0.82                      1.25  -0.43     1.15
  SINCE SEP 1      3.89                      4.24  -0.35     4.48
  SINCE JAN 1     20.63                     21.20  -0.57    25.04

SNOWFALL (IN)
  YESTERDAY        0.0           2.4  1990   0.0    0.0      0.0
  MONTH TO DATE    0.0                       0.6   -0.6       T
  SINCE SEP 1      0.0                       0.7   -0.7       T
  SINCE JUL 1      0.0                       0.7   -0.7       T
  SNOW DEPTH       0

DEGREE DAYS
 HEATING
  YESTERDAY       15                        24     -9       17
  MONTH TO DATE  325                       358    -33      284
  SINCE SEP 1    594                       711   -117      522
  SINCE JUL 1    805                       892    -87      639

 COOLING
  YESTERDAY        0                         0      0        0
  MONTH TO DATE    0                         0      0        0
  SINCE SEP 1      7                        11     -4        7
  SINCE JAN 1     86                       192   -106      155
..................................................................


WIND (MPH)
  HIGHEST WIND SPEED    18   HIGHEST WIND DIRECTION    SW (220)
  HIGHEST GUST SPEED    27   HIGHEST GUST DIRECTION     S (200)
  AVERAGE WIND SPEED     5.5


SKY COVER
  AVERAGE SKY COVER 0.0


WEATHER CONDITIONS
 THE FOLLOWING WEATHER WAS RECORDED YESTERDAY.
  NO SIGNIFICANT WEATHER WAS OBSERVED.


RELATIVE HUMIDITY (PERCENT)
 HIGHEST    92           400 AM
 LOWEST     27           100 PM
 AVERAGE    60

..........................................................


THE INTERNATIONAL FALLS MN CLIMATE NORMALS FOR TODAY
                         NORMAL    RECORD    YEAR
 MAXIMUM TEMPERATURE (F)   50        81      1910
 MINIMUM TEMPERATURE (F)   31        16      1992


SUNRISE AND SUNSET
OCTOBER 18 2017.......SUNRISE   739 AM CDT   SUNSET   618 PM CDT
OCTOBER 19 2017.......SUNRISE   740 AM CDT   SUNSET   616 PM CDT


-  INDICATES NEGATIVE NUMBERS.
R  INDICATES RECORD WAS SET OR TIED.
MM INDICATES DATA IS MISSING.
T  INDICATES TRACE AMOUNT.




$$
