000
CDUS43 KDLH 240624
CLIINL


CLIMATE REPORT
NATIONAL WEATHER SERVICE DULUTH MN
1224 AM CST MON NOV 24 2014


...................................

...THE INTERNATIONAL FALLS MN CLIMATE SUMMARY FOR NOVEMBER 23 2014...

CLIMATE NORMAL PERIOD 1981 TO 2010
CLIMATE RECORD PERIOD 1895 TO 2014


WEATHER ITEM   OBSERVED TIME   RECORD YEAR NORMAL DEPARTURE LAST
                VALUE   (LST)  VALUE       VALUE  FROM      YEAR
                                                  NORMAL
..................................................................
TEMPERATURE (F)
 YESTERDAY
  MAXIMUM         36    405 PM  50    2011  29      7       11
  MINIMUM         32    620 AM -16    1956  13     19       -7
  AVERAGE         34                        21     13        2

PRECIPITATION (IN)
  YESTERDAY        T             0.47 1954   0.03  -0.03      T
  MONTH TO DATE    0.49                      1.12  -0.63     1.08
  SINCE SEP 1      4.75                      6.19  -1.44     5.16
  SINCE JAN 1     29.29                     23.15   6.14    30.27

SNOWFALL (IN)
  YESTERDAY        0.0           6.1  1983   0.5   -0.5      0.2
  MONTH TO DATE    6.5                       9.8   -3.3      7.0
  SINCE SEP 1      6.6                      12.1   -5.5      8.6
  SINCE JUL 1      6.6                      12.1   -5.5      8.6
  SNOW DEPTH       3

DEGREE DAYS
 HEATING
  YESTERDAY       31                        44    -13       63
  MONTH TO DATE  975                       858    117      845
  SINCE SEP 1   1993                      1954     39     1793
  SINCE JUL 1   2207                      2135     72     2013

 COOLING
  YESTERDAY        0                         0      0        0
  MONTH TO DATE    0                         0      0        0
  SINCE SEP 1     10                        11     -1       11
  SINCE JAN 1    121                       192    -71      224
..................................................................


WIND (MPH)
  HIGHEST WIND SPEED    12   HIGHEST WIND DIRECTION    SE (150)
  HIGHEST GUST SPEED    16   HIGHEST GUST DIRECTION    SE (150)
  AVERAGE WIND SPEED     3.5


SKY COVER
  AVERAGE SKY COVER 1.0


WEATHER CONDITIONS
 THE FOLLOWING WEATHER WAS RECORDED YESTERDAY.
  LIGHT RAIN
  LIGHT SNOW
  FOG


RELATIVE HUMIDITY (PERCENT)
 HIGHEST    96           800 AM
 LOWEST     82           100 AM
 AVERAGE    89

..........................................................


THE INTERNATIONAL FALLS MN CLIMATE NORMALS FOR TODAY
                         NORMAL    RECORD    YEAR
 MAXIMUM TEMPERATURE (F)   28        48      1984
 MINIMUM TEMPERATURE (F)   12       -22      1898


SUNRISE AND SUNSET
NOVEMBER 24 2014......SUNRISE   735 AM CST   SUNSET   425 PM CST
NOVEMBER 25 2014......SUNRISE   736 AM CST   SUNSET   424 PM CST


-  INDICATES NEGATIVE NUMBERS.
R  INDICATES RECORD WAS SET OR TIED.
MM INDICATES DATA IS MISSING.
T  INDICATES TRACE AMOUNT.




$$
