000
CDUS43 KDLH 150627
CLIINL


CLIMATE REPORT
NATIONAL WEATHER SERVICE DULUTH MN
125 AM CDT THU JUN 15 2017


...................................

...THE INTERNATIONAL FALLS MN CLIMATE SUMMARY FOR JUNE 14 2017...

CLIMATE NORMAL PERIOD 1981 TO 2010
CLIMATE RECORD PERIOD 1895 TO 2017


WEATHER ITEM   OBSERVED TIME   RECORD YEAR NORMAL DEPARTURE LAST
                VALUE   (LST)  VALUE       VALUE  FROM      YEAR
                                                  NORMAL
..................................................................
TEMPERATURE (F)
 YESTERDAY
  MAXIMUM         80    447 PM  89    1973  73      7       68
  MINIMUM         55   1248 AM  29    1958  48      7       42
                                      1909
  AVERAGE         68                        61      7       55

PRECIPITATION (IN)
  YESTERDAY        0.23          1.80 1922   0.13   0.10     0.00
  MONTH TO DATE    2.59                      1.66   0.93     1.75
  SINCE JUN 1      2.59                      1.66   0.93     1.75
  SINCE JAN 1      9.21                      8.19   1.02     9.55

SNOWFALL (IN)
  YESTERDAY        0.0           0.0  2002   0.0    0.0      0.0
                                      2001
  MONTH TO DATE    0.0                       0.0    0.0      0.0
  SINCE JUN 1      0.0                       0.0    0.0      0.0
  SINCE JUL 1     70.4                      71.0   -0.6     47.7
  SNOW DEPTH       0

DEGREE DAYS
 HEATING
  YESTERDAY        0                         6     -6       10
  MONTH TO DATE   27                        99    -72      108
  SINCE JUN 1     27                        99    -72      108
  SINCE JUL 1   8991                     10156  -1165     8936

 COOLING
  YESTERDAY        3                         1      2        0
  MONTH TO DATE   12                        14     -2        4
  SINCE JUN 1     12                        14     -2        4
  SINCE JAN 1     12                        23    -11        6
..................................................................


WIND (MPH)
  HIGHEST WIND SPEED    24   HIGHEST WIND DIRECTION     E (110)
  HIGHEST GUST SPEED    32   HIGHEST GUST DIRECTION    SE (120)
  AVERAGE WIND SPEED     9.2


SKY COVER
  AVERAGE SKY COVER 0.5


WEATHER CONDITIONS
 THE FOLLOWING WEATHER WAS RECORDED YESTERDAY.
  THUNDERSTORM
  HEAVY RAIN
  RAIN
  LIGHT RAIN
  FOG


RELATIVE HUMIDITY (PERCENT)
 HIGHEST    93           100 AM
 LOWEST     37           600 PM
 AVERAGE    65

..........................................................


THE INTERNATIONAL FALLS MN CLIMATE NORMALS FOR TODAY
                         NORMAL    RECORD    YEAR
 MAXIMUM TEMPERATURE (F)   73        89      1995
                                             1987
                                             1913
 MINIMUM TEMPERATURE (F)   49        33      1908


SUNRISE AND SUNSET
JUNE 15 2017..........SUNRISE   511 AM CDT   SUNSET   918 PM CDT
JUNE 16 2017..........SUNRISE   511 AM CDT   SUNSET   918 PM CDT


-  INDICATES NEGATIVE NUMBERS.
R  INDICATES RECORD WAS SET OR TIED.
MM INDICATES DATA IS MISSING.
T  INDICATES TRACE AMOUNT.




$$
