000
CDUS43 KDLH 280627
CLIINL


CLIMATE REPORT
NATIONAL WEATHER SERVICE DULUTH MN
123 AM CDT TUE JUL 28 2015


...................................

...THE INTERNATIONAL FALLS MN CLIMATE SUMMARY FOR JULY 27 2015...

CLIMATE NORMAL PERIOD 1981 TO 2010
CLIMATE RECORD PERIOD 1895 TO 2015


WEATHER ITEM   OBSERVED TIME   RECORD YEAR NORMAL DEPARTURE LAST
                VALUE   (LST)  VALUE       VALUE  FROM      YEAR
                                                  NORMAL
..................................................................
TEMPERATURE (F)
 YESTERDAY
  MAXIMUM         87    355 PM  97    1916  78      9       71
  MINIMUM         56    504 AM  36    1971  53      3       48
  AVERAGE         72                        66      6       60

PRECIPITATION (IN)
  YESTERDAY        0.00          1.34 1921   0.10  -0.10     0.15
  MONTH TO DATE    1.38                      3.31  -1.93     4.54
  SINCE JUN 1      4.58                      7.23  -2.65    14.78
  SINCE JAN 1     12.75                     13.76  -1.01    23.60

SNOWFALL (IN)
  YESTERDAY        0.0           T    1950   0.0    0.0      0.0
  MONTH TO DATE    0.0                       0.0    0.0      0.0
  SINCE JUN 1      0.0                       0.0    0.0      0.0
  SINCE JUL 1      0.0                       0.0    0.0      0.0
  SNOW DEPTH       0

DEGREE DAYS
 HEATING
  YESTERDAY        0                         2     -2        5
  MONTH TO DATE   47                        61    -14       95
  SINCE JUN 1    196                       225    -29      224
  SINCE JUL 1     47                        61    -14       95

 COOLING
  YESTERDAY        7                         2      5        0
  MONTH TO DATE   77                        65     12       43
  SINCE JUN 1     81                       103    -22       72
  SINCE JAN 1     81                       112    -31       95
..................................................................


WIND (MPH)
  HIGHEST WIND SPEED    16   HIGHEST WIND DIRECTION    SE (140)
  HIGHEST GUST SPEED    21   HIGHEST GUST DIRECTION     S (160)
  AVERAGE WIND SPEED     4.9


SKY COVER
  AVERAGE SKY COVER 0.0


WEATHER CONDITIONS
 THE FOLLOWING WEATHER WAS RECORDED YESTERDAY.
  NO SIGNIFICANT WEATHER WAS OBSERVED.


RELATIVE HUMIDITY (PERCENT)
 HIGHEST    97           200 AM
 LOWEST     45           100 PM
 AVERAGE    71

..........................................................


THE INTERNATIONAL FALLS MN CLIMATE NORMALS FOR TODAY
                         NORMAL    RECORD    YEAR
 MAXIMUM TEMPERATURE (F)   78       100      1916
 MINIMUM TEMPERATURE (F)   53        38      1913


SUNRISE AND SUNSET
JULY 28 2015..........SUNRISE   542 AM CDT   SUNSET   857 PM CDT
JULY 29 2015..........SUNRISE   544 AM CDT   SUNSET   856 PM CDT


-  INDICATES NEGATIVE NUMBERS.
R  INDICATES RECORD WAS SET OR TIED.
MM INDICATES DATA IS MISSING.
T  INDICATES TRACE AMOUNT.




$$
