558
CDUS43 KDLH 200627
CLIINL


CLIMATE REPORT
NATIONAL WEATHER SERVICE DULUTH MN
1226 AM CST MON NOV 20 2017


...................................

...THE INTERNATIONAL FALLS MN CLIMATE SUMMARY FOR NOVEMBER 19 2017...

CLIMATE NORMAL PERIOD 1981 TO 2010
CLIMATE RECORD PERIOD 1895 TO 2017


WEATHER ITEM   OBSERVED TIME   RECORD YEAR NORMAL DEPARTURE LAST
                VALUE   (LST)  VALUE       VALUE  FROM      YEAR
                                                  NORMAL
..................................................................
TEMPERATURE (F)
 YESTERDAY
  MAXIMUM         22    402 PM  54    2012  31     -9       27
  MINIMUM          2    613 AM -11    1996  16    -14       18
  AVERAGE         12                        24    -12       23

PRECIPITATION (IN)
  YESTERDAY        0.00          0.49 1975   0.04  -0.04     0.00
  MONTH TO DATE    1.04                      0.96   0.08     0.89
  SINCE SEP 1      5.62                      6.03  -0.41     5.70
  SINCE JAN 1     22.36                     22.99  -0.63    26.26

SNOWFALL (IN)
  YESTERDAY        0.0           5.0  1998   0.5   -0.5      0.0
  MONTH TO DATE   11.8                       7.7    4.1      3.4
  SINCE SEP 1     13.9                      10.0    3.9      3.4
  SINCE JUL 1     13.9                      10.0    3.9      3.4
  SNOW DEPTH       3

DEGREE DAYS
 HEATING
  YESTERDAY       53                        42     11       42
  MONTH TO DATE  825                       686    139      440
  SINCE SEP 1   1743                      1782    -39     1304
  SINCE JUL 1   1954                      1963     -9     1421

 COOLING
  YESTERDAY        0                         0      0        0
  MONTH TO DATE    0                         0      0        0
  SINCE SEP 1      7                        11     -4        7
  SINCE JAN 1     86                       192   -106      155
..................................................................


WIND (MPH)
  HIGHEST WIND SPEED    13   HIGHEST WIND DIRECTION     W (250)
  HIGHEST GUST SPEED    17   HIGHEST GUST DIRECTION    SW (240)
  AVERAGE WIND SPEED     4.4


SKY COVER
  AVERAGE SKY COVER 0.4


WEATHER CONDITIONS
 THE FOLLOWING WEATHER WAS RECORDED YESTERDAY.
  LIGHT SNOW
  HAZE


RELATIVE HUMIDITY (PERCENT)
 HIGHEST    88           300 AM
 LOWEST     61          1200 PM
 AVERAGE    75

..........................................................


THE INTERNATIONAL FALLS MN CLIMATE NORMALS FOR TODAY
                         NORMAL    RECORD    YEAR
 MAXIMUM TEMPERATURE (F)   31        50      1963
 MINIMUM TEMPERATURE (F)   15       -16      1921


SUNRISE AND SUNSET
NOVEMBER 20 2017......SUNRISE   730 AM CST   SUNSET   428 PM CST
NOVEMBER 21 2017......SUNRISE   731 AM CST   SUNSET   427 PM CST


-  INDICATES NEGATIVE NUMBERS.
R  INDICATES RECORD WAS SET OR TIED.
MM INDICATES DATA IS MISSING.
T  INDICATES TRACE AMOUNT.




$$
