000
CDUS43 KDLH 130630
CLIINL


CLIMATE REPORT
NATIONAL WEATHER SERVICE DULUTH MN
1227 AM CST SAT DEC 13 2014


...................................

...THE INTERNATIONAL FALLS MN CLIMATE SUMMARY FOR DECEMBER 12 2014...

CLIMATE NORMAL PERIOD 1981 TO 2010
CLIMATE RECORD PERIOD 1895 TO 2014


WEATHER ITEM   OBSERVED TIME   RECORD YEAR NORMAL DEPARTURE LAST
                VALUE   (LST)  VALUE       VALUE  FROM      YEAR
                                                  NORMAL
..................................................................
TEMPERATURE (F)
 YESTERDAY
  MAXIMUM         37    313 PM  45    1913  20     17        3
  MINIMUM         27    618 AM -39    1995   2     25      -32
  AVERAGE         32                        11     21      -14

PRECIPITATION (IN)
  YESTERDAY        0.00          0.50 1911   0.03  -0.03      T
  MONTH TO DATE    0.20                      0.34  -0.14     1.00
  SINCE DEC 1      0.20                      0.34  -0.14     1.00
  SINCE JAN 1     29.57                     23.75   5.82    31.40

SNOWFALL (IN)
  YESTERDAY        0.0           3.4  1981   0.4   -0.4       T
  MONTH TO DATE    2.5                       5.8   -3.3     18.0
  SINCE DEC 1      2.5                       5.8   -3.3     18.0
  SINCE JUL 1     11.8                      21.8   RRRR     28.9
  SNOW DEPTH       5

DEGREE DAYS
 HEATING
  YESTERDAY       33                        54    -21       79
  MONTH TO DATE  589                       618    -29      793
  SINCE DEC 1    589                       618    -29      793
  SINCE JUL 1   3200                      3079    121     3151

 COOLING
  YESTERDAY        0                         0      0        0
  MONTH TO DATE    0                         0      0        0
  SINCE DEC 1      0                         0      0        0
  SINCE JAN 1    121                       192    -71      224
..................................................................


WIND (MPH)
  HIGHEST WIND SPEED    14   HIGHEST WIND DIRECTION    SW (220)
  HIGHEST GUST SPEED    19   HIGHEST GUST DIRECTION    SW (210)
  AVERAGE WIND SPEED     6.1


SKY COVER
  AVERAGE SKY COVER 0.8


WEATHER CONDITIONS
 THE FOLLOWING WEATHER WAS RECORDED YESTERDAY.
  FOG


RELATIVE HUMIDITY (PERCENT)
 HIGHEST   100           200 AM
 LOWEST     82           200 PM
 AVERAGE    91

..........................................................


THE INTERNATIONAL FALLS MN CLIMATE NORMALS FOR TODAY
                         NORMAL    RECORD    YEAR
 MAXIMUM TEMPERATURE (F)   20        45      1913
 MINIMUM TEMPERATURE (F)    1       -33      2010


SUNRISE AND SUNSET
DECEMBER 13 2014......SUNRISE   758 AM CST   SUNSET   418 PM CST
DECEMBER 14 2014......SUNRISE   759 AM CST   SUNSET   418 PM CST


-  INDICATES NEGATIVE NUMBERS.
R  INDICATES RECORD WAS SET OR TIED.
MM INDICATES DATA IS MISSING.
T  INDICATES TRACE AMOUNT.




$$
