000
CDUS43 KDLH 210627
CLIINL


CLIMATE REPORT
NATIONAL WEATHER SERVICE DULUTH MN
121 AM CDT SUN MAY 21 2017


...................................

...THE INTERNATIONAL FALLS MN CLIMATE SUMMARY FOR MAY 20 2017...

CLIMATE NORMAL PERIOD 1981 TO 2010
CLIMATE RECORD PERIOD 1895 TO 2017


WEATHER ITEM   OBSERVED TIME   RECORD YEAR NORMAL DEPARTURE LAST
                VALUE   (LST)  VALUE       VALUE  FROM      YEAR
                                                  NORMAL
..................................................................
TEMPERATURE (F)
 YESTERDAY
  MAXIMUM         53    545 PM  89    1994  66    -13       77
                                      1975
  MINIMUM         30    304 AM  22    1967  40    -10       42
  AVERAGE         42                        53    -11       60

PRECIPITATION (IN)
  YESTERDAY        0.18          1.19 2013   0.10   0.08      T
  MONTH TO DATE    0.55                      1.73  -1.18     0.38
  SINCE MAR 1      2.81                      4.21  -1.40     5.20
  SINCE JAN 1      5.56                      5.40   0.16     6.57

SNOWFALL (IN)
  YESTERDAY       MM             T    2007   0.0   MM        0.0
                                      1985
  MONTH TO DATE    0.0                       0.2   -0.2       T
  SINCE MAR 1      7.1                      14.2   -7.1     14.2
  SINCE JUL 1     70.4                      71.0   -0.6     47.7
  SNOW DEPTH       0

DEGREE DAYS
 HEATING
  YESTERDAY       23                        12     11        5
  MONTH TO DATE  341                       304     37      311
  SINCE MAR 1   2347                      2359    -12     2240
  SINCE JUL 1   8821                      9942  -1121     8772

 COOLING
  YESTERDAY        0                         0      0        0
  MONTH TO DATE    0                         0      0        0
  SINCE MAR 1      0                         1     -1        0
  SINCE JAN 1      0                         1     -1        0
..................................................................


WIND (MPH)
  HIGHEST WIND SPEED    25   HIGHEST WIND DIRECTION     E (90)
  HIGHEST GUST SPEED    36   HIGHEST GUST DIRECTION     E (100)
  AVERAGE WIND SPEED    10.0


SKY COVER
  AVERAGE SKY COVER 0.5


WEATHER CONDITIONS
 THE FOLLOWING WEATHER WAS RECORDED YESTERDAY.
  LIGHT RAIN
  FOG


RELATIVE HUMIDITY (PERCENT)
 HIGHEST    92           300 AM
 LOWEST     35           600 PM
 AVERAGE    64

..........................................................


THE INTERNATIONAL FALLS MN CLIMATE NORMALS FOR TODAY
                         NORMAL    RECORD    YEAR
 MAXIMUM TEMPERATURE (F)   67        95      1964
 MINIMUM TEMPERATURE (F)   40        21      1924


SUNRISE AND SUNSET
MAY 21 2017...........SUNRISE   525 AM CDT   SUNSET   856 PM CDT
MAY 22 2017...........SUNRISE   524 AM CDT   SUNSET   857 PM CDT


-  INDICATES NEGATIVE NUMBERS.
R  INDICATES RECORD WAS SET OR TIED.
MM INDICATES DATA IS MISSING.
T  INDICATES TRACE AMOUNT.




$$
