000
CDUS43 KDLH 260639
CLIINL


CLIMATE REPORT
NATIONAL WEATHER SERVICE DULUTH MN
138 AM CDT FRI JUN 26 2015


...................................

...THE INTERNATIONAL FALLS MN CLIMATE SUMMARY FOR JUNE 25 2015...

CLIMATE NORMAL PERIOD 1981 TO 2010
CLIMATE RECORD PERIOD 1895 TO 2015


WEATHER ITEM   OBSERVED TIME   RECORD YEAR NORMAL DEPARTURE LAST
                VALUE   (LST)  VALUE       VALUE  FROM      YEAR
                                                  NORMAL
..................................................................
TEMPERATURE (F)
 YESTERDAY
  MAXIMUM         82    332 PM  94    1921  75      7       67
  MINIMUM         47   1129 PM  38    2012  51     -4       51
                                      1996
  AVERAGE         65                        63      2       59

PRECIPITATION (IN)
  YESTERDAY        0.18          3.10 1985   0.13   0.05     0.00
  MONTH TO DATE    2.37                      3.22  -0.85     9.93
  SINCE JUN 1      2.37                      3.22  -0.85     9.93
  SINCE JAN 1     10.54                      9.75   0.79    18.75

SNOWFALL (IN)
  YESTERDAY        0.0           0.0  2002   0.0    0.0      0.0
                                      2001
  MONTH TO DATE    0.0                       0.0    0.0      0.0
  SINCE JUN 1      0.0                       0.0    0.0      0.0
  SINCE JUL 1     64.5                      71.0   -6.5    101.2
  SNOW DEPTH       0

DEGREE DAYS
 HEATING
  YESTERDAY        0                         4     -4        6
  MONTH TO DATE  142                       148     -6      125
  SINCE JUN 1    142                       148     -6      125
  SINCE JUL 1  10276                     10205     71    11507

 COOLING
  YESTERDAY        0                         2     -2        0
  MONTH TO DATE    2                        32    -30        9
  SINCE JUN 1      2                        32    -30        9
  SINCE JAN 1      2                        41    -39       32
..................................................................


WIND (MPH)
  HIGHEST WIND SPEED    14   HIGHEST WIND DIRECTION    NE (50)
  HIGHEST GUST SPEED    20   HIGHEST GUST DIRECTION    NE (50)
  AVERAGE WIND SPEED     2.3


SKY COVER
  AVERAGE SKY COVER 0.2


WEATHER CONDITIONS
 THE FOLLOWING WEATHER WAS RECORDED YESTERDAY.
  THUNDERSTORM
  HEAVY RAIN
  LIGHT RAIN
  FOG
  HAZE


RELATIVE HUMIDITY (PERCENT)
 HIGHEST   100          1100 PM
 LOWEST     39           200 PM
 AVERAGE    70

..........................................................


THE INTERNATIONAL FALLS MN CLIMATE NORMALS FOR TODAY
                         NORMAL    RECORD    YEAR
 MAXIMUM TEMPERATURE (F)   76        94      1921
 MINIMUM TEMPERATURE (F)   51        39      1948


SUNRISE AND SUNSET
JUNE 26 2015..........SUNRISE   513 AM CDT   SUNSET   920 PM CDT
JUNE 27 2015..........SUNRISE   513 AM CDT   SUNSET   920 PM CDT


-  INDICATES NEGATIVE NUMBERS.
R  INDICATES RECORD WAS SET OR TIED.
MM INDICATES DATA IS MISSING.
T  INDICATES TRACE AMOUNT.




$$
