000
CDUS43 KDLH 090616
CLIINL


CLIMATE REPORT
NATIONAL WEATHER SERVICE DULUTH MN
114 AM CDT WED APR 9 2014


...................................

...THE INTERNATIONAL FALLS MN CLIMATE SUMMARY FOR APRIL 8 2014...

CLIMATE NORMAL PERIOD 1981 TO 2010
CLIMATE RECORD PERIOD 1895 TO 2014


WEATHER ITEM   OBSERVED TIME   RECORD YEAR NORMAL DEPARTURE LAST
                VALUE   (LST)  VALUE       VALUE  FROM      YEAR
                                                  NORMAL
..................................................................
TEMPERATURE (F)
 YESTERDAY
  MAXIMUM         42    419 PM  75    1987  47     -5       38
  MINIMUM         27    946 PM   2    1989  24      3       25
                                      1950
  AVERAGE         35                        36     -1       32

PRECIPITATION (IN)
  YESTERDAY        0.00          1.02 1962   0.05  -0.05      T
  MONTH TO DATE    0.17                      0.34  -0.17     0.21
  SINCE MAR 1      1.63                      1.29   0.34     1.36
  SINCE JAN 1      3.38                      2.48   0.90     5.02

SNOWFALL (IN)
  YESTERDAY        0.0          11.5  1962   0.3   -0.3       T
  MONTH TO DATE    2.6                       2.2    0.4      1.7
  SINCE MAR 1     20.2                       9.8   10.4     16.4
  SINCE JUL 1     96.6                      66.6   30.0     86.7
  SNOW DEPTH      19

DEGREE DAYS
 HEATING
  YESTERDAY       30                        29      1       33
  MONTH TO DATE  272                       250     22      318
  SINCE MAR 1   1878                      1533    345     1830
  SINCE JUL 1  10309                      9116   1193     9387

 COOLING
  YESTERDAY        0                         0      0        0
  MONTH TO DATE    0                         0      0        0
  SINCE MAR 1      0                         0      0        0
  SINCE JAN 1      0                         0      0        0
..................................................................


WIND (MPH)
  HIGHEST WIND SPEED    16   HIGHEST WIND DIRECTION    NW (300)
  HIGHEST GUST SPEED    22   HIGHEST GUST DIRECTION     W (280)
  AVERAGE WIND SPEED     7.9


SKY COVER
  AVERAGE SKY COVER 0.3


WEATHER CONDITIONS
 THE FOLLOWING WEATHER WAS RECORDED YESTERDAY.
  NO SIGNIFICANT WEATHER WAS OBSERVED.


RELATIVE HUMIDITY (PERCENT)
 HIGHEST    85           100 AM
 LOWEST     38           100 PM
 AVERAGE    62

..........................................................


THE INTERNATIONAL FALLS MN CLIMATE NORMALS FOR TODAY
                         NORMAL    RECORD    YEAR
 MAXIMUM TEMPERATURE (F)   48        77      1987
 MINIMUM TEMPERATURE (F)   24         2      1948


SUNRISE AND SUNSET
APRIL  9 2014.........SUNRISE   635 AM CDT   SUNSET   756 PM CDT
APRIL 10 2014.........SUNRISE   633 AM CDT   SUNSET   758 PM CDT


-  INDICATES NEGATIVE NUMBERS.
R  INDICATES RECORD WAS SET OR TIED.
MM INDICATES DATA IS MISSING.
T  INDICATES TRACE AMOUNT.




$$
