000
CDUS43 KDLH 180638
CLIINL


CLIMATE REPORT
NATIONAL WEATHER SERVICE DULUTH MN
137 AM CDT TUE JUL 18 2017


...................................

...THE INTERNATIONAL FALLS MN CLIMATE SUMMARY FOR JULY 17 2017...

CLIMATE NORMAL PERIOD 1981 TO 2010
CLIMATE RECORD PERIOD 1895 TO 2017


WEATHER ITEM   OBSERVED TIME   RECORD YEAR NORMAL DEPARTURE LAST
                VALUE   (LST)  VALUE       VALUE  FROM      YEAR
                                                  NORMAL
..................................................................
TEMPERATURE (F)
 YESTERDAY
  MAXIMUM         83    627 PM  94    1991  78      5       78
  MINIMUM         54    518 AM  42    1918  53      1       58
  AVERAGE         69                        66      3       68

PRECIPITATION (IN)
  YESTERDAY        0.01          1.78 1978   0.12  -0.11     0.57
  MONTH TO DATE    2.10                      2.26  -0.16     2.32
  SINCE JUN 1      5.89                      6.18  -0.29     9.24
  SINCE JAN 1     12.51                     12.71  -0.20    17.04

SNOWFALL (IN)
  YESTERDAY        0.0           0.0  2002   0.0    0.0      0.0
                                      2001
  MONTH TO DATE    0.0                       0.0    0.0      0.0
  SINCE JUN 1      0.0                       0.0    0.0      0.0
  SINCE JUL 1      0.0                       0.0    0.0      0.0
  SNOW DEPTH       0

DEGREE DAYS
 HEATING
  YESTERDAY        0                         2     -2        0
  MONTH TO DATE   60                        41     19       37
  SINCE JUN 1    184                       205    -21      204
  SINCE JUL 1     60                        41     19       37

 COOLING
  YESTERDAY        4                         3      1        3
  MONTH TO DATE   22                        42    -20       28
  SINCE JUN 1     34                        80    -46       47
  SINCE JAN 1     34                        89    -55       49
..................................................................


WIND (MPH)
  HIGHEST WIND SPEED    16   HIGHEST WIND DIRECTION     W (250)
  HIGHEST GUST SPEED    26   HIGHEST GUST DIRECTION    SW (230)
  AVERAGE WIND SPEED     5.2


SKY COVER
  AVERAGE SKY COVER 0.1


WEATHER CONDITIONS
 THE FOLLOWING WEATHER WAS RECORDED YESTERDAY.
  NO SIGNIFICANT WEATHER WAS OBSERVED.


RELATIVE HUMIDITY (PERCENT)
 HIGHEST    97          1000 PM
 LOWEST     61           100 AM
 AVERAGE    79

..........................................................


THE INTERNATIONAL FALLS MN CLIMATE NORMALS FOR TODAY
                         NORMAL    RECORD    YEAR
 MAXIMUM TEMPERATURE (F)   78        98      1916
 MINIMUM TEMPERATURE (F)   53        38      1912


SUNRISE AND SUNSET
JULY 18 2017..........SUNRISE   531 AM CDT   SUNSET   908 PM CDT
JULY 19 2017..........SUNRISE   532 AM CDT   SUNSET   907 PM CDT


-  INDICATES NEGATIVE NUMBERS.
R  INDICATES RECORD WAS SET OR TIED.
MM INDICATES DATA IS MISSING.
T  INDICATES TRACE AMOUNT.




$$
