000
CDUS43 KDLH 160737
CLIINL


CLIMATE REPORT
NATIONAL WEATHER SERVICE DULUTH MN
137 AM CST TUE JAN 16 2018


...................................

...THE INTERNATIONAL FALLS MN CLIMATE SUMMARY FOR JANUARY 15 2018...

CLIMATE NORMAL PERIOD 1981 TO 2010
CLIMATE RECORD PERIOD 1895 TO 2018


WEATHER ITEM   OBSERVED TIME   RECORD YEAR NORMAL DEPARTURE LAST
                VALUE   (LST)  VALUE       VALUE  FROM      YEAR
                                                  NORMAL
..................................................................
TEMPERATURE (F)
 YESTERDAY
  MAXIMUM          3   1233 AM  39    2010  15    -12       31
  MINIMUM         -4    925 AM -45    1972  -7      3       -9
                                      1909
  AVERAGE          0                         4     -4       11

PRECIPITATION (IN)
  YESTERDAY        0.01          0.43 1969   0.02  -0.01     0.00
  MONTH TO DATE    0.44                      0.34   0.10     0.89
  SINCE DEC 1      1.60                      1.15   0.45     3.08
  SINCE JAN 1      0.44                      0.34   0.10     0.89

SNOWFALL (IN)
  YESTERDAY        T             4.2  1969   0.5   -0.5      0.0
  MONTH TO DATE    5.7                       7.9   -2.2     14.5
  SINCE DEC 1     22.1                      22.9   -0.8     40.0
  SINCE JUL 1     36.1                      38.9   -2.8     48.4
  SNOW DEPTH      11

DEGREE DAYS
 HEATING
  YESTERDAY       65                        61      4       54
  MONTH TO DATE 1025                       911    114     1011
  SINCE DEC 1   2852                      2625    227     2677
  SINCE JUL 1   5246                      5086    160     4483

 COOLING
  YESTERDAY        0                         0      0        0
  MONTH TO DATE    0                         0      0        0
  SINCE DEC 1      0                         0      0        0
  SINCE JAN 1      0                         0      0        0
..................................................................


WIND (MPH)
  HIGHEST WIND SPEED    17   HIGHEST WIND DIRECTION     N (10)
  HIGHEST GUST SPEED    23   HIGHEST GUST DIRECTION     N (350)
  AVERAGE WIND SPEED    10.6


SKY COVER
  AVERAGE SKY COVER 0.7


WEATHER CONDITIONS
 THE FOLLOWING WEATHER WAS RECORDED YESTERDAY.
  LIGHT SNOW
  HAZE


RELATIVE HUMIDITY (PERCENT)
 HIGHEST    79           600 PM
 LOWEST     65          1100 AM
 AVERAGE    72

..........................................................


THE INTERNATIONAL FALLS MN CLIMATE NORMALS FOR TODAY
                         NORMAL    RECORD    YEAR
 MAXIMUM TEMPERATURE (F)   15        44      1897
 MINIMUM TEMPERATURE (F)   -7       -44      1979


SUNRISE AND SUNSET
JANUARY 16 2018.......SUNRISE   800 AM CST   SUNSET   447 PM CST
JANUARY 17 2018.......SUNRISE   759 AM CST   SUNSET   449 PM CST


-  INDICATES NEGATIVE NUMBERS.
R  INDICATES RECORD WAS SET OR TIED.
MM INDICATES DATA IS MISSING.
T  INDICATES TRACE AMOUNT.




$$
