000
CDUS43 KDLH 090619
CLIINL


CLIMATE REPORT
NATIONAL WEATHER SERVICE DULUTH MN
119 AM CDT MON OCT 9 2017


...................................

...THE INTERNATIONAL FALLS MN CLIMATE SUMMARY FOR OCTOBER 8 2017...

CLIMATE NORMAL PERIOD 1981 TO 2010
CLIMATE RECORD PERIOD 1895 TO 2017


WEATHER ITEM   OBSERVED TIME   RECORD YEAR NORMAL DEPARTURE LAST
                VALUE   (LST)  VALUE       VALUE  FROM      YEAR
                                                  NORMAL
..................................................................
TEMPERATURE (F)
 YESTERDAY
  MAXIMUM         61   1210 PM  78    2003  55      6       49
                                      1920
  MINIMUM         31    955 PM  20    2000  34     -3       29
                                      1917
  AVERAGE         46                        44      2       39

PRECIPITATION (IN)
  YESTERDAY        0.00          0.66 1997   0.08  -0.08     0.03
  MONTH TO DATE    0.82                      0.64   0.18     0.31
  SINCE SEP 1      3.89                      3.63   0.26     3.64
  SINCE JAN 1     20.63                     20.59   0.04    24.20

SNOWFALL (IN)
  YESTERDAY        0.0           2.2  1976   0.0    0.0      0.0
  MONTH TO DATE    0.0                       0.2   -0.2       T
  SINCE SEP 1      0.0                       0.3   -0.3       T
  SINCE JUL 1      0.0                       0.3   -0.3       T
  SNOW DEPTH       0

DEGREE DAYS
 HEATING
  YESTERDAY       19                        21     -2       26
  MONTH TO DATE  135                       155    -20      110
  SINCE SEP 1    404                       508   -104      348
  SINCE JUL 1    615                       689    -74      465

 COOLING
  YESTERDAY        0                         0      0        0
  MONTH TO DATE    0                         0      0        0
  SINCE SEP 1      7                        11     -4        7
  SINCE JAN 1     86                       192   -106      155
..................................................................


WIND (MPH)
  HIGHEST WIND SPEED    17   HIGHEST WIND DIRECTION     W (280)
  HIGHEST GUST SPEED    26   HIGHEST GUST DIRECTION     W (290)
  AVERAGE WIND SPEED     7.0


SKY COVER
  AVERAGE SKY COVER 0.1


WEATHER CONDITIONS
 THE FOLLOWING WEATHER WAS RECORDED YESTERDAY.
  NO SIGNIFICANT WEATHER WAS OBSERVED.


RELATIVE HUMIDITY (PERCENT)
 HIGHEST    92          1200 AM
 LOWEST     37          1200 PM
 AVERAGE    65

..........................................................


THE INTERNATIONAL FALLS MN CLIMATE NORMALS FOR TODAY
                         NORMAL    RECORD    YEAR
 MAXIMUM TEMPERATURE (F)   55        80      1960
                                             1955
 MINIMUM TEMPERATURE (F)   33        20      1993
                                             1972
                                             1964


SUNRISE AND SUNSET
OCTOBER  9 2017.......SUNRISE   725 AM CDT   SUNSET   635 PM CDT
OCTOBER 10 2017.......SUNRISE   727 AM CDT   SUNSET   633 PM CDT


-  INDICATES NEGATIVE NUMBERS.
R  INDICATES RECORD WAS SET OR TIED.
MM INDICATES DATA IS MISSING.
T  INDICATES TRACE AMOUNT.




$$
