000
CDUS43 KDLH 060642
CLIINL


CLIMATE REPORT
NATIONAL WEATHER SERVICE DULUTH MN
140 AM CDT FRI MAY 6 2016


...................................

...THE INTERNATIONAL FALLS MN CLIMATE SUMMARY FOR MAY 5 2016...

CLIMATE NORMAL PERIOD 1981 TO 2010
CLIMATE RECORD PERIOD 1895 TO 2016


WEATHER ITEM   OBSERVED TIME   RECORD YEAR NORMAL DEPARTURE LAST
                VALUE   (LST)  VALUE       VALUE  FROM      YEAR
                                                  NORMAL
..................................................................
TEMPERATURE (F)
 YESTERDAY
  MAXIMUM         89R   534 PM  86    1918  61     28       74
  MINIMUM         41    225 AM  19    1989  35      6       28
                                      1968
  AVERAGE         65                        48     17       51

PRECIPITATION (IN)
  YESTERDAY        0.02          1.64 1950   0.07  -0.05     0.00
  MONTH TO DATE    0.02                      0.38  -0.36     0.13
  SINCE MAR 1      4.84                      2.86   1.98     1.49
  SINCE JAN 1      6.21                      4.05   2.16     3.51

SNOWFALL (IN)
  YESTERDAY        0.0           1.4  1989   0.0    0.0      0.0
  MONTH TO DATE    0.0                       0.1   -0.1      0.0
  SINCE MAR 1     14.2                      14.1    0.1      7.8
  SINCE JUL 1     47.7                      70.9  -23.2     64.5
  SNOW DEPTH       0

DEGREE DAYS
 HEATING
  YESTERDAY        0                        17    -17       14
  MONTH TO DATE   73                        89    -16       62
  SINCE MAR 1   2002                      2144   -142     1990
  SINCE JUL 1   8534                      9727  -1193     9744

 COOLING
  YESTERDAY        0                         0      0        0
  MONTH TO DATE    0                         0      0        0
  SINCE MAR 1      0                         1     -1        0
  SINCE JAN 1      0                         1     -1        0
..................................................................


WIND (MPH)
  HIGHEST WIND SPEED    21   HIGHEST WIND DIRECTION     W (250)
  HIGHEST GUST SPEED    27   HIGHEST GUST DIRECTION    SW (240)
  AVERAGE WIND SPEED     7.8


SKY COVER
  AVERAGE SKY COVER 0.1


WEATHER CONDITIONS
 THE FOLLOWING WEATHER WAS RECORDED YESTERDAY.
  LIGHT RAIN


RELATIVE HUMIDITY (PERCENT)
 HIGHEST    72           900 PM
 LOWEST     23           100 PM
 AVERAGE    48

..........................................................


THE INTERNATIONAL FALLS MN CLIMATE NORMALS FOR TODAY
                         NORMAL    RECORD    YEAR
 MAXIMUM TEMPERATURE (F)   62        86      1918
 MINIMUM TEMPERATURE (F)   35        23      1976


SUNRISE AND SUNSET
MAY  6 2016...........SUNRISE   545 AM CDT   SUNSET   836 PM CDT
MAY  7 2016...........SUNRISE   543 AM CDT   SUNSET   838 PM CDT


-  INDICATES NEGATIVE NUMBERS.
R  INDICATES RECORD WAS SET OR TIED.
MM INDICATES DATA IS MISSING.
T  INDICATES TRACE AMOUNT.




$$
