000
CDUS43 KDLH 290628
CLIINL


CLIMATE REPORT
NATIONAL WEATHER SERVICE DULUTH MN
1227 AM CST THU JAN 29 2015


...................................

...THE INTERNATIONAL FALLS MN CLIMATE SUMMARY FOR JANUARY 28 2015...

CLIMATE NORMAL PERIOD 1981 TO 2010
CLIMATE RECORD PERIOD 1895 TO 2015


WEATHER ITEM   OBSERVED TIME   RECORD YEAR NORMAL DEPARTURE LAST
                VALUE   (LST)  VALUE       VALUE  FROM      YEAR
                                                  NORMAL
..................................................................
TEMPERATURE (F)
 YESTERDAY
  MAXIMUM         29   1159 PM  38    1922  17     12       -5
  MINIMUM         26    832 AM -43    1966  -7     33      -23
  AVERAGE         28                         5     23      -14

PRECIPITATION (IN)
  YESTERDAY        T             0.48 1916   0.01  -0.01      T
  MONTH TO DATE    1.26                      0.57   0.69     0.82
  SINCE DEC 1      2.11                      1.38   0.73     2.26
  SINCE JAN 1      1.26                      0.57   0.69     0.82

SNOWFALL (IN)
  YESTERDAY        T             5.5  2011   0.4   -0.4       T
  MONTH TO DATE   19.6                      13.8    5.8     16.8
  SINCE DEC 1     30.3                      28.8    1.5     43.2
  SINCE JUL 1     39.6                      44.8   -5.2     54.1
  SNOW DEPTH      14

DEGREE DAYS
 HEATING
  YESTERDAY       37                        60    -23       79
  MONTH TO DATE 1621                      1700    -79     1917
  SINCE DEC 1   3084                      3414   -330     4054
  SINCE JUL 1   5695                      5875   -180     6412

 COOLING
  YESTERDAY        0                         0      0        0
  MONTH TO DATE    0                         0      0        0
  SINCE DEC 1      0                         0      0        0
  SINCE JAN 1      0                         0      0        0
..................................................................


WIND (MPH)
  HIGHEST WIND SPEED    16   HIGHEST WIND DIRECTION    NW (330)
  HIGHEST GUST SPEED    24   HIGHEST GUST DIRECTION    NW (330)
  AVERAGE WIND SPEED     6.0


SKY COVER
  AVERAGE SKY COVER 1.0


WEATHER CONDITIONS
 THE FOLLOWING WEATHER WAS RECORDED YESTERDAY.
  LT FREEZING RAIN
  LIGHT SNOW
  FOG


RELATIVE HUMIDITY (PERCENT)
 HIGHEST   100           700 PM
 LOWEST     84           200 AM
 AVERAGE    92

..........................................................


THE INTERNATIONAL FALLS MN CLIMATE NORMALS FOR TODAY
                         NORMAL    RECORD    YEAR
 MAXIMUM TEMPERATURE (F)   17        41      1992
 MINIMUM TEMPERATURE (F)   -6       -41      1951


SUNRISE AND SUNSET
JANUARY 29 2015.......SUNRISE   747 AM CST   SUNSET   507 PM CST
JANUARY 30 2015.......SUNRISE   746 AM CST   SUNSET   509 PM CST


-  INDICATES NEGATIVE NUMBERS.
R  INDICATES RECORD WAS SET OR TIED.
MM INDICATES DATA IS MISSING.
T  INDICATES TRACE AMOUNT.




$$
