000
CDUS43 KDLH 030636
CLIINL


CLIMATE REPORT
NATIONAL WEATHER SERVICE DULUTH MN
134 AM CDT WED JUN 3 2015


...................................

...THE INTERNATIONAL FALLS MN CLIMATE SUMMARY FOR JUNE 2 2015...

CLIMATE NORMAL PERIOD 1981 TO 2010
CLIMATE RECORD PERIOD 1895 TO 2015


WEATHER ITEM   OBSERVED TIME   RECORD YEAR NORMAL DEPARTURE LAST
                VALUE   (LST)  VALUE       VALUE  FROM      YEAR
                                                  NORMAL
..................................................................
TEMPERATURE (F)
 YESTERDAY
  MAXIMUM         66    418 PM  92    1948  70     -4       61
  MINIMUM         54    646 AM  30    2013  44     10       51
  AVERAGE         60                        57      3       56

PRECIPITATION (IN)
  YESTERDAY        0.58          1.66 1990   0.12   0.46     1.13
  MONTH TO DATE    0.58                      0.23   0.35     1.18
  SINCE JUN 1      0.58                      0.23   0.35     1.18
  SINCE JAN 1      8.75                      6.76   1.99    10.00

SNOWFALL (IN)
  YESTERDAY        0.0           0.3  1969   0.0    0.0      0.0
  MONTH TO DATE    0.0                       0.0    0.0      0.0
  SINCE JUN 1      0.0                       0.0    0.0      0.0
  SINCE JUL 1     64.5                      71.0   -6.5    101.2
  SNOW DEPTH       0

DEGREE DAYS
 HEATING
  YESTERDAY        5                         8     -3        9
  MONTH TO DATE   19                        17      2        9
  SINCE JUN 1     19                        17      2        9
  SINCE JUL 1  10153                     10074     79    11391

 COOLING
  YESTERDAY        0                         1     -1        0
  MONTH TO DATE    0                         2     -2        1
  SINCE JUN 1      0                         2     -2        1
  SINCE JAN 1      0                        11    -11       24
..................................................................


WIND (MPH)
  HIGHEST WIND SPEED    14   HIGHEST WIND DIRECTION    SE (140)
  HIGHEST GUST SPEED    19   HIGHEST GUST DIRECTION    SE (140)
  AVERAGE WIND SPEED     5.4


SKY COVER
  AVERAGE SKY COVER 1.0


WEATHER CONDITIONS
 THE FOLLOWING WEATHER WAS RECORDED YESTERDAY.
  THUNDERSTORM
  HEAVY RAIN
  RAIN
  LIGHT RAIN
  FOG
  HAZE


RELATIVE HUMIDITY (PERCENT)
 HIGHEST    90           600 PM
 LOWEST     44          1200 AM
 AVERAGE    67

..........................................................


THE INTERNATIONAL FALLS MN CLIMATE NORMALS FOR TODAY
                         NORMAL    RECORD    YEAR
 MAXIMUM TEMPERATURE (F)   70        88      1971
 MINIMUM TEMPERATURE (F)   45        29      2009


SUNRISE AND SUNSET
JUNE  3 2015..........SUNRISE   515 AM CDT   SUNSET   909 PM CDT
JUNE  4 2015..........SUNRISE   514 AM CDT   SUNSET   910 PM CDT


-  INDICATES NEGATIVE NUMBERS.
R  INDICATES RECORD WAS SET OR TIED.
MM INDICATES DATA IS MISSING.
T  INDICATES TRACE AMOUNT.




$$
