000
CDUS43 KDLH 160632
CLIINL


CLIMATE REPORT
NATIONAL WEATHER SERVICE DULUTH MN
127 AM CDT FRI SEP 16 2016


...................................

...THE INTERNATIONAL FALLS MN CLIMATE SUMMARY FOR SEPTEMBER 15 2016...

CLIMATE NORMAL PERIOD 1981 TO 2010
CLIMATE RECORD PERIOD 1895 TO 2016


WEATHER ITEM   OBSERVED TIME   RECORD YEAR NORMAL DEPARTURE LAST
                VALUE   (LST)  VALUE       VALUE  FROM      YEAR
                                                  NORMAL
..................................................................
TEMPERATURE (F)
 YESTERDAY
  MAXIMUM         70    203 PM  84    1920  66      4       83
  MINIMUM         41    120 AM  19    2011  42     -1       58
  AVERAGE         56                        54      2       71

PRECIPITATION (IN)
  YESTERDAY        0.16          1.50 2004   0.10   0.06     0.00
  MONTH TO DATE    1.70                      1.52   0.18     0.99
  SINCE SEP 1      1.70                      1.52   0.18     0.99
  SINCE JAN 1     22.26                     18.48   3.78    17.45

SNOWFALL (IN)
  YESTERDAY        0.0           0.0  2002   0.0    0.0      0.0
                                      2001
  MONTH TO DATE    0.0                       0.0    0.0      0.0
  SINCE SEP 1      0.0                       0.0    0.0      0.0
  SINCE JUL 1      0.0                       0.0    0.0      0.0
  SNOW DEPTH       0

DEGREE DAYS
 HEATING
  YESTERDAY        9                        11     -2        0
  MONTH TO DATE   88                       132    -44       79
  SINCE SEP 1     88                       132    -44       79
  SINCE JUL 1    205                       313   -108      255

 COOLING
  YESTERDAY        0                         0      0        6
  MONTH TO DATE    7                         9     -2       36
  SINCE SEP 1      7                         9     -2       36
  SINCE JAN 1    155                       190    -35      199
..................................................................


WIND (MPH)
  HIGHEST WIND SPEED    12   HIGHEST WIND DIRECTION     S (200)
  HIGHEST GUST SPEED    23   HIGHEST GUST DIRECTION     S (160)
  AVERAGE WIND SPEED     4.8


SKY COVER
  AVERAGE SKY COVER 0.7


WEATHER CONDITIONS
 THE FOLLOWING WEATHER WAS RECORDED YESTERDAY.
  HEAVY RAIN
  RAIN
  LIGHT RAIN
  FOG


RELATIVE HUMIDITY (PERCENT)
 HIGHEST    96           400 AM
 LOWEST     61           100 PM
 AVERAGE    79

..........................................................


THE INTERNATIONAL FALLS MN CLIMATE NORMALS FOR TODAY
                         NORMAL    RECORD    YEAR
 MAXIMUM TEMPERATURE (F)   65        85      1922
                                             1911
 MINIMUM TEMPERATURE (F)   42        23      2011


SUNRISE AND SUNSET
SEPTEMBER 16 2016.....SUNRISE   653 AM CDT   SUNSET   723 PM CDT
SEPTEMBER 17 2016.....SUNRISE   654 AM CDT   SUNSET   721 PM CDT


-  INDICATES NEGATIVE NUMBERS.
R  INDICATES RECORD WAS SET OR TIED.
MM INDICATES DATA IS MISSING.
T  INDICATES TRACE AMOUNT.




$$
