000
CDUS43 KDLH 270640
CLIINL


CLIMATE REPORT
NATIONAL WEATHER SERVICE DULUTH MN
137 AM CDT SAT JUN 27 2015


...................................

...THE INTERNATIONAL FALLS MN CLIMATE SUMMARY FOR JUNE 26 2015...

CLIMATE NORMAL PERIOD 1981 TO 2010
CLIMATE RECORD PERIOD 1895 TO 2015


WEATHER ITEM   OBSERVED TIME   RECORD YEAR NORMAL DEPARTURE LAST
                VALUE   (LST)  VALUE       VALUE  FROM      YEAR
                                                  NORMAL
..................................................................
TEMPERATURE (F)
 YESTERDAY
  MAXIMUM         82    556 PM  94    1921  76      6       72
  MINIMUM         45    457 AM  39    1948  51     -6       50
  AVERAGE         64                        63      1       61

PRECIPITATION (IN)
  YESTERDAY        T             2.79 1941   0.15  -0.15     0.00
  MONTH TO DATE    2.37                      3.37  -1.00     9.93
  SINCE JUN 1      2.37                      3.37  -1.00     9.93
  SINCE JAN 1     10.54                      9.90   0.64    18.75

SNOWFALL (IN)
  YESTERDAY        0.0           0.0  2002   0.0    0.0      0.0
                                      2001
  MONTH TO DATE    0.0                       0.0    0.0      0.0
  SINCE JUN 1      0.0                       0.0    0.0      0.0
  SINCE JUL 1     64.5                      71.0   -6.5    101.2
  SNOW DEPTH       0

DEGREE DAYS
 HEATING
  YESTERDAY        1                         4     -3        4
  MONTH TO DATE  143                       152     -9      129
  SINCE JUN 1    143                       152     -9      129
  SINCE JUL 1  10277                     10209     68    11511

 COOLING
  YESTERDAY        0                         2     -2        0
  MONTH TO DATE    2                        34    -32        9
  SINCE JUN 1      2                        34    -32        9
  SINCE JAN 1      2                        43    -41       32
..................................................................


WIND (MPH)
  HIGHEST WIND SPEED     9   HIGHEST WIND DIRECTION    NE (60)
  HIGHEST GUST SPEED    11   HIGHEST GUST DIRECTION    NE (60)
  AVERAGE WIND SPEED     1.3


SKY COVER
  AVERAGE SKY COVER 0.1


WEATHER CONDITIONS
 THE FOLLOWING WEATHER WAS RECORDED YESTERDAY.
  FOG


RELATIVE HUMIDITY (PERCENT)
 HIGHEST   100           200 AM
 LOWEST     26           300 PM
 AVERAGE    63

..........................................................


THE INTERNATIONAL FALLS MN CLIMATE NORMALS FOR TODAY
                         NORMAL    RECORD    YEAR
 MAXIMUM TEMPERATURE (F)   76       101      1912
 MINIMUM TEMPERATURE (F)   51        37      1925


SUNRISE AND SUNSET
JUNE 27 2015..........SUNRISE   513 AM CDT   SUNSET   920 PM CDT
JUNE 28 2015..........SUNRISE   514 AM CDT   SUNSET   920 PM CDT


-  INDICATES NEGATIVE NUMBERS.
R  INDICATES RECORD WAS SET OR TIED.
MM INDICATES DATA IS MISSING.
T  INDICATES TRACE AMOUNT.




$$
