000
CDUS43 KDLH 112247
CLIINL


CLIMATE REPORT
NATIONAL WEATHER SERVICE DULUTH MN
446 PM CST SAT NOV 11 2017


...................................

...THE INTERNATIONAL FALLS MN CLIMATE SUMMARY FOR NOVEMBER 11 2017...
VALID TODAY AS OF 0400 PM LOCAL TIME.

CLIMATE NORMAL PERIOD 1981 TO 2010
CLIMATE RECORD PERIOD 1895 TO 2017


WEATHER ITEM   OBSERVED TIME   RECORD YEAR NORMAL DEPARTURE LAST
                VALUE   (LST)  VALUE       VALUE  FROM      YEAR
                                                  NORMAL
..................................................................
TEMPERATURE (F)
 TODAY
  MAXIMUM         29    359 PM  60    2005  36     -7       44
                                      1961
  MINIMUM         18    224 AM -12    1966  20     -2       23
  AVERAGE         24                        28     -4       34

PRECIPITATION (IN)
  TODAY            0.01                      0.05  -0.04     0.00
  MONTH TO DATE    1.02                      0.58   0.44     0.17
  SINCE SEP 1      5.60                      5.65  -0.05     4.98
  SINCE JAN 1     22.34                     22.61  -0.27    25.54

SNOWFALL (IN)
  TODAY            0.2                       0.4   -0.2      0.0
  MONTH TO DATE   11.8                       3.6    8.2      0.0
  SINCE JUL 1     13.9                       5.9    8.0       T
  SNOW DEPTH       6

DEGREE DAYS
 HEATING
  TODAY           41                        37      4       31
  MONTH TO DATE  506                       371    135      221
  SINCE SEP 1   1424                      1467    -43     1085
  SINCE JUL 1   1635                      1648    -13     1202

 COOLING
  TODAY            0                         0      0        0
  MONTH TO DATE    0                         0      0        0
  SINCE SEP 1      7                        11     -4        7
  SINCE JAN 1     86                       192   -106      155
..................................................................


WIND (MPH)
  HIGHEST WIND SPEED    13   HIGHEST WIND DIRECTION    SW (220)
  HIGHEST GUST SPEED    20   HIGHEST GUST DIRECTION     S (160)


SKY COVER
  AVERAGE SKY COVER 1.0


WEATHER CONDITIONS
 THE FOLLOWING WEATHER WAS RECORDED TODAY.
  LIGHT SNOW
  FOG
  HAZE


RELATIVE HUMIDITY (PERCENT)
 HIGHEST    84           800 AM
 LOWEST     67          1200 AM
 AVERAGE    76

..........................................................


THE INTERNATIONAL FALLS MN CLIMATE NORMALS FOR TOMORROW
                         NORMAL    RECORD    YEAR
 MAXIMUM TEMPERATURE (F)   36        61      2016
 MINIMUM TEMPERATURE (F)   20       -15      1966


SUNRISE AND SUNSET
NOVEMBER 11 2017......SUNRISE   716 AM CST   SUNSET   439 PM CST
NOVEMBER 12 2017......SUNRISE   717 AM CST   SUNSET   437 PM CST


-  INDICATES NEGATIVE NUMBERS.
R  INDICATES RECORD WAS SET OR TIED.
MM INDICATES DATA IS MISSING.
T  INDICATES TRACE AMOUNT.




$$
