601
CDUS43 KDLH 130625
CLIINL


CLIMATE REPORT
NATIONAL WEATHER SERVICE DULUTH MN
119 AM CDT SUN AUG 13 2017


...................................

...THE INTERNATIONAL FALLS MN CLIMATE SUMMARY FOR AUGUST 12 2017...

CLIMATE NORMAL PERIOD 1981 TO 2010
CLIMATE RECORD PERIOD 1895 TO 2017


WEATHER ITEM   OBSERVED TIME   RECORD YEAR NORMAL DEPARTURE LAST
                VALUE   (LST)  VALUE       VALUE  FROM      YEAR
                                                  NORMAL
..................................................................
TEMPERATURE (F)
 YESTERDAY
  MAXIMUM         81    333 PM  93    1991  77      4       75
  MINIMUM         42    525 AM  36    1906  52    -10       60
  AVERAGE         62                        64     -2       68

PRECIPITATION (IN)
  YESTERDAY        0.00          1.80 1919   0.10  -0.10     0.22
  MONTH TO DATE    1.64                      1.11   0.53     2.17
  SINCE JUN 1      7.68                      8.73  -1.05    11.52
  SINCE JAN 1     14.30                     15.26  -0.96    19.32

SNOWFALL (IN)
  YESTERDAY        0.0           0.0  2002   0.0    0.0      0.0
                                      2001
  MONTH TO DATE    0.0                       0.0    0.0      0.0
  SINCE JUN 1      0.0                       0.0    0.0      0.0
  SINCE JUL 1      0.0                       0.0    0.0      0.0
  SNOW DEPTH       0

DEGREE DAYS
 HEATING
  YESTERDAY        3                         3      0        0
  MONTH TO DATE   45                        30     15       11
  SINCE JUN 1    236                       264    -28      221
  SINCE JUL 1    112                       100     12       54

 COOLING
  YESTERDAY        0                         2     -2        3
  MONTH TO DATE    9                        24    -15       25
  SINCE JUN 1     75                       138    -63      125
  SINCE JAN 1     75                       147    -72      127
..................................................................


WIND (MPH)
  HIGHEST WIND SPEED    12   HIGHEST WIND DIRECTION    NE (40)
  HIGHEST GUST SPEED    15   HIGHEST GUST DIRECTION    NE (50)
  AVERAGE WIND SPEED     1.9


SKY COVER
  AVERAGE SKY COVER 0.1


WEATHER CONDITIONS
 THE FOLLOWING WEATHER WAS RECORDED YESTERDAY.
  FOG


RELATIVE HUMIDITY (PERCENT)
 HIGHEST   100          1100 PM
 LOWEST     33           300 PM
 AVERAGE    67

..........................................................


THE INTERNATIONAL FALLS MN CLIMATE NORMALS FOR TODAY
                         NORMAL    RECORD    YEAR
 MAXIMUM TEMPERATURE (F)   77        94      1970
 MINIMUM TEMPERATURE (F)   52        33      1997


SUNRISE AND SUNSET
AUGUST 13 2017........SUNRISE   605 AM CDT   SUNSET   831 PM CDT
AUGUST 14 2017........SUNRISE   606 AM CDT   SUNSET   829 PM CDT


-  INDICATES NEGATIVE NUMBERS.
R  INDICATES RECORD WAS SET OR TIED.
MM INDICATES DATA IS MISSING.
T  INDICATES TRACE AMOUNT.




$$
