000
CDUS43 KDLH 031315
CLIINL


CLIMATE REPORT
NATIONAL WEATHER SERVICE DULUTH MN
711 AM CST SUN DEC 3 2017


...................................

...THE INTERNATIONAL FALLS MN CLIMATE SUMMARY FOR DECEMBER 2 2017...

CLIMATE NORMAL PERIOD 1981 TO 2010
CLIMATE RECORD PERIOD 1895 TO 2017


WEATHER ITEM   OBSERVED TIME   RECORD YEAR NORMAL DEPARTURE LAST
                VALUE   (LST)  VALUE       VALUE  FROM      YEAR
                                                  NORMAL
..................................................................
TEMPERATURE (F)
 YESTERDAY
  MAXIMUM         40    336 PM  50    1962  24     16       26
  MINIMUM         17    757 AM -31    1976   7     10       23
  AVERAGE         29                        16     13       25

PRECIPITATION (IN)
  YESTERDAY        0.00          0.50 1909   0.03  -0.03     0.00
  MONTH TO DATE    0.00                      0.06  -0.06     0.01
  SINCE DEC 1      0.00                      0.06  -0.06     0.01
  SINCE JAN 1     22.39                     23.47  -1.08    27.18

SNOWFALL (IN)
  YESTERDAY        0.0           5.2  2006   0.5   -0.5      0.0
  MONTH TO DATE    0.0                       1.0   -1.0      0.1
  SINCE DEC 1      0.0                       1.0   -1.0      0.1
  SINCE JUL 1     14.0                      17.0   -3.0      8.5
  SNOW DEPTH       T

DEGREE DAYS
 HEATING
  YESTERDAY       36                        49    -13       40
  MONTH TO DATE   68                        98    -30       77
  SINCE DEC 1     68                        98    -30       77
  SINCE JUL 1   2462                      2559    -97     1883

 COOLING
  YESTERDAY        0                         0      0        0
  MONTH TO DATE    0                         0      0        0
  SINCE DEC 1      0                         0      0        0
  SINCE JAN 1     86                       192   -106      155
..................................................................


WIND (MPH)
  HIGHEST WIND SPEED     7   HIGHEST WIND DIRECTION    SW (220)
  HIGHEST GUST SPEED    10   HIGHEST GUST DIRECTION     S (200)
  AVERAGE WIND SPEED     1.3


SKY COVER
  AVERAGE SKY COVER 0.2


WEATHER CONDITIONS
 THE FOLLOWING WEATHER WAS RECORDED YESTERDAY.
  NO SIGNIFICANT WEATHER WAS OBSERVED.


RELATIVE HUMIDITY (PERCENT)
 HIGHEST    92           100 AM
 LOWEST     54           100 PM
 AVERAGE    73

..........................................................


THE INTERNATIONAL FALLS MN CLIMATE NORMALS FOR TODAY
                         NORMAL    RECORD    YEAR
 MAXIMUM TEMPERATURE (F)   24        56      1962
 MINIMUM TEMPERATURE (F)    7       -27      1985


SUNRISE AND SUNSET
DECEMBER  3 2017......SUNRISE   747 AM CST   SUNSET   419 PM CST
DECEMBER  4 2017......SUNRISE   748 AM CST   SUNSET   419 PM CST


-  INDICATES NEGATIVE NUMBERS.
R  INDICATES RECORD WAS SET OR TIED.
MM INDICATES DATA IS MISSING.
T  INDICATES TRACE AMOUNT.




$$
