000
CDUS43 KDLH 200638
CLIINL


CLIMATE REPORT
NATIONAL WEATHER SERVICE DULUTH MN
138 AM CDT FRI MAY 20 2016


...................................

...THE INTERNATIONAL FALLS MN CLIMATE SUMMARY FOR MAY 19 2016...

CLIMATE NORMAL PERIOD 1981 TO 2010
CLIMATE RECORD PERIOD 1895 TO 2016


WEATHER ITEM   OBSERVED TIME   RECORD YEAR NORMAL DEPARTURE LAST
                VALUE   (LST)  VALUE       VALUE  FROM      YEAR
                                                  NORMAL
..................................................................
TEMPERATURE (F)
 YESTERDAY
  MAXIMUM         75    334 PM  89    1972  66      9       57
  MINIMUM         34    352 AM  20    1926  40     -6       28
                                      1924
  AVERAGE         55                        53      2       43

PRECIPITATION (IN)
  YESTERDAY        0.00          2.19 2013   0.09  -0.09     0.00
  MONTH TO DATE    0.38                      1.63  -1.25     4.08
  SINCE MAR 1      5.20                      4.11   1.09     5.44
  SINCE JAN 1      6.57                      5.30   1.27     7.46

SNOWFALL (IN)
  YESTERDAY        0.0           0.1  1949   0.0    0.0      0.0
  MONTH TO DATE    T                         0.2   -0.2       T
  SINCE MAR 1     14.2                      14.2    0.0      7.8
  SINCE JUL 1     47.7                      71.0  -23.3     64.5
  SNOW DEPTH       0

DEGREE DAYS
 HEATING
  YESTERDAY       10                        12     -2       22
  MONTH TO DATE  306                       292     14      325
  SINCE MAR 1   2235                      2347   -112     2253
  SINCE JUL 1   8767                      9930  -1163    10007

 COOLING
  YESTERDAY        0                         0      0        0
  MONTH TO DATE    0                         0      0        0
  SINCE MAR 1      0                         1     -1        0
  SINCE JAN 1      0                         1     -1        0
..................................................................


WIND (MPH)
  HIGHEST WIND SPEED    16   HIGHEST WIND DIRECTION    SE (140)
  HIGHEST GUST SPEED    24   HIGHEST GUST DIRECTION    SE (150)
  AVERAGE WIND SPEED     4.9


SKY COVER
  AVERAGE SKY COVER 0.0


WEATHER CONDITIONS
 THE FOLLOWING WEATHER WAS RECORDED YESTERDAY.
  NO SIGNIFICANT WEATHER WAS OBSERVED.


RELATIVE HUMIDITY (PERCENT)
 HIGHEST    82           100 AM
 LOWEST     20           100 PM
 AVERAGE    51

..........................................................


THE INTERNATIONAL FALLS MN CLIMATE NORMALS FOR TODAY
                         NORMAL    RECORD    YEAR
 MAXIMUM TEMPERATURE (F)   66        89      1994
                                             1975
 MINIMUM TEMPERATURE (F)   40        22      1967


SUNRISE AND SUNSET
MAY 20 2016...........SUNRISE   526 AM CDT   SUNSET   855 PM CDT
MAY 21 2016...........SUNRISE   525 AM CDT   SUNSET   856 PM CDT


-  INDICATES NEGATIVE NUMBERS.
R  INDICATES RECORD WAS SET OR TIED.
MM INDICATES DATA IS MISSING.
T  INDICATES TRACE AMOUNT.




$$
