000
CDUS43 KDLH 160624
CLIINL


CLIMATE REPORT
NATIONAL WEATHER SERVICE DULUTH MN
1223 AM CST TUE DEC 16 2014


...................................

...THE INTERNATIONAL FALLS MN CLIMATE SUMMARY FOR DECEMBER 15 2014...

CLIMATE NORMAL PERIOD 1981 TO 2010
CLIMATE RECORD PERIOD 1895 TO 2014


WEATHER ITEM   OBSERVED TIME   RECORD YEAR NORMAL DEPARTURE LAST
                VALUE   (LST)  VALUE       VALUE  FROM      YEAR
                                                  NORMAL
..................................................................
TEMPERATURE (F)
 YESTERDAY
  MAXIMUM         37   1256 AM  44    1997  19     18       -5
  MINIMUM         18   1159 PM -32    2013   0     18      -32
  AVERAGE         28                        10     18      -18

PRECIPITATION (IN)
  YESTERDAY        0.02          0.76 2012   0.03  -0.01      T
  MONTH TO DATE    0.39                      0.41  -0.02     1.06
  SINCE DEC 1      0.39                      0.41  -0.02     1.06
  SINCE JAN 1     29.76                     23.82   5.94    31.46

SNOWFALL (IN)
  YESTERDAY        T             5.1  2012   0.5   -0.5       T
  MONTH TO DATE    2.5                       7.2   -4.7     18.9
  SINCE DEC 1      2.5                       7.2   -4.7     18.9
  SINCE JUL 1     11.8                      23.2  -11.4     29.8
  SNOW DEPTH       2

DEGREE DAYS
 HEATING
  YESTERDAY       37                        55    -18       83
  MONTH TO DATE  684                       783    -99     1023
  SINCE DEC 1    684                       783    -99     1023
  SINCE JUL 1   3295                      3244     51     3381

 COOLING
  YESTERDAY        0                         0      0        0
  MONTH TO DATE    0                         0      0        0
  SINCE DEC 1      0                         0      0        0
  SINCE JAN 1    121                       192    -71      224
..................................................................


WIND (MPH)
  HIGHEST WIND SPEED    21   HIGHEST WIND DIRECTION     N (350)
  HIGHEST GUST SPEED    26   HIGHEST GUST DIRECTION     N (350)
  AVERAGE WIND SPEED    12.2


SKY COVER
  AVERAGE SKY COVER 0.8


WEATHER CONDITIONS
 THE FOLLOWING WEATHER WAS RECORDED YESTERDAY.
  LIGHT RAIN
  LT FREEZING RAIN
  LIGHT SNOW
  FOG
  FOG W/VISIBILITY <= 1/4 MILE


RELATIVE HUMIDITY (PERCENT)
 HIGHEST   100           600 AM
 LOWEST     80          1100 PM
 AVERAGE    90

..........................................................


THE INTERNATIONAL FALLS MN CLIMATE NORMALS FOR TODAY
                         NORMAL    RECORD    YEAR
 MAXIMUM TEMPERATURE (F)   19        43      1913
 MINIMUM TEMPERATURE (F)    0       -30      1963


SUNRISE AND SUNSET
DECEMBER 16 2014......SUNRISE   800 AM CST   SUNSET   419 PM CST
DECEMBER 17 2014......SUNRISE   801 AM CST   SUNSET   419 PM CST


-  INDICATES NEGATIVE NUMBERS.
R  INDICATES RECORD WAS SET OR TIED.
MM INDICATES DATA IS MISSING.
T  INDICATES TRACE AMOUNT.




$$
