000
CDUS43 KDLH 140636
CLIINL


CLIMATE REPORT
NATIONAL WEATHER SERVICE DULUTH MN
1234 AM CST WED FEB 14 2018


...................................

...THE INTERNATIONAL FALLS MN CLIMATE SUMMARY FOR FEBRUARY 13 2018...

CLIMATE NORMAL PERIOD 1981 TO 2010
CLIMATE RECORD PERIOD 1895 TO 2018


WEATHER ITEM   OBSERVED TIME   RECORD YEAR NORMAL DEPARTURE LAST
                VALUE   (LST)  VALUE       VALUE  FROM      YEAR
                                                  NORMAL
..................................................................
TEMPERATURE (F)
 YESTERDAY
  MAXIMUM         26    510 PM  46    2011  21      5       42
  MINIMUM         -9   1201 AM -39    1909  -2     -7       13
  AVERAGE          9                        10     -1       28

PRECIPITATION (IN)
  YESTERDAY        0.01          0.60 1923   0.02  -0.01      T
  MONTH TO DATE    0.11                      0.23  -0.12     0.77
  SINCE DEC 1      1.98                      1.66   0.32     4.23
  SINCE JAN 1      0.82                      0.85  -0.03     2.04

SNOWFALL (IN)
  YESTERDAY        0.3           4.9  1962   0.4   -0.1       T
  MONTH TO DATE    1.2                       5.0   -3.8     11.4
  SINCE DEC 1     26.9                      35.0   -8.1     53.8
  SINCE JUL 1     40.9                      51.0  -10.1     62.2
  SNOW DEPTH      10

DEGREE DAYS
 HEATING
  YESTERDAY       56                        55      1       37
  MONTH TO DATE  930                       746    184      735
  SINCE DEC 1   4597                      4338    259     4073
  SINCE JUL 1   6991                      6799    192     5879

 COOLING
  YESTERDAY        0                         0      0        0
  MONTH TO DATE    0                         0      0        0
  SINCE DEC 1      0                         0      0        0
  SINCE JAN 1      0                         0      0        0
..................................................................


WIND (MPH)
  HIGHEST WIND SPEED    24   HIGHEST WIND DIRECTION    SW (220)
  HIGHEST GUST SPEED    33   HIGHEST GUST DIRECTION    SW (230)
  AVERAGE WIND SPEED    11.7


SKY COVER
  AVERAGE SKY COVER 0.5


WEATHER CONDITIONS
 THE FOLLOWING WEATHER WAS RECORDED YESTERDAY.
  LIGHT SNOW
  HAZE


RELATIVE HUMIDITY (PERCENT)
 HIGHEST    73           900 AM
 LOWEST     50           300 PM
 AVERAGE    62

..........................................................


THE INTERNATIONAL FALLS MN CLIMATE NORMALS FOR TODAY
                         NORMAL    RECORD    YEAR
 MAXIMUM TEMPERATURE (F)   22        43      1999
 MINIMUM TEMPERATURE (F)   -2       -44      1909


SUNRISE AND SUNSET
FEBRUARY 14 2018......SUNRISE   723 AM CST   SUNSET   533 PM CST
FEBRUARY 15 2018......SUNRISE   721 AM CST   SUNSET   535 PM CST


-  INDICATES NEGATIVE NUMBERS.
R  INDICATES RECORD WAS SET OR TIED.
MM INDICATES DATA IS MISSING.
T  INDICATES TRACE AMOUNT.




$$
