814
CDUS43 KDLH 042255
CLIINL


CLIMATE REPORT
NATIONAL WEATHER SERVICE DULUTH MN
453 PM CST SUN DEC 4 2016


...................................

...THE INTERNATIONAL FALLS MN CLIMATE SUMMARY FOR DECEMBER 4 2016...
VALID TODAY AS OF 0400 PM LOCAL TIME.

CLIMATE NORMAL PERIOD 1981 TO 2010
CLIMATE RECORD PERIOD 1895 TO 2016


WEATHER ITEM   OBSERVED TIME   RECORD YEAR NORMAL DEPARTURE LAST
                VALUE   (LST)  VALUE       VALUE  FROM      YEAR
                                                  NORMAL
..................................................................
TEMPERATURE (F)
 TODAY
  MAXIMUM         32    332 PM  45    2015  23      9       45
                                      1913
  MINIMUM         22   1212 AM -28    1908   6     16       18
  AVERAGE         27                        15     12       32

PRECIPITATION (IN)
  TODAY            0.10                      0.03   0.07     0.00
  MONTH TO DATE    0.11                      0.12  -0.01     0.19
  SINCE DEC 1      0.11                      0.12  -0.01     0.19
  SINCE JAN 1     27.28                     23.53   3.75    24.04

SNOWFALL (IN)
  TODAY            0.7                       0.5    0.2      0.0
  MONTH TO DATE    0.8                       2.0   -1.2      0.2
  SINCE JUL 1      9.2                      18.0   -8.8      4.0
  SNOW DEPTH       1

DEGREE DAYS
 HEATING
  TODAY           38                        50    -12       33
  MONTH TO DATE  156                       198    -42      139
  SINCE DEC 1    156                       198    -42      139
  SINCE JUL 1   1962                      2659   -697     2145

 COOLING
  TODAY            0                         0      0        0
  MONTH TO DATE    0                         0      0        0
  SINCE DEC 1      0                         0      0        0
  SINCE JAN 1    155                       192    -37      211
..................................................................


WIND (MPH)
  HIGHEST WIND SPEED    12   HIGHEST WIND DIRECTION    SE (140)
  HIGHEST GUST SPEED    16   HIGHEST GUST DIRECTION    SE (140)


SKY COVER
  AVERAGE SKY COVER 1.0


WEATHER CONDITIONS
 THE FOLLOWING WEATHER WAS RECORDED TODAY.
  SNOW
  LIGHT SNOW
  FOG
  FOG W/VISIBILITY <= 1/4 MILE
  HAZE


RELATIVE HUMIDITY (PERCENT)
 HIGHEST    92          1000 AM
 LOWEST     81           100 AM
 AVERAGE    87

..........................................................


THE INTERNATIONAL FALLS MN CLIMATE NORMALS FOR TOMORROW
                         NORMAL    RECORD    YEAR
 MAXIMUM TEMPERATURE (F)   23        48      1913
 MINIMUM TEMPERATURE (F)    5       -38      1908


SUNRISE AND SUNSET
DECEMBER  4 2016......SUNRISE   749 AM CST   SUNSET   419 PM CST
DECEMBER  5 2016......SUNRISE   750 AM CST   SUNSET   419 PM CST


-  INDICATES NEGATIVE NUMBERS.
R  INDICATES RECORD WAS SET OR TIED.
MM INDICATES DATA IS MISSING.
T  INDICATES TRACE AMOUNT.




$$
