000
CDUS43 KDLH 150625
CLIINL


CLIMATE REPORT
NATIONAL WEATHER SERVICE DULUTH MN
125 AM CDT MON AUG 15 2016


...................................

...THE INTERNATIONAL FALLS MN CLIMATE SUMMARY FOR AUGUST 14 2016...

CLIMATE NORMAL PERIOD 1981 TO 2010
CLIMATE RECORD PERIOD 1895 TO 2016


WEATHER ITEM   OBSERVED TIME   RECORD YEAR NORMAL DEPARTURE LAST
                VALUE   (LST)  VALUE       VALUE  FROM      YEAR
                                                  NORMAL
..................................................................
TEMPERATURE (F)
 YESTERDAY
  MAXIMUM         77    605 PM  92    1961  77      0       88
                                      1922
  MINIMUM         49    525 AM  35    2013  51     -2       54
                                      1997
                                      1964
  AVERAGE         63                        64     -1       71

PRECIPITATION (IN)
  YESTERDAY        0.00          0.75 1911   0.10  -0.10     0.00
  MONTH TO DATE    2.17                      1.30   0.87     1.91
  SINCE JUN 1     11.52                      8.92   2.60     6.58
  SINCE JAN 1     19.32                     15.45   3.87    14.75

SNOWFALL (IN)
  YESTERDAY        0.0           0.0  2002   0.0    0.0      0.0
                                      2001
  MONTH TO DATE    0.0                       0.0    0.0      0.0
  SINCE JUN 1      0.0                       0.0    0.0      0.0
  SINCE JUL 1      0.0                       0.0    0.0      0.0
  SNOW DEPTH       0

DEGREE DAYS
 HEATING
  YESTERDAY        2                         3     -1        0
  MONTH TO DATE   15                        36    -21       37
  SINCE JUN 1    225                       270    -45      233
  SINCE JUL 1     58                       106    -48       84

 COOLING
  YESTERDAY        0                         2     -2        6
  MONTH TO DATE   25                        28     -3       29
  SINCE JUN 1    125                       142    -17      124
  SINCE JAN 1    127                       151    -24      124
..................................................................


WIND (MPH)
  HIGHEST WIND SPEED    12   HIGHEST WIND DIRECTION    NW (300)
  HIGHEST GUST SPEED    16   HIGHEST GUST DIRECTION     W (280)
  AVERAGE WIND SPEED     3.0


SKY COVER
  AVERAGE SKY COVER 0.1


WEATHER CONDITIONS
 THE FOLLOWING WEATHER WAS RECORDED YESTERDAY.
  FOG
  FOG W/VISIBILITY <= 1/4 MILE


RELATIVE HUMIDITY (PERCENT)
 HIGHEST   100           500 AM
 LOWEST     46           400 PM
 AVERAGE    73

..........................................................


THE INTERNATIONAL FALLS MN CLIMATE NORMALS FOR TODAY
                         NORMAL    RECORD    YEAR
 MAXIMUM TEMPERATURE (F)   77        89      2015
                                             1988
                                             1967
 MINIMUM TEMPERATURE (F)   51        33      1979


SUNRISE AND SUNSET
AUGUST 15 2016........SUNRISE   608 AM CDT   SUNSET   827 PM CDT
AUGUST 16 2016........SUNRISE   609 AM CDT   SUNSET   825 PM CDT


-  INDICATES NEGATIVE NUMBERS.
R  INDICATES RECORD WAS SET OR TIED.
MM INDICATES DATA IS MISSING.
T  INDICATES TRACE AMOUNT.




$$
