000
CDUS43 KDLH 210632
CLIINL


CLIMATE REPORT
NATIONAL WEATHER SERVICE DULUTH MN
131 AM CDT SAT MAR 21 2015


...................................

...THE INTERNATIONAL FALLS MN CLIMATE SUMMARY FOR MARCH 20 2015...

CLIMATE NORMAL PERIOD 1981 TO 2010
CLIMATE RECORD PERIOD 1895 TO 2015


WEATHER ITEM   OBSERVED TIME   RECORD YEAR NORMAL DEPARTURE LAST
                VALUE   (LST)  VALUE       VALUE  FROM      YEAR
                                                  NORMAL
..................................................................
TEMPERATURE (F)
 YESTERDAY
  MAXIMUM         40    206 PM  61    2012  37      3       40
                                      1987
  MINIMUM         14   1159 PM -28    1965  15     -1       15
  AVERAGE         27                        26      1       28

PRECIPITATION (IN)
  YESTERDAY        0.00          0.92 1897   0.04  -0.04     0.00
  MONTH TO DATE    0.11                      0.54  -0.43     0.32
  SINCE MAR 1      0.11                      0.54  -0.43     0.32
  SINCE JAN 1      2.13                      1.73   0.40     2.07

SNOWFALL (IN)
  YESTERDAY        0.0           3.4  1978   0.2   -0.2      0.0
  MONTH TO DATE    2.2                       5.1   -2.9      4.6
  SINCE MAR 1      2.2                       5.1   -2.9      4.6
  SINCE JUL 1     58.9                      61.9   -3.0     81.0
  SNOW DEPTH       T

DEGREE DAYS
 HEATING
  YESTERDAY       38                        39     -1       37
  MONTH TO DATE  780                       881   -101     1030
  SINCE MAR 1    780                       881   -101     1030
  SINCE JUL 1   8534                      8464     70     9461

 COOLING
  YESTERDAY        0                         0      0        0
  MONTH TO DATE    0                         0      0        0
  SINCE MAR 1      0                         0      0        0
  SINCE JAN 1      0                         0      0        0
..................................................................


WIND (MPH)
  HIGHEST WIND SPEED    24   HIGHEST WIND DIRECTION    NW (320)
  HIGHEST GUST SPEED    30   HIGHEST GUST DIRECTION    NW (310)
  AVERAGE WIND SPEED    11.2


SKY COVER
  AVERAGE SKY COVER 0.4


WEATHER CONDITIONS
 THE FOLLOWING WEATHER WAS RECORDED YESTERDAY.
  NO SIGNIFICANT WEATHER WAS OBSERVED.


RELATIVE HUMIDITY (PERCENT)
 HIGHEST    92          1200 AM
 LOWEST     32           400 PM
 AVERAGE    62

..........................................................


THE INTERNATIONAL FALLS MN CLIMATE NORMALS FOR TODAY
                         NORMAL    RECORD    YEAR
 MAXIMUM TEMPERATURE (F)   37        69      2012
 MINIMUM TEMPERATURE (F)   15       -22      1965


SUNRISE AND SUNSET
MARCH 21 2015.........SUNRISE   715 AM CDT   SUNSET   728 PM CDT
MARCH 22 2015.........SUNRISE   713 AM CDT   SUNSET   729 PM CDT


-  INDICATES NEGATIVE NUMBERS.
R  INDICATES RECORD WAS SET OR TIED.
MM INDICATES DATA IS MISSING.
T  INDICATES TRACE AMOUNT.




$$
