000
CDUS43 KDLH 230619
CLIINL


CLIMATE REPORT
NATIONAL WEATHER SERVICE DULUTH MN
118 AM CDT SAT MAY 23 2015


...................................

...THE INTERNATIONAL FALLS MN CLIMATE SUMMARY FOR MAY 22 2015...

CLIMATE NORMAL PERIOD 1981 TO 2010
CLIMATE RECORD PERIOD 1895 TO 2015


WEATHER ITEM   OBSERVED TIME   RECORD YEAR NORMAL DEPARTURE LAST
                VALUE   (LST)  VALUE       VALUE  FROM      YEAR
                                                  NORMAL
..................................................................
TEMPERATURE (F)
 YESTERDAY
  MAXIMUM         75    512 PM  91    1980  67      8       65
  MINIMUM         30    454 AM  25    1926  41    -11       39
  AVERAGE         53                        54     -1       52

PRECIPITATION (IN)
  YESTERDAY        0.00          1.48 1898   0.10  -0.10     0.00
  MONTH TO DATE    4.08                      1.92   2.16     2.33
  SINCE MAR 1      5.44                      4.40   1.04     5.32
  SINCE JAN 1      7.46                      5.59   1.87     7.07

SNOWFALL (IN)
  YESTERDAY        0.0           0.5  2001   0.0    0.0      0.0
  MONTH TO DATE    T                         0.2   -0.2       T
  SINCE MAR 1      7.8                      14.2   -6.4     24.8
  SINCE JUL 1     64.5                      71.0   -6.5    101.2
  SNOW DEPTH       0

DEGREE DAYS
 HEATING
  YESTERDAY       12                        12      0       13
  MONTH TO DATE  368                       328     40      429
  SINCE MAR 1   2296                      2383    -87     2942
  SINCE JUL 1  10050                      9966     84    11373

 COOLING
  YESTERDAY        0                         0      0        0
  MONTH TO DATE    0                         0      0        0
  SINCE MAR 1      0                         1     -1        0
  SINCE JAN 1      0                         1     -1        0
..................................................................


WIND (MPH)
  HIGHEST WIND SPEED    17   HIGHEST WIND DIRECTION     W (280)
  HIGHEST GUST SPEED    21   HIGHEST GUST DIRECTION     W (270)
  AVERAGE WIND SPEED     4.1


SKY COVER
  AVERAGE SKY COVER 0.0


WEATHER CONDITIONS
 THE FOLLOWING WEATHER WAS RECORDED YESTERDAY.
  NO SIGNIFICANT WEATHER WAS OBSERVED.


RELATIVE HUMIDITY (PERCENT)
 HIGHEST    92          1200 AM
 LOWEST     19           400 PM
 AVERAGE    56

..........................................................


THE INTERNATIONAL FALLS MN CLIMATE NORMALS FOR TODAY
                         NORMAL    RECORD    YEAR
 MAXIMUM TEMPERATURE (F)   67        91      1950
 MINIMUM TEMPERATURE (F)   41        24      1917


SUNRISE AND SUNSET
MAY 23 2015...........SUNRISE   524 AM CDT   SUNSET   858 PM CDT
MAY 24 2015...........SUNRISE   523 AM CDT   SUNSET   859 PM CDT


-  INDICATES NEGATIVE NUMBERS.
R  INDICATES RECORD WAS SET OR TIED.
MM INDICATES DATA IS MISSING.
T  INDICATES TRACE AMOUNT.




$$
