000
CDUS43 KDLH 170620
CLIINL


CLIMATE REPORT
NATIONAL WEATHER SERVICE DULUTH MN
119 AM CDT SAT JUN 17 2017


...................................

...THE INTERNATIONAL FALLS MN CLIMATE SUMMARY FOR JUNE 16 2017...

CLIMATE NORMAL PERIOD 1981 TO 2010
CLIMATE RECORD PERIOD 1895 TO 2017


WEATHER ITEM   OBSERVED TIME   RECORD YEAR NORMAL DEPARTURE LAST
                VALUE   (LST)  VALUE       VALUE  FROM      YEAR
                                                  NORMAL
..................................................................
TEMPERATURE (F)
 YESTERDAY
  MAXIMUM         73    437 PM  94    1923  74     -1       78
  MINIMUM         54   1159 PM  27    1912  49      5       54
  AVERAGE         64                        61      3       66

PRECIPITATION (IN)
  YESTERDAY        T             0.80 1962   0.13  -0.13     0.00
  MONTH TO DATE    2.59                      1.92   0.67     2.70
  SINCE JUN 1      2.59                      1.92   0.67     2.70
  SINCE JAN 1      9.21                      8.45   0.76    10.50

SNOWFALL (IN)
  YESTERDAY        0.0           0.0  2002   0.0    0.0      0.0
                                      2001
  MONTH TO DATE    0.0                       0.0    0.0      0.0
  SINCE JUN 1      0.0                       0.0    0.0      0.0
  SINCE JUL 1     70.4                      71.0   -0.6     47.7
  SNOW DEPTH       0

DEGREE DAYS
 HEATING
  YESTERDAY        1                         5     -4        0
  MONTH TO DATE   32                       109    -77      112
  SINCE JUN 1     32                       109    -77      112
  SINCE JUL 1   8996                     10166  -1170     8940

 COOLING
  YESTERDAY        0                         1     -1        1
  MONTH TO DATE   12                        16     -4        5
  SINCE JUN 1     12                        16     -4        5
  SINCE JAN 1     12                        25    -13        7
..................................................................


WIND (MPH)
  HIGHEST WIND SPEED    21   HIGHEST WIND DIRECTION     W (280)
  HIGHEST GUST SPEED    29   HIGHEST GUST DIRECTION     W (270)
  AVERAGE WIND SPEED     6.9


SKY COVER
  AVERAGE SKY COVER 0.6


WEATHER CONDITIONS
 THE FOLLOWING WEATHER WAS RECORDED YESTERDAY.
  LIGHT RAIN


RELATIVE HUMIDITY (PERCENT)
 HIGHEST    93           400 AM
 LOWEST     53          1200 PM
 AVERAGE    73

..........................................................


THE INTERNATIONAL FALLS MN CLIMATE NORMALS FOR TODAY
                         NORMAL    RECORD    YEAR
 MAXIMUM TEMPERATURE (F)   74        99      1995
 MINIMUM TEMPERATURE (F)   49        33      1969
                                             1958
                                             1915


SUNRISE AND SUNSET
JUNE 17 2017..........SUNRISE   511 AM CDT   SUNSET   919 PM CDT
JUNE 18 2017..........SUNRISE   511 AM CDT   SUNSET   919 PM CDT


-  INDICATES NEGATIVE NUMBERS.
R  INDICATES RECORD WAS SET OR TIED.
MM INDICATES DATA IS MISSING.
T  INDICATES TRACE AMOUNT.




$$
