000
CDUS43 KDLH 120627
CLIINL


CLIMATE REPORT
NATIONAL WEATHER SERVICE DULUTH MN
1225 AM CST FRI DEC 12 2014


...................................

...THE INTERNATIONAL FALLS MN CLIMATE SUMMARY FOR DECEMBER 11 2014...

CLIMATE NORMAL PERIOD 1981 TO 2010
CLIMATE RECORD PERIOD 1895 TO 2014


WEATHER ITEM   OBSERVED TIME   RECORD YEAR NORMAL DEPARTURE LAST
                VALUE   (LST)  VALUE       VALUE  FROM      YEAR
                                                  NORMAL
..................................................................
TEMPERATURE (F)
 YESTERDAY
  MAXIMUM         28    900 PM  51    1913  20      8       -3
  MINIMUM         25    643 AM -30    1977   2     23      -28
  AVERAGE         27                        11     16      -15

PRECIPITATION (IN)
  YESTERDAY        0.00          0.42 1949   0.02  -0.02      T
  MONTH TO DATE    0.20                      0.31  -0.11     1.00
  SINCE DEC 1      0.20                      0.31  -0.11     1.00
  SINCE JAN 1     29.57                     23.72   5.85    31.40

SNOWFALL (IN)
  YESTERDAY        0.0           4.5  1983   0.5   -0.5       T
  MONTH TO DATE    2.5                       5.4   -2.9     18.0
  SINCE DEC 1      2.5                       5.4   -2.9     18.0
  SINCE JUL 1     11.8                      21.4   -9.6     28.9
  SNOW DEPTH       5

DEGREE DAYS
 HEATING
  YESTERDAY       38                        54    -16       80
  MONTH TO DATE  556                       564     -8      714
  SINCE DEC 1    556                       564     -8      714
  SINCE JUL 1   3167                      3025    142     3072

 COOLING
  YESTERDAY        0                         0      0        0
  MONTH TO DATE    0                         0      0        0
  SINCE DEC 1      0                         0      0        0
  SINCE JAN 1    121                       192    -71      224
..................................................................


WIND (MPH)
  HIGHEST WIND SPEED    12   HIGHEST WIND DIRECTION     S (200)
  HIGHEST GUST SPEED    15   HIGHEST GUST DIRECTION    SW (210)
  AVERAGE WIND SPEED     5.6


SKY COVER
  AVERAGE SKY COVER 1.0


WEATHER CONDITIONS
 THE FOLLOWING WEATHER WAS RECORDED YESTERDAY.
  FOG


RELATIVE HUMIDITY (PERCENT)
 HIGHEST   100           800 PM
 LOWEST     84          1200 AM
 AVERAGE    92

..........................................................


THE INTERNATIONAL FALLS MN CLIMATE NORMALS FOR TODAY
                         NORMAL    RECORD    YEAR
 MAXIMUM TEMPERATURE (F)   20        45      1913
 MINIMUM TEMPERATURE (F)    2       -39      1995


SUNRISE AND SUNSET
DECEMBER 12 2014......SUNRISE   757 AM CST   SUNSET   418 PM CST
DECEMBER 13 2014......SUNRISE   758 AM CST   SUNSET   418 PM CST


-  INDICATES NEGATIVE NUMBERS.
R  INDICATES RECORD WAS SET OR TIED.
MM INDICATES DATA IS MISSING.
T  INDICATES TRACE AMOUNT.




$$
