000
CDUS43 KDLH 110619
CLIINL


CLIMATE REPORT
NATIONAL WEATHER SERVICE DULUTH MN
118 AM CDT THU MAY 11 2017


...................................

...THE INTERNATIONAL FALLS MN CLIMATE SUMMARY FOR MAY 10 2017...

CLIMATE NORMAL PERIOD 1981 TO 2010
CLIMATE RECORD PERIOD 1895 TO 2017


WEATHER ITEM   OBSERVED TIME   RECORD YEAR NORMAL DEPARTURE LAST
                VALUE   (LST)  VALUE       VALUE  FROM      YEAR
                                                  NORMAL
..................................................................
TEMPERATURE (F)
 YESTERDAY
  MAXIMUM         54   1031 AM  83    1992  63     -9       69
                                      1991
  MINIMUM         29   1052 PM  24    1981  37     -8       46
                                      1909
  AVERAGE         42                        50     -8       58

PRECIPITATION (IN)
  YESTERDAY        0.00          1.02 1985   0.09  -0.09     0.07
  MONTH TO DATE    0.19                      0.80  -0.61     0.09
  SINCE MAR 1      2.45                      3.28  -0.83     4.91
  SINCE JAN 1      5.20                      4.47   0.73     6.28

SNOWFALL (IN)
  YESTERDAY        0.0           0.6  1970   0.0    0.0      0.0
  MONTH TO DATE    0.0                       0.2   -0.2      0.0
  SINCE MAR 1      7.1                      14.2   -7.1     14.2
  SINCE JUL 1     70.4                      71.0   -0.6     47.7
  SNOW DEPTH       0

DEGREE DAYS
 HEATING
  YESTERDAY       23                        15      8        7
  MONTH TO DATE  182                       169     13      124
  SINCE MAR 1   2188                      2224    -36     2053
  SINCE JUL 1   8662                      9807  -1145     8585

 COOLING
  YESTERDAY        0                         0      0        0
  MONTH TO DATE    0                         0      0        0
  SINCE MAR 1      0                         1     -1        0
  SINCE JAN 1      0                         1     -1        0
..................................................................


WIND (MPH)
  HIGHEST WIND SPEED    17   HIGHEST WIND DIRECTION    NW (310)
  HIGHEST GUST SPEED    23   HIGHEST GUST DIRECTION     W (290)
  AVERAGE WIND SPEED     7.2


SKY COVER
  AVERAGE SKY COVER 0.5


WEATHER CONDITIONS
 THE FOLLOWING WEATHER WAS RECORDED YESTERDAY.
  NO SIGNIFICANT WEATHER WAS OBSERVED.


RELATIVE HUMIDITY (PERCENT)
 HIGHEST    92           300 AM
 LOWEST     50           300 PM
 AVERAGE    71

..........................................................


THE INTERNATIONAL FALLS MN CLIMATE NORMALS FOR TODAY
                         NORMAL    RECORD    YEAR
 MAXIMUM TEMPERATURE (F)   63        83      1993
                                             1991
 MINIMUM TEMPERATURE (F)   37        24      1996
                                             1953


SUNRISE AND SUNSET
MAY 11 2017...........SUNRISE   538 AM CDT   SUNSET   843 PM CDT
MAY 12 2017...........SUNRISE   537 AM CDT   SUNSET   844 PM CDT


-  INDICATES NEGATIVE NUMBERS.
R  INDICATES RECORD WAS SET OR TIED.
MM INDICATES DATA IS MISSING.
T  INDICATES TRACE AMOUNT.




$$
