000
CDUS43 KDLH 220619
CLIINL


CLIMATE REPORT
NATIONAL WEATHER SERVICE DULUTH MN
118 AM CDT WED JUL 22 2015


...................................

...THE INTERNATIONAL FALLS MN CLIMATE SUMMARY FOR JULY 21 2015...

CLIMATE NORMAL PERIOD 1981 TO 2010
CLIMATE RECORD PERIOD 1895 TO 2015


WEATHER ITEM   OBSERVED TIME   RECORD YEAR NORMAL DEPARTURE LAST
                VALUE   (LST)  VALUE       VALUE  FROM      YEAR
                                                  NORMAL
..................................................................
TEMPERATURE (F)
 YESTERDAY
  MAXIMUM         74    401 PM  96    1923  78     -4       90
                                      1906
  MINIMUM         47   1152 PM  41    2013  53     -6       62
                                      1947
  AVERAGE         61                        66     -5       76

PRECIPITATION (IN)
  YESTERDAY        0.00          1.11 1945   0.11  -0.11     1.10
  MONTH TO DATE    1.30                      2.69  -1.39     3.73
  SINCE JUN 1      4.50                      6.61  -2.11    13.97
  SINCE JAN 1     12.67                     13.14  -0.47    22.79

SNOWFALL (IN)
  YESTERDAY        0.0                       0.0    0.0      0.0
  MONTH TO DATE    0.0                       0.0    0.0      0.0
  SINCE JUN 1      0.0                       0.0    0.0      0.0
  SINCE JUL 1      0.0                       0.0    0.0      0.0
  SNOW DEPTH       0

DEGREE DAYS
 HEATING
  YESTERDAY        4                         2      2        0
  MONTH TO DATE   43                        49     -6       83
  SINCE JUN 1    192                       213    -21      212
  SINCE JUL 1     43                        49     -6       83

 COOLING
  YESTERDAY        0                         2     -2       11
  MONTH TO DATE   49                        53     -4       37
  SINCE JUN 1     53                        91    -38       66
  SINCE JAN 1     53                       100    -47       89
..................................................................


WIND (MPH)
  HIGHEST WIND SPEED    16   HIGHEST WIND DIRECTION    NW (300)
  HIGHEST GUST SPEED    20   HIGHEST GUST DIRECTION     W (290)
  AVERAGE WIND SPEED     5.7


SKY COVER
  AVERAGE SKY COVER 0.1


WEATHER CONDITIONS
 THE FOLLOWING WEATHER WAS RECORDED YESTERDAY.
  NO SIGNIFICANT WEATHER WAS OBSERVED.


RELATIVE HUMIDITY (PERCENT)
 HIGHEST    96           300 AM
 LOWEST     41           300 PM
 AVERAGE    69

..........................................................


THE INTERNATIONAL FALLS MN CLIMATE NORMALS FOR TODAY
                         NORMAL    RECORD    YEAR
 MAXIMUM TEMPERATURE (F)   78       103      1923
 MINIMUM TEMPERATURE (F)   53        40      1985


SUNRISE AND SUNSET
JULY 22 2015..........SUNRISE   535 AM CDT   SUNSET   904 PM CDT
JULY 23 2015..........SUNRISE   536 AM CDT   SUNSET   903 PM CDT


-  INDICATES NEGATIVE NUMBERS.
R  INDICATES RECORD WAS SET OR TIED.
MM INDICATES DATA IS MISSING.
T  INDICATES TRACE AMOUNT.




$$
