000
CDUS43 KDLH 240635
CLIINL


CLIMATE REPORT
NATIONAL WEATHER SERVICE DULUTH MN
134 AM CDT MON APR 24 2017


...................................

...THE INTERNATIONAL FALLS MN CLIMATE SUMMARY FOR APRIL 23 2017...

CLIMATE NORMAL PERIOD 1981 TO 2010
CLIMATE RECORD PERIOD 1895 TO 2017


WEATHER ITEM   OBSERVED TIME   RECORD YEAR NORMAL DEPARTURE LAST
                VALUE   (LST)  VALUE       VALUE  FROM      YEAR
                                                  NORMAL
..................................................................
TEMPERATURE (F)
 YESTERDAY
  MAXIMUM         38    348 PM  81    1990  56    -18       50
  MINIMUM         28    621 AM   6    1909  30     -2       38
  AVERAGE         33                        43    -10       44

PRECIPITATION (IN)
  YESTERDAY        0.00          1.01 1985   0.05  -0.05     0.04
  MONTH TO DATE    0.62                      1.08  -0.46     1.31
  SINCE MAR 1      1.30                      2.03  -0.73     4.02
  SINCE JAN 1      4.05                      3.22   0.83     5.39

SNOWFALL (IN)
  YESTERDAY        0.0           6.5  1968   0.1   -0.1      0.0
  MONTH TO DATE    T                         5.5   -5.5      4.9
  SINCE MAR 1      4.5                      13.1   -8.6     14.2
  SINCE JUL 1     67.8                      69.9   -2.1     47.7
  SNOW DEPTH       0

DEGREE DAYS
 HEATING
  YESTERDAY       32                        22     10       21
  MONTH TO DATE  527                       629   -102      669
  SINCE MAR 1   1784                      1912   -128     1772
  SINCE JUL 1   8258                      9495  -1237     8304

 COOLING
  YESTERDAY        0                         0      0        0
  MONTH TO DATE    0                         0      0        0
  SINCE MAR 1      0                         0      0        0
  SINCE JAN 1      0                         0      0        0
..................................................................


WIND (MPH)
  HIGHEST WIND SPEED    14   HIGHEST WIND DIRECTION    NE (40)
  HIGHEST GUST SPEED    20   HIGHEST GUST DIRECTION    NE (40)
  AVERAGE WIND SPEED     7.6


SKY COVER
  AVERAGE SKY COVER 0.6


WEATHER CONDITIONS
 THE FOLLOWING WEATHER WAS RECORDED YESTERDAY.
  NO SIGNIFICANT WEATHER WAS OBSERVED.


RELATIVE HUMIDITY (PERCENT)
 HIGHEST    72          1100 PM
 LOWEST     35           200 PM
 AVERAGE    54

..........................................................


THE INTERNATIONAL FALLS MN CLIMATE NORMALS FOR TODAY
                         NORMAL    RECORD    YEAR
 MAXIMUM TEMPERATURE (F)   56        85      1990
 MINIMUM TEMPERATURE (F)   31        10      1909


SUNRISE AND SUNSET
APRIL 24 2017.........SUNRISE   606 AM CDT   SUNSET   819 PM CDT
APRIL 25 2017.........SUNRISE   604 AM CDT   SUNSET   820 PM CDT


-  INDICATES NEGATIVE NUMBERS.
R  INDICATES RECORD WAS SET OR TIED.
MM INDICATES DATA IS MISSING.
T  INDICATES TRACE AMOUNT.




$$
