000
CDUS43 KDLH 260623
CLIINL


CLIMATE REPORT
NATIONAL WEATHER SERVICE DULUTH MN
1222 AM CST THU FEB 26 2015


...................................

...THE INTERNATIONAL FALLS MN CLIMATE SUMMARY FOR FEBRUARY 25 2015...

CLIMATE NORMAL PERIOD 1981 TO 2010
CLIMATE RECORD PERIOD 1895 TO 2015


WEATHER ITEM   OBSERVED TIME   RECORD YEAR NORMAL DEPARTURE LAST
                VALUE   (LST)  VALUE       VALUE  FROM      YEAR
                                                  NORMAL
..................................................................
TEMPERATURE (F)
 YESTERDAY
  MAXIMUM          4    427 PM  52    1958  26    -22        1
  MINIMUM        -27    405 AM -38    1909   3    -30      -18
  AVERAGE        -11                        14    -25       -8

PRECIPITATION (IN)
  YESTERDAY        0.00          0.62 1918   0.02  -0.02      T
  MONTH TO DATE    0.68                      0.49   0.19     0.88
  SINCE DEC 1      2.86                      1.92   0.94     3.14
  SINCE JAN 1      2.01                      1.11   0.90     1.70

SNOWFALL (IN)
  YESTERDAY        0.0           2.7  1985   0.4   -0.4      0.1
  MONTH TO DATE   15.9                       9.6    6.3     20.6
  SINCE DEC 1     47.4                      39.6    7.8     63.9
  SINCE JUL 1     56.7                      55.6    1.1     74.8
  SNOW DEPTH      18

DEGREE DAYS
 HEATING
  YESTERDAY       76                        51     25       73
  MONTH TO DATE 1665                      1381    284     1591
  SINCE DEC 1   4939                      4973    -34     5848
  SINCE JUL 1   7550                      7434    116     8206

 COOLING
  YESTERDAY        0                         0      0        0
  MONTH TO DATE    0                         0      0        0
  SINCE DEC 1      0                         0      0        0
  SINCE JAN 1      0                         0      0        0
..................................................................


WIND (MPH)
  HIGHEST WIND SPEED    15   HIGHEST WIND DIRECTION    NW (320)
  HIGHEST GUST SPEED    19   HIGHEST GUST DIRECTION     N (350)
  AVERAGE WIND SPEED     7.1


SKY COVER
  AVERAGE SKY COVER 0.0


WEATHER CONDITIONS
 THE FOLLOWING WEATHER WAS RECORDED YESTERDAY.
  NO SIGNIFICANT WEATHER WAS OBSERVED.


RELATIVE HUMIDITY (PERCENT)
 HIGHEST    82           500 AM
 LOWEST     51           200 PM
 AVERAGE    67

..........................................................


THE INTERNATIONAL FALLS MN CLIMATE NORMALS FOR TODAY
                         NORMAL    RECORD    YEAR
 MAXIMUM TEMPERATURE (F)   26        53      1958
 MINIMUM TEMPERATURE (F)    3       -32      2011


SUNRISE AND SUNSET
FEBRUARY 26 2015......SUNRISE   701 AM CST   SUNSET   552 PM CST
FEBRUARY 27 2015......SUNRISE   659 AM CST   SUNSET   554 PM CST


-  INDICATES NEGATIVE NUMBERS.
R  INDICATES RECORD WAS SET OR TIED.
MM INDICATES DATA IS MISSING.
T  INDICATES TRACE AMOUNT.




$$
