000
CDUS43 KDLH 200627
CLIINL


CLIMATE REPORT
NATIONAL WEATHER SERVICE DULUTH MN
126 AM CDT MON MAR 20 2017


...................................

...THE INTERNATIONAL FALLS MN CLIMATE SUMMARY FOR MARCH 19 2017...

CLIMATE NORMAL PERIOD 1981 TO 2010
CLIMATE RECORD PERIOD 1895 TO 2017


WEATHER ITEM   OBSERVED TIME   RECORD YEAR NORMAL DEPARTURE LAST
                VALUE   (LST)  VALUE       VALUE  FROM      YEAR
                                                  NORMAL
..................................................................
TEMPERATURE (F)
 YESTERDAY
  MAXIMUM         47    430 PM  78    2012  36     11       36
  MINIMUM         27    304 AM -22    1923  14     13        2
  AVERAGE         37                        25     12       19

PRECIPITATION (IN)
  YESTERDAY        0.00          0.30 1913   0.03  -0.03     0.00
                                      1897
  MONTH TO DATE    0.44                      0.50  -0.06     2.45
  SINCE MAR 1      0.44                      0.50  -0.06     2.45
  SINCE JAN 1      3.19                      1.69   1.50     3.82

SNOWFALL (IN)
  YESTERDAY        0.0           2.3  1952   0.2   -0.2      0.0
  MONTH TO DATE    4.1                       4.9   -0.8      8.7
  SINCE MAR 1      4.1                       4.9   -0.8      8.7
  SINCE JUL 1     67.4                      61.7    5.7     42.2
  SNOW DEPTH       8

DEGREE DAYS
 HEATING
  YESTERDAY       28                        40    -12       46
  MONTH TO DATE  902                       842     60      703
  SINCE MAR 1    902                       842     60      703
  SINCE JUL 1   7376                      8425  -1049     7235

 COOLING
  YESTERDAY        0                         0      0        0
  MONTH TO DATE    0                         0      0        0
  SINCE MAR 1      0                         0      0        0
  SINCE JAN 1      0                         0      0        0
..................................................................


WIND (MPH)
  HIGHEST WIND SPEED    20   HIGHEST WIND DIRECTION    SW (210)
  HIGHEST GUST SPEED    28   HIGHEST GUST DIRECTION    SE (150)
  AVERAGE WIND SPEED    10.0


SKY COVER
  AVERAGE SKY COVER 0.2


WEATHER CONDITIONS
 THE FOLLOWING WEATHER WAS RECORDED YESTERDAY.
  NO SIGNIFICANT WEATHER WAS OBSERVED.


RELATIVE HUMIDITY (PERCENT)
 HIGHEST    81           100 AM
 LOWEST     42           200 PM
 AVERAGE    62

..........................................................


THE INTERNATIONAL FALLS MN CLIMATE NORMALS FOR TODAY
                         NORMAL    RECORD    YEAR
 MAXIMUM TEMPERATURE (F)   37        61      2012
                                             1987
 MINIMUM TEMPERATURE (F)   15       -28      1965


SUNRISE AND SUNSET
MARCH 20 2017.........SUNRISE   716 AM CDT   SUNSET   727 PM CDT
MARCH 21 2017.........SUNRISE   714 AM CDT   SUNSET   728 PM CDT


-  INDICATES NEGATIVE NUMBERS.
R  INDICATES RECORD WAS SET OR TIED.
MM INDICATES DATA IS MISSING.
T  INDICATES TRACE AMOUNT.




$$
