912
CDUS43 KDLH 150624
CLIINL


CLIMATE REPORT
NATIONAL WEATHER SERVICE DULUTH MN
124 AM CDT SUN OCT 15 2017


...................................

...THE INTERNATIONAL FALLS MN CLIMATE SUMMARY FOR OCTOBER 14 2017...

CLIMATE NORMAL PERIOD 1981 TO 2010
CLIMATE RECORD PERIOD 1895 TO 2017


WEATHER ITEM   OBSERVED TIME   RECORD YEAR NORMAL DEPARTURE LAST
                VALUE   (LST)  VALUE       VALUE  FROM      YEAR
                                                  NORMAL
..................................................................
TEMPERATURE (F)
 YESTERDAY
  MAXIMUM         51    306 PM  82    1963  52     -1       60
  MINIMUM         23    532 AM  19    1898  32     -9       38
  AVERAGE         37                        42     -5       49

PRECIPITATION (IN)
  YESTERDAY        0.00          0.89 1966   0.07  -0.07     0.00
  MONTH TO DATE    0.82                      1.06  -0.24     0.89
  SINCE SEP 1      3.89                      4.05  -0.16     4.22
  SINCE JAN 1     20.63                     21.01  -0.38    24.78

SNOWFALL (IN)
  YESTERDAY        0.0           0.3  1972   0.1   -0.1      0.0
  MONTH TO DATE    0.0                       0.5   -0.5       T
  SINCE SEP 1      0.0                       0.6   -0.6       T
  SINCE JUL 1      0.0                       0.6   -0.6       T
  SNOW DEPTH       0

DEGREE DAYS
 HEATING
  YESTERDAY       28                        23      5       16
  MONTH TO DATE  265                       287    -22      229
  SINCE SEP 1    534                       640   -106      467
  SINCE JUL 1    745                       821    -76      584

 COOLING
  YESTERDAY        0                         0      0        0
  MONTH TO DATE    0                         0      0        0
  SINCE SEP 1      7                        11     -4        7
  SINCE JAN 1     86                       192   -106      155
..................................................................


WIND (MPH)
  HIGHEST WIND SPEED    10   HIGHEST WIND DIRECTION     N (360)
  HIGHEST GUST SPEED    15   HIGHEST GUST DIRECTION     N (10)
  AVERAGE WIND SPEED     4.5


SKY COVER
  AVERAGE SKY COVER 0.5


WEATHER CONDITIONS
 THE FOLLOWING WEATHER WAS RECORDED YESTERDAY.
  NO SIGNIFICANT WEATHER WAS OBSERVED.


RELATIVE HUMIDITY (PERCENT)
 HIGHEST    92           700 AM
 LOWEST     44           300 PM
 AVERAGE    68

..........................................................


THE INTERNATIONAL FALLS MN CLIMATE NORMALS FOR TODAY
                         NORMAL    RECORD    YEAR
 MAXIMUM TEMPERATURE (F)   52        77      1964
 MINIMUM TEMPERATURE (F)   31        18      2002
                                             1952


SUNRISE AND SUNSET
OCTOBER 15 2017.......SUNRISE   734 AM CDT   SUNSET   624 PM CDT
OCTOBER 16 2017.......SUNRISE   735 AM CDT   SUNSET   622 PM CDT


-  INDICATES NEGATIVE NUMBERS.
R  INDICATES RECORD WAS SET OR TIED.
MM INDICATES DATA IS MISSING.
T  INDICATES TRACE AMOUNT.




$$
