000
CDUS43 KDLH 180749
CLIINL


CLIMATE REPORT
NATIONAL WEATHER SERVICE DULUTH MN
148 AM CST SUN JAN 18 2015


...................................

...THE INTERNATIONAL FALLS MN CLIMATE SUMMARY FOR JANUARY 17 2015...

CLIMATE NORMAL PERIOD 1981 TO 2010
CLIMATE RECORD PERIOD 1895 TO 2015


WEATHER ITEM   OBSERVED TIME   RECORD YEAR NORMAL DEPARTURE LAST
                VALUE   (LST)  VALUE       VALUE  FROM      YEAR
                                                  NORMAL
..................................................................
TEMPERATURE (F)
 YESTERDAY
  MAXIMUM         29    127 PM  38    1919  15     14        6
  MINIMUM         17    102 AM -45    1982  -7     24      -19
  AVERAGE         23                         4     19       -6

PRECIPITATION (IN)
  YESTERDAY        0.09          0.72 1897   0.02   0.07      T
  MONTH TO DATE    1.03                      0.38   0.65     0.50
  SINCE DEC 1      1.88                      1.19   0.69     1.94
  SINCE JAN 1      1.03                      0.38   0.65     0.50

SNOWFALL (IN)
  YESTERDAY        1.1           6.6  1996   0.5    0.6      0.2
  MONTH TO DATE   15.9                       8.9    7.0     10.5
  SINCE DEC 1     26.6                      23.9    2.7     36.9
  SINCE JUL 1     35.9                      39.9   -4.0     47.8
  SNOW DEPTH      14

DEGREE DAYS
 HEATING
  YESTERDAY       42                        61    -19       71
  MONTH TO DATE 1133                      1033    100     1138
  SINCE DEC 1   2596                      2747   -151     3275
  SINCE JUL 1   5207                      5208     -1     5633

 COOLING
  YESTERDAY        0                         0      0        0
  MONTH TO DATE    0                         0      0        0
  SINCE DEC 1      0                         0      0        0
  SINCE JAN 1      0                         0      0        0
..................................................................


WIND (MPH)
  HIGHEST WIND SPEED    20   HIGHEST WIND DIRECTION    NW (300)
  HIGHEST GUST SPEED    27   HIGHEST GUST DIRECTION    NW (300)
  AVERAGE WIND SPEED     9.3


SKY COVER
  AVERAGE SKY COVER 1.0


WEATHER CONDITIONS
 THE FOLLOWING WEATHER WAS RECORDED YESTERDAY.
  SNOW
  LIGHT SNOW
  FOG


RELATIVE HUMIDITY (PERCENT)
 HIGHEST    92           200 AM
 LOWEST     78           200 PM
 AVERAGE    85

..........................................................


THE INTERNATIONAL FALLS MN CLIMATE NORMALS FOR TODAY
                         NORMAL    RECORD    YEAR
 MAXIMUM TEMPERATURE (F)   15        39      1898
 MINIMUM TEMPERATURE (F)   -7       -40      1950


SUNRISE AND SUNSET
JANUARY 18 2015.......SUNRISE   758 AM CST   SUNSET   450 PM CST
JANUARY 19 2015.......SUNRISE   758 AM CST   SUNSET   451 PM CST


-  INDICATES NEGATIVE NUMBERS.
R  INDICATES RECORD WAS SET OR TIED.
MM INDICATES DATA IS MISSING.
T  INDICATES TRACE AMOUNT.




$$
