000
CDUS43 KDLH 250623
CLIINL


CLIMATE REPORT
NATIONAL WEATHER SERVICE DULUTH MN
122 AM CDT THU JUN 25 2015


...................................

...THE INTERNATIONAL FALLS MN CLIMATE SUMMARY FOR JUNE 24 2015...

CLIMATE NORMAL PERIOD 1981 TO 2010
CLIMATE RECORD PERIOD 1895 TO 2015


WEATHER ITEM   OBSERVED TIME   RECORD YEAR NORMAL DEPARTURE LAST
                VALUE   (LST)  VALUE       VALUE  FROM      YEAR
                                                  NORMAL
..................................................................
TEMPERATURE (F)
 YESTERDAY
  MAXIMUM         77    244 PM  95    1910  75      2       66
  MINIMUM         55    452 AM  37    1986  51      4       52
  AVERAGE         66                        63      3       59

PRECIPITATION (IN)
  YESTERDAY        0.14          4.15 1898   0.15  -0.01     0.89
  MONTH TO DATE    2.19                      3.09  -0.90     9.93
  SINCE JUN 1      2.19                      3.09  -0.90     9.93
  SINCE JAN 1     10.36                      9.62   0.74    18.75

SNOWFALL (IN)
  YESTERDAY        0.0                       0.0    0.0      0.0
  MONTH TO DATE    0.0                       0.0    0.0      0.0
  SINCE JUN 1      0.0                       0.0    0.0      0.0
  SINCE JUL 1     64.5                      71.0   -6.5    101.2
  SNOW DEPTH       0

DEGREE DAYS
 HEATING
  YESTERDAY        0                         4     -4        6
  MONTH TO DATE  142                       144     -2      119
  SINCE JUN 1    142                       144     -2      119
  SINCE JUL 1  10276                     10201     75    11501

 COOLING
  YESTERDAY        1                         2     -1        0
  MONTH TO DATE    2                        30    -28        9
  SINCE JUN 1      2                        30    -28        9
  SINCE JAN 1      2                        39    -37       32
..................................................................


WIND (MPH)
  HIGHEST WIND SPEED    15   HIGHEST WIND DIRECTION     N (340)
  HIGHEST GUST SPEED    17   HIGHEST GUST DIRECTION     N (340)
  AVERAGE WIND SPEED     3.9


SKY COVER
  AVERAGE SKY COVER 0.6


WEATHER CONDITIONS
 THE FOLLOWING WEATHER WAS RECORDED YESTERDAY.
  THUNDERSTORM
  HEAVY RAIN
  RAIN
  LIGHT RAIN
  FOG


RELATIVE HUMIDITY (PERCENT)
 HIGHEST    97           900 PM
 LOWEST     43          1200 PM
 AVERAGE    70

..........................................................


THE INTERNATIONAL FALLS MN CLIMATE NORMALS FOR TODAY
                         NORMAL    RECORD    YEAR
 MAXIMUM TEMPERATURE (F)   75        94      1921
 MINIMUM TEMPERATURE (F)   51        38      2012
                                             1996


SUNRISE AND SUNSET
JUNE 25 2015..........SUNRISE   512 AM CDT   SUNSET   920 PM CDT
JUNE 26 2015..........SUNRISE   513 AM CDT   SUNSET   920 PM CDT


-  INDICATES NEGATIVE NUMBERS.
R  INDICATES RECORD WAS SET OR TIED.
MM INDICATES DATA IS MISSING.
T  INDICATES TRACE AMOUNT.




$$
