512
CDUS43 KDLH 190621
CLIINL


CLIMATE REPORT
NATIONAL WEATHER SERVICE DULUTH MN
121 AM CDT MON JUN 19 2017


...................................

...THE INTERNATIONAL FALLS MN CLIMATE SUMMARY FOR JUNE 18 2017...

CLIMATE NORMAL PERIOD 1981 TO 2010
CLIMATE RECORD PERIOD 1895 TO 2017


WEATHER ITEM   OBSERVED TIME   RECORD YEAR NORMAL DEPARTURE LAST
                VALUE   (LST)  VALUE       VALUE  FROM      YEAR
                                                  NORMAL
..................................................................
TEMPERATURE (F)
 YESTERDAY
  MAXIMUM         67    220 PM  99    1995  74     -7       79
  MINIMUM         52    112 AM  33    1912  49      3       52
  AVERAGE         60                        62     -2       66

PRECIPITATION (IN)
  YESTERDAY        0.04          1.35 1919   0.14  -0.10     0.00
  MONTH TO DATE    2.65                      2.20   0.45     2.98
  SINCE JUN 1      2.65                      2.20   0.45     2.98
  SINCE JAN 1      9.27                      8.73   0.54    10.78

SNOWFALL (IN)
  YESTERDAY        0.0           0.0  2002   0.0    0.0      0.0
                                      2001
  MONTH TO DATE    0.0                       0.0    0.0      0.0
  SINCE JUN 1      0.0                       0.0    0.0      0.0
  SINCE JUL 1     70.4                      71.0   -0.6     47.7
  SNOW DEPTH       0

DEGREE DAYS
 HEATING
  YESTERDAY        5                         5      0        0
  MONTH TO DATE   42                       119    -77      113
  SINCE JUN 1     42                       119    -77      113
  SINCE JUL 1   9006                     10176  -1170     8941

 COOLING
  YESTERDAY        0                         1     -1        1
  MONTH TO DATE   12                        18     -6        6
  SINCE JUN 1     12                        18     -6        6
  SINCE JAN 1     12                        27    -15        8
..................................................................


WIND (MPH)
  HIGHEST WIND SPEED    21   HIGHEST WIND DIRECTION    NW (330)
  HIGHEST GUST SPEED    29   HIGHEST GUST DIRECTION    NW (330)
  AVERAGE WIND SPEED     8.6


SKY COVER
  AVERAGE SKY COVER 1.0


WEATHER CONDITIONS
 THE FOLLOWING WEATHER WAS RECORDED YESTERDAY.
  RAIN
  LIGHT RAIN
  FOG
  HAZE


RELATIVE HUMIDITY (PERCENT)
 HIGHEST    93           200 AM
 LOWEST     67           100 PM
 AVERAGE    80

..........................................................


THE INTERNATIONAL FALLS MN CLIMATE NORMALS FOR TODAY
                         NORMAL    RECORD    YEAR
 MAXIMUM TEMPERATURE (F)   74        94      1995
 MINIMUM TEMPERATURE (F)   50        34      2004


SUNRISE AND SUNSET
JUNE 19 2017..........SUNRISE   511 AM CDT   SUNSET   919 PM CDT
JUNE 20 2017..........SUNRISE   511 AM CDT   SUNSET   919 PM CDT


-  INDICATES NEGATIVE NUMBERS.
R  INDICATES RECORD WAS SET OR TIED.
MM INDICATES DATA IS MISSING.
T  INDICATES TRACE AMOUNT.




$$
