000
CDUS43 KDLH 222220
CLIINL


CLIMATE REPORT
NATIONAL WEATHER SERVICE DULUTH MN
520 PM CDT TUE APR 22 2014


...................................

...THE INTERNATIONAL FALLS MN CLIMATE SUMMARY FOR APRIL 22 2014...
VALID TODAY AS OF 0500 PM LOCAL TIME.

CLIMATE NORMAL PERIOD 1981 TO 2010
CLIMATE RECORD PERIOD 1895 TO 2014


WEATHER ITEM   OBSERVED TIME   RECORD YEAR NORMAL DEPARTURE LAST
                VALUE   (LST)  VALUE       VALUE  FROM      YEAR
                                                  NORMAL
..................................................................
TEMPERATURE (F)
 TODAY
  MAXIMUM         52    328 PM  81    1990  55     -3       39
  MINIMUM         26    456 AM  17    2004  30     -4       27
                                      1910
  AVERAGE         39                        43     -4       33

PRECIPITATION (IN)
  TODAY            0.00                      0.06  -0.06     0.00
  MONTH TO DATE    0.59                      1.03  -0.44     1.47
  SINCE MAR 1      2.05                      1.98   0.07     2.62
  SINCE JAN 1      3.80                      3.17   0.63     6.28

SNOWFALL (IN)
  TODAY            0.0                       0.2   -0.2      0.0
  MONTH TO DATE    3.8                       5.4   -1.6     13.6
  SINCE JUL 1     97.8                      69.8   28.0     98.6
  SNOW DEPTH       0

DEGREE DAYS
 HEATING
  TODAY           26                        22      4       32
  MONTH TO DATE  701                       607     94      825
  SINCE MAR 1   2307                      1890    417     2337
  SINCE JUL 1  10738                      9473   1265     9894

 COOLING
  TODAY            0                         0      0        0
  MONTH TO DATE    0                         0      0        0
  SINCE MAR 1      0                         0      0        0
  SINCE JAN 1      0                         0      0        0
..................................................................


WIND (MPH)
  HIGHEST WIND SPEED    13   HIGHEST WIND DIRECTION     N (10)
  HIGHEST GUST SPEED    19   HIGHEST GUST DIRECTION    NE (40)


SKY COVER
  AVERAGE SKY COVER 0.1


WEATHER CONDITIONS
 THE FOLLOWING WEATHER WAS RECORDED TODAY.
  NO SIGNIFICANT WEATHER WAS OBSERVED.


RELATIVE HUMIDITY (PERCENT)
 HIGHEST    85           600 AM
 LOWEST     30           300 PM
 AVERAGE    58

..........................................................


THE INTERNATIONAL FALLS MN CLIMATE NORMALS FOR TOMORROW
                         NORMAL    RECORD    YEAR
 MAXIMUM TEMPERATURE (F)   56        81      1990
 MINIMUM TEMPERATURE (F)   30         6      1909


SUNRISE AND SUNSET
APRIL 22 2014.........SUNRISE   610 AM CDT   SUNSET   815 PM CDT
APRIL 23 2014.........SUNRISE   608 AM CDT   SUNSET   817 PM CDT


-  INDICATES NEGATIVE NUMBERS.
R  INDICATES RECORD WAS SET OR TIED.
MM INDICATES DATA IS MISSING.
T  INDICATES TRACE AMOUNT.




$$
