000
CDUS43 KDLH 200628
CLIINL


CLIMATE REPORT
NATIONAL WEATHER SERVICE DULUTH MN
1227 AM CST SAT DEC 20 2014


...................................

...THE INTERNATIONAL FALLS MN CLIMATE SUMMARY FOR DECEMBER 19 2014...

CLIMATE NORMAL PERIOD 1981 TO 2010
CLIMATE RECORD PERIOD 1895 TO 2014


WEATHER ITEM   OBSERVED TIME   RECORD YEAR NORMAL DEPARTURE LAST
                VALUE   (LST)  VALUE       VALUE  FROM      YEAR
                                                  NORMAL
..................................................................
TEMPERATURE (F)
 YESTERDAY
  MAXIMUM         25    928 PM  42    1923  18      7       10
  MINIMUM         21    946 AM -41    1955  -1     22       -8
  AVERAGE         23                         8     15        1

PRECIPITATION (IN)
  YESTERDAY        0.03          0.27 1978   0.03   0.00     0.01
  MONTH TO DATE    0.45                      0.51  -0.06     1.18
  SINCE DEC 1      0.45                      0.51  -0.06     1.18
  SINCE JAN 1     29.82                     23.92   5.90    31.58

SNOWFALL (IN)
  YESTERDAY        0.5           5.9  1990   0.5    0.0      0.1
  MONTH TO DATE    4.8                       9.1   -4.3     21.0
  SINCE DEC 1      4.8                       9.1   -4.3     21.0
  SINCE JUL 1     14.1                      25.1  -11.0     31.9
  SNOW DEPTH       2

DEGREE DAYS
 HEATING
  YESTERDAY       42                        57    -15       64
  MONTH TO DATE  887                      1009   -122     1281
  SINCE DEC 1    887                      1009   -122     1281
  SINCE JUL 1   3498                      3470     28     3639

 COOLING
  YESTERDAY        0                         0      0        0
  MONTH TO DATE    0                         0      0        0
  SINCE DEC 1      0                         0      0        0
  SINCE JAN 1    121                       192    -71      224
..................................................................


WIND (MPH)
  HIGHEST WIND SPEED    10   HIGHEST WIND DIRECTION    SE (150)
  HIGHEST GUST SPEED    16   HIGHEST GUST DIRECTION     S (160)
  AVERAGE WIND SPEED     6.2


SKY COVER
  AVERAGE SKY COVER 1.0


WEATHER CONDITIONS
 THE FOLLOWING WEATHER WAS RECORDED YESTERDAY.
  LIGHT SNOW
  FOG


RELATIVE HUMIDITY (PERCENT)
 HIGHEST    88           800 PM
 LOWEST     81          1200 PM
 AVERAGE    85

..........................................................


THE INTERNATIONAL FALLS MN CLIMATE NORMALS FOR TODAY
                         NORMAL    RECORD    YEAR
 MAXIMUM TEMPERATURE (F)   17        47      1956
 MINIMUM TEMPERATURE (F)   -2       -40      1983


SUNRISE AND SUNSET
DECEMBER 20 2014......SUNRISE   803 AM CST   SUNSET   420 PM CST
DECEMBER 21 2014......SUNRISE   803 AM CST   SUNSET   420 PM CST


-  INDICATES NEGATIVE NUMBERS.
R  INDICATES RECORD WAS SET OR TIED.
MM INDICATES DATA IS MISSING.
T  INDICATES TRACE AMOUNT.




$$
