000
CDUS43 KDLH 082239
CLIINL


CLIMATE REPORT
NATIONAL WEATHER SERVICE DULUTH MN
437 PM CST MON JAN 8 2018


...................................

...THE INTERNATIONAL FALLS MN CLIMATE SUMMARY FOR JANUARY 8 2018...
VALID TODAY AS OF 0400 PM LOCAL TIME.

CLIMATE NORMAL PERIOD 1981 TO 2010
CLIMATE RECORD PERIOD 1895 TO 2018


WEATHER ITEM   OBSERVED TIME   RECORD YEAR NORMAL DEPARTURE LAST
                VALUE   (LST)  VALUE       VALUE  FROM      YEAR
                                                  NORMAL
..................................................................
TEMPERATURE (F)
 TODAY
  MAXIMUM         26    654 AM  45    2003  15     11        9
  MINIMUM         20    359 PM -38    1973  -7     27      -19
  AVERAGE         23                         4     19       -5

PRECIPITATION (IN)
  TODAY            T                         0.02  -0.02     0.06
  MONTH TO DATE    0.04                      0.19  -0.15     0.64
  SINCE DEC 1      1.20                      1.00   0.20     2.83
  SINCE JAN 1      0.04                      0.19  -0.15     0.64

SNOWFALL (IN)
  TODAY            T                         0.5   -0.5      0.7
  MONTH TO DATE    0.5                       4.2   -3.7     11.0
  SINCE JUL 1     30.9                      35.2   -4.3     44.9
  SNOW DEPTH       7

DEGREE DAYS
 HEATING
  TODAY           42                        61    -19       70
  MONTH TO DATE  549                       484     65      544
  SINCE DEC 1   2376                      2198    178     2210
  SINCE JUL 1   4770                      4659    111     4016

 COOLING
  TODAY            0                         0      0        0
  MONTH TO DATE    0                         0      0        0
  SINCE DEC 1      0                         0      0        0
  SINCE JAN 1      0                         0      0        0
..................................................................


WIND (MPH)
  HIGHEST WIND SPEED    28   HIGHEST WIND DIRECTION    NW (310)
  HIGHEST GUST SPEED    35   HIGHEST GUST DIRECTION    NW (330)


SKY COVER
  AVERAGE SKY COVER 0.4


WEATHER CONDITIONS
 THE FOLLOWING WEATHER WAS RECORDED TODAY.
  LIGHT SNOW
  FOG


RELATIVE HUMIDITY (PERCENT)
 HIGHEST    88           200 AM
 LOWEST     52           100 PM
 AVERAGE    70

..........................................................


THE INTERNATIONAL FALLS MN CLIMATE NORMALS FOR TOMORROW
                         NORMAL    RECORD    YEAR
 MAXIMUM TEMPERATURE (F)   15        48      1958
 MINIMUM TEMPERATURE (F)   -7       -40      1977
                                             1909


SUNRISE AND SUNSET
JANUARY  8 2018.......SUNRISE   804 AM CST   SUNSET   437 PM CST
JANUARY  9 2018.......SUNRISE   804 AM CST   SUNSET   438 PM CST


-  INDICATES NEGATIVE NUMBERS.
R  INDICATES RECORD WAS SET OR TIED.
MM INDICATES DATA IS MISSING.
T  INDICATES TRACE AMOUNT.




$$
