000
CDUS43 KDLH 162223
CLIINL


CLIMATE REPORT
NATIONAL WEATHER SERVICE DULUTH MN
522 PM CDT MON MAY 16 2016


...................................

...THE INTERNATIONAL FALLS MN CLIMATE SUMMARY FOR MAY 16 2016...
VALID TODAY AS OF 0500 PM LOCAL TIME.

CLIMATE NORMAL PERIOD 1981 TO 2010
CLIMATE RECORD PERIOD 1895 TO 2016


WEATHER ITEM   OBSERVED TIME   RECORD YEAR NORMAL DEPARTURE LAST
                VALUE   (LST)  VALUE       VALUE  FROM      YEAR
                                                  NORMAL
..................................................................
TEMPERATURE (F)
 TODAY
  MAXIMUM         57    417 PM  87    1972  65     -8       74
  MINIMUM         27    348 AM  23    1956  39    -12       34
  AVERAGE         42                        52    -10       54

PRECIPITATION (IN)
  TODAY            0.00                      0.10  -0.10     0.18
  MONTH TO DATE    0.38                      1.35  -0.97     2.28
  SINCE MAR 1      5.20                      3.83   1.37     3.64
  SINCE JAN 1      6.57                      5.02   1.55     5.66

SNOWFALL (IN)
  TODAY            0.0                       0.0    0.0      0.0
  MONTH TO DATE    T                         0.2   -0.2       T
  SINCE JUL 1     47.7                      71.0  -23.3     64.5
  SNOW DEPTH       0

DEGREE DAYS
 HEATING
  TODAY           23                        13     10       11
  MONTH TO DATE  264                       254     10      266
  SINCE MAR 1   2193                      2309   -116     2194
  SINCE JUL 1   8725                      9892  -1167     9948

 COOLING
  TODAY            0                         0      0        0
  MONTH TO DATE    0                         0      0        0
  SINCE MAR 1      0                         1     -1        0
  SINCE JAN 1      0                         1     -1        0
..................................................................


WIND (MPH)
  HIGHEST WIND SPEED    14   HIGHEST WIND DIRECTION    NE (40)
  HIGHEST GUST SPEED    18   HIGHEST GUST DIRECTION    NE (40)


SKY COVER
  AVERAGE SKY COVER 0.6


WEATHER CONDITIONS
 THE FOLLOWING WEATHER WAS RECORDED TODAY.
  FOG
  FOG W/VISIBILITY <= 1/4 MILE


RELATIVE HUMIDITY (PERCENT)
 HIGHEST   100           100 AM
 LOWEST     38           300 PM
 AVERAGE    69

..........................................................


THE INTERNATIONAL FALLS MN CLIMATE NORMALS FOR TOMORROW
                         NORMAL    RECORD    YEAR
 MAXIMUM TEMPERATURE (F)   65        93      1972
 MINIMUM TEMPERATURE (F)   39         8      1926


SUNRISE AND SUNSET
MAY 16 2016...........SUNRISE   531 AM CDT   SUNSET   850 PM CDT
MAY 17 2016...........SUNRISE   530 AM CDT   SUNSET   851 PM CDT


-  INDICATES NEGATIVE NUMBERS.
R  INDICATES RECORD WAS SET OR TIED.
MM INDICATES DATA IS MISSING.
T  INDICATES TRACE AMOUNT.




$$
