850
CDUS43 KDLH 210640
CLIINL


CLIMATE REPORT
NATIONAL WEATHER SERVICE DULUTH MN
1240 AM CST TUE FEB 21 2017


...................................

...THE INTERNATIONAL FALLS MN CLIMATE SUMMARY FOR FEBRUARY 20 2017...

CLIMATE NORMAL PERIOD 1981 TO 2010
CLIMATE RECORD PERIOD 1895 TO 2017


WEATHER ITEM   OBSERVED TIME   RECORD YEAR NORMAL DEPARTURE LAST
                VALUE   (LST)  VALUE       VALUE  FROM      YEAR
                                                  NORMAL
..................................................................
TEMPERATURE (F)
 YESTERDAY
  MAXIMUM         46   1159 AM  48    1990  24     22       33
  MINIMUM         35   1159 PM -44    1966   1     34       24
  AVERAGE         41                        12     29       29

PRECIPITATION (IN)
  YESTERDAY        0.62          0.88 1955   0.02   0.60     0.02
  MONTH TO DATE    1.39                      0.37   1.02     0.45
  SINCE DEC 1      4.85                      1.80   3.05     2.11
  SINCE JAN 1      2.66                      0.99   1.67     1.04

SNOWFALL (IN)
  YESTERDAY        0.0          10.1  1955   0.4   -0.4      0.1
  MONTH TO DATE   11.4                       7.6    3.8      3.9
  SINCE DEC 1     53.8                      37.6   16.2     22.2
  SINCE JUL 1     62.2                      53.6    8.6     26.0
  SNOW DEPTH      13

DEGREE DAYS
 HEATING
  YESTERDAY       24                        53    -29       36
  MONTH TO DATE  973                      1124   -151     1102
  SINCE DEC 1   4311                      4716   -405     4111
  SINCE JUL 1   6117                      7177  -1060     6117

 COOLING
  YESTERDAY        0                         0      0        0
  MONTH TO DATE    0                         0      0        0
  SINCE DEC 1      0                         0      0        0
  SINCE JAN 1      0                         0      0        0
..................................................................


WIND (MPH)
  HIGHEST WIND SPEED    18   HIGHEST WIND DIRECTION     W (280)
  HIGHEST GUST SPEED    26   HIGHEST GUST DIRECTION     W (280)
  AVERAGE WIND SPEED     9.4


SKY COVER
  AVERAGE SKY COVER 0.8


WEATHER CONDITIONS
 THE FOLLOWING WEATHER WAS RECORDED YESTERDAY.
  THUNDERSTORM
  HEAVY RAIN
  RAIN
  LIGHT RAIN
  FOG


RELATIVE HUMIDITY (PERCENT)
 HIGHEST    96           500 PM
 LOWEST     64          1200 AM
 AVERAGE    80

..........................................................


THE INTERNATIONAL FALLS MN CLIMATE NORMALS FOR TODAY
                         NORMAL    RECORD    YEAR
 MAXIMUM TEMPERATURE (F)   24        50      2000
 MINIMUM TEMPERATURE (F)    1       -32      1966


SUNRISE AND SUNSET
FEBRUARY 21 2017......SUNRISE   710 AM CST   SUNSET   545 PM CST
FEBRUARY 22 2017......SUNRISE   708 AM CST   SUNSET   547 PM CST


-  INDICATES NEGATIVE NUMBERS.
R  INDICATES RECORD WAS SET OR TIED.
MM INDICATES DATA IS MISSING.
T  INDICATES TRACE AMOUNT.




$$
