000
CDUS43 KDLH 140633
CLIINL


CLIMATE REPORT
NATIONAL WEATHER SERVICE DULUTH MN
124 AM CDT FRI APR 14 2017


...................................

...THE INTERNATIONAL FALLS MN CLIMATE SUMMARY FOR APRIL 13 2017...

CLIMATE NORMAL PERIOD 1981 TO 2010
CLIMATE RECORD PERIOD 1895 TO 2017


WEATHER ITEM   OBSERVED TIME   RECORD YEAR NORMAL DEPARTURE LAST
                VALUE   (LST)  VALUE       VALUE  FROM      YEAR
                                                  NORMAL
..................................................................
TEMPERATURE (F)
 YESTERDAY
  MAXIMUM         64    240 PM  77    1910  50     14       58
  MINIMUM         24    511 AM   7    1950  26     -2       24
  AVERAGE         44                        38      6       41

PRECIPITATION (IN)
  YESTERDAY        0.00          0.69 1964   0.05  -0.05     0.00
  MONTH TO DATE    T                         0.58  -0.58     0.50
  SINCE MAR 1      0.68                      1.53  -0.85     3.21
  SINCE JAN 1      3.43                      2.72   0.71     4.58

SNOWFALL (IN)
  YESTERDAY        0.0           3.8  1968   0.3   -0.3      0.0
  MONTH TO DATE    0.0                       3.6   -3.6      4.9
  SINCE MAR 1      4.5                      11.2   -6.7     14.2
  SINCE JUL 1     67.8                      68.0   -0.2     47.7
  SNOW DEPTH       0

DEGREE DAYS
 HEATING
  YESTERDAY       21                        27     -6       24
  MONTH TO DATE  302                       389    -87      499
  SINCE MAR 1   1559                      1672   -113     1602
  SINCE JUL 1   8033                      9255  -1222     8134

 COOLING
  YESTERDAY        0                         0      0        0
  MONTH TO DATE    0                         0      0        0
  SINCE MAR 1      0                         0      0        0
  SINCE JAN 1      0                         0      0        0
..................................................................


WIND (MPH)
  HIGHEST WIND SPEED    12   HIGHEST WIND DIRECTION     E (70)
  HIGHEST GUST SPEED    16   HIGHEST GUST DIRECTION    NE (50)
  AVERAGE WIND SPEED     4.5


SKY COVER
  AVERAGE SKY COVER 0.2


WEATHER CONDITIONS
 THE FOLLOWING WEATHER WAS RECORDED YESTERDAY.
  NO SIGNIFICANT WEATHER WAS OBSERVED.


RELATIVE HUMIDITY (PERCENT)
 HIGHEST    92           600 AM
 LOWEST     32           200 PM
 AVERAGE    62

..........................................................


THE INTERNATIONAL FALLS MN CLIMATE NORMALS FOR TODAY
                         NORMAL    RECORD    YEAR
 MAXIMUM TEMPERATURE (F)   51        77      1958
 MINIMUM TEMPERATURE (F)   27         0      1926


SUNRISE AND SUNSET
APRIL 14 2017.........SUNRISE   625 AM CDT   SUNSET   804 PM CDT
APRIL 15 2017.........SUNRISE   623 AM CDT   SUNSET   805 PM CDT


-  INDICATES NEGATIVE NUMBERS.
R  INDICATES RECORD WAS SET OR TIED.
MM INDICATES DATA IS MISSING.
T  INDICATES TRACE AMOUNT.




$$
