000
CDUS43 KDLH 112229
CLIINL


CLIMATE REPORT
NATIONAL WEATHER SERVICE DULUTH MN
526 PM CDT WED OCT 11 2017


...................................

...THE INTERNATIONAL FALLS MN CLIMATE SUMMARY FOR OCTOBER 11 2017...
VALID TODAY AS OF 0500 PM LOCAL TIME.

CLIMATE NORMAL PERIOD 1981 TO 2010
CLIMATE RECORD PERIOD 1895 TO 2017


WEATHER ITEM   OBSERVED TIME   RECORD YEAR NORMAL DEPARTURE LAST
                VALUE   (LST)  VALUE       VALUE  FROM      YEAR
                                                  NORMAL
..................................................................
TEMPERATURE (F)
 TODAY
  MAXIMUM         61    322 PM  88    2015  54      7       52
  MINIMUM         25    632 AM  19    2006  33     -8       36
                                      1908
  AVERAGE         43                        43      0       44

PRECIPITATION (IN)
  TODAY            0.00                      0.07  -0.07     0.58
  MONTH TO DATE    0.82                      0.85  -0.03     0.89
  SINCE SEP 1      3.89                      3.84   0.05     4.22
  SINCE JAN 1     20.63                     20.80  -0.17    24.78

SNOWFALL (IN)
  TODAY            0.0                       0.0    0.0      0.0
  MONTH TO DATE    0.0                       0.3   -0.3       T
  SINCE JUL 1      0.0                       0.4   -0.4       T
  SNOW DEPTH       0

DEGREE DAYS
 HEATING
  TODAY           22                        22      0       21
  MONTH TO DATE  207                       219    -12      161
  SINCE SEP 1    476                       572    -96      399
  SINCE JUL 1    687                       753    -66      516

 COOLING
  TODAY            0                         0      0        0
  MONTH TO DATE    0                         0      0        0
  SINCE SEP 1      7                        11     -4        7
  SINCE JAN 1     86                       192   -106      155
..................................................................


WIND (MPH)
  HIGHEST WIND SPEED    18   HIGHEST WIND DIRECTION    SE (140)
  HIGHEST GUST SPEED    24   HIGHEST GUST DIRECTION    SE (140)


SKY COVER
  AVERAGE SKY COVER 0.0


WEATHER CONDITIONS
 THE FOLLOWING WEATHER WAS RECORDED TODAY.
  NO SIGNIFICANT WEATHER WAS OBSERVED.


RELATIVE HUMIDITY (PERCENT)
 HIGHEST    92          1200 AM
 LOWEST     31           400 PM
 AVERAGE    62

..........................................................


THE INTERNATIONAL FALLS MN CLIMATE NORMALS FOR TOMORROW
                         NORMAL    RECORD    YEAR
 MAXIMUM TEMPERATURE (F)   53        83      1995
 MINIMUM TEMPERATURE (F)   32        15      2012


SUNRISE AND SUNSET
OCTOBER 11 2017.......SUNRISE   728 AM CDT   SUNSET   631 PM CDT
OCTOBER 12 2017.......SUNRISE   730 AM CDT   SUNSET   629 PM CDT


-  INDICATES NEGATIVE NUMBERS.
R  INDICATES RECORD WAS SET OR TIED.
MM INDICATES DATA IS MISSING.
T  INDICATES TRACE AMOUNT.




$$
