000
CDUS43 KDLH 030622
CLIINL


CLIMATE REPORT
NATIONAL WEATHER SERVICE DULUTH MN
120 AM CDT THU AUG 3 2017


...................................

...THE INTERNATIONAL FALLS MN CLIMATE SUMMARY FOR AUGUST 2 2017...

CLIMATE NORMAL PERIOD 1981 TO 2010
CLIMATE RECORD PERIOD 1895 TO 2017


WEATHER ITEM   OBSERVED TIME   RECORD YEAR NORMAL DEPARTURE LAST
                VALUE   (LST)  VALUE       VALUE  FROM      YEAR
                                                  NORMAL
..................................................................
TEMPERATURE (F)
 YESTERDAY
  MAXIMUM         72    121 PM  91    1989  78     -6       82
                                      1964
  MINIMUM         48    456 AM  41    1918  52     -4       56
  AVERAGE         60                        65     -5       69

PRECIPITATION (IN)
  YESTERDAY        0.00          1.74 1964   0.09  -0.09     0.53
  MONTH TO DATE    0.10                      0.17  -0.07     1.01
  SINCE JUN 1      6.14                      7.79  -1.65    10.36
  SINCE JAN 1     12.76                     14.32  -1.56    18.16

SNOWFALL (IN)
  YESTERDAY        0.0           T    1978   0.0    0.0      0.0
  MONTH TO DATE    0.0                       0.0    0.0      0.0
  SINCE JUN 1      0.0                       0.0    0.0      0.0
  SINCE JUL 1      0.0                       0.0    0.0      0.0
  SNOW DEPTH       0

DEGREE DAYS
 HEATING
  YESTERDAY        5                         2      3        0
  MONTH TO DATE    5                         4      1        0
  SINCE JUN 1    196                       238    -42      210
  SINCE JUL 1     72                        74     -2       43

 COOLING
  YESTERDAY        0                         2     -2        4
  MONTH TO DATE    7                         4      3       12
  SINCE JUN 1     73                       118    -45      112
  SINCE JAN 1     73                       127    -54      114
..................................................................


WIND (MPH)
  HIGHEST WIND SPEED    14   HIGHEST WIND DIRECTION     E (100)
  HIGHEST GUST SPEED    18   HIGHEST GUST DIRECTION    NE (30)
  AVERAGE WIND SPEED     3.6


SKY COVER
  AVERAGE SKY COVER 0.2


WEATHER CONDITIONS
 THE FOLLOWING WEATHER WAS RECORDED YESTERDAY.
  NO SIGNIFICANT WEATHER WAS OBSERVED.


RELATIVE HUMIDITY (PERCENT)
 HIGHEST    93           500 AM
 LOWEST     38           200 PM
 AVERAGE    66

..........................................................


THE INTERNATIONAL FALLS MN CLIMATE NORMALS FOR TODAY
                         NORMAL    RECORD    YEAR
 MAXIMUM TEMPERATURE (F)   78        92      1989
                                             1916
 MINIMUM TEMPERATURE (F)   52        37      1907


SUNRISE AND SUNSET
AUGUST  3 2017........SUNRISE   551 AM CDT   SUNSET   848 PM CDT
AUGUST  4 2017........SUNRISE   552 AM CDT   SUNSET   846 PM CDT


-  INDICATES NEGATIVE NUMBERS.
R  INDICATES RECORD WAS SET OR TIED.
MM INDICATES DATA IS MISSING.
T  INDICATES TRACE AMOUNT.




$$
