000
CDUS43 KDLH 160619
CLIINL


CLIMATE REPORT
NATIONAL WEATHER SERVICE DULUTH MN
119 AM CDT THU OCT 16 2014


...................................

...THE INTERNATIONAL FALLS MN CLIMATE SUMMARY FOR OCTOBER 15 2014...

CLIMATE NORMAL PERIOD 1981 TO 2010
CLIMATE RECORD PERIOD 1895 TO 2014


WEATHER ITEM   OBSERVED TIME   RECORD YEAR NORMAL DEPARTURE LAST
                VALUE   (LST)  VALUE       VALUE  FROM      YEAR
                                                  NORMAL
..................................................................
TEMPERATURE (F)
 YESTERDAY
  MAXIMUM         66    230 PM  77    1964  52     14       46
  MINIMUM         26    649 AM  18    2002  31     -5       33
                                      1952
  AVERAGE         46                        42      4       40

PRECIPITATION (IN)
  YESTERDAY        0.00          0.50 1915   0.06  -0.06     0.35
  MONTH TO DATE    0.57                      1.12  -0.55     1.44
  SINCE SEP 1      3.67                      4.11  -0.44     3.45
  SINCE JAN 1     28.21                     21.07   7.14    28.56

SNOWFALL (IN)
  YESTERDAY        0.0           3.1  1952   0.0    0.0      0.0
  MONTH TO DATE    T                         0.5   -0.5      0.0
  SINCE SEP 1      T                         0.6   -0.6      0.0
  SINCE JUL 1      T                         0.6   -0.6      0.0
  SNOW DEPTH       0

DEGREE DAYS
 HEATING
  YESTERDAY       19                        23     -4       25
  MONTH TO DATE  337                       310     27      231
  SINCE SEP 1    659                       663     -4      453
  SINCE JUL 1    873                       844     29      673

 COOLING
  YESTERDAY        0                         0      0        0
  MONTH TO DATE    0                         0      0        0
  SINCE SEP 1     10                        11     -1       11
  SINCE JAN 1    121                       192    -71      224
..................................................................


WIND (MPH)
  HIGHEST WIND SPEED    10   HIGHEST WIND DIRECTION    SE (150)
  HIGHEST GUST SPEED    17   HIGHEST GUST DIRECTION    SW (210)
  AVERAGE WIND SPEED     4.5


SKY COVER
  AVERAGE SKY COVER 0.0


WEATHER CONDITIONS
 THE FOLLOWING WEATHER WAS RECORDED YESTERDAY.
  FOG


RELATIVE HUMIDITY (PERCENT)
 HIGHEST   100           600 AM
 LOWEST     37           200 PM
 AVERAGE    69

..........................................................


THE INTERNATIONAL FALLS MN CLIMATE NORMALS FOR TODAY
                         NORMAL    RECORD    YEAR
 MAXIMUM TEMPERATURE (F)   51        81      1953
                                             1912
 MINIMUM TEMPERATURE (F)   31        10      1952


SUNRISE AND SUNSET
OCTOBER 16 2014.......SUNRISE   735 AM CDT   SUNSET   622 PM CDT
OCTOBER 17 2014.......SUNRISE   737 AM CDT   SUNSET   620 PM CDT


-  INDICATES NEGATIVE NUMBERS.
R  INDICATES RECORD WAS SET OR TIED.
MM INDICATES DATA IS MISSING.
T  INDICATES TRACE AMOUNT.




$$
