831
CDUS43 KDLH 190620
CLIINL


CLIMATE REPORT
NATIONAL WEATHER SERVICE DULUTH MN
119 AM CDT TUE JUL 19 2016


...................................

...THE INTERNATIONAL FALLS MN CLIMATE SUMMARY FOR JULY 18 2016...

CLIMATE NORMAL PERIOD 1981 TO 2010
CLIMATE RECORD PERIOD 1895 TO 2016


WEATHER ITEM   OBSERVED TIME   RECORD YEAR NORMAL DEPARTURE LAST
                VALUE   (LST)  VALUE       VALUE  FROM      YEAR
                                                  NORMAL
..................................................................
TEMPERATURE (F)
 YESTERDAY
  MAXIMUM         74    412 PM  98    1916  78     -4       80
  MINIMUM         49   1158 PM  38    1912  53     -4       58
  AVERAGE         62                        66     -4       69

PRECIPITATION (IN)
  YESTERDAY        0.00          2.15 2013   0.11  -0.11      T
  MONTH TO DATE    2.32                      2.37  -0.05     1.15
  SINCE JUN 1      9.24                      6.29   2.95     4.35
  SINCE JAN 1     17.04                     12.82   4.22    12.52

SNOWFALL (IN)
  YESTERDAY        0.0           0.0  2002   0.0    0.0      0.0
                                      2001
  MONTH TO DATE    0.0                       0.0    0.0      0.0
  SINCE JUN 1      0.0                       0.0    0.0      0.0
  SINCE JUL 1      0.0                       0.0    0.0      0.0
  SNOW DEPTH       0

DEGREE DAYS
 HEATING
  YESTERDAY        3                         2      1        0
  MONTH TO DATE   40                        43     -3       38
  SINCE JUN 1    207                       207      0      187
  SINCE JUL 1     40                        43     -3       38

 COOLING
  YESTERDAY        0                         3     -3        4
  MONTH TO DATE   28                        45    -17       45
  SINCE JUN 1     47                        83    -36       49
  SINCE JAN 1     49                        92    -43       49
..................................................................


WIND (MPH)
  HIGHEST WIND SPEED    15   HIGHEST WIND DIRECTION    NW (330)
  HIGHEST GUST SPEED    19   HIGHEST GUST DIRECTION     W (280)
  AVERAGE WIND SPEED     5.3


SKY COVER
  AVERAGE SKY COVER 0.1


WEATHER CONDITIONS
 THE FOLLOWING WEATHER WAS RECORDED YESTERDAY.
  NO SIGNIFICANT WEATHER WAS OBSERVED.


RELATIVE HUMIDITY (PERCENT)
 HIGHEST    93          1200 AM
 LOWEST     41           300 PM
 AVERAGE    67

..........................................................


THE INTERNATIONAL FALLS MN CLIMATE NORMALS FOR TODAY
                         NORMAL    RECORD    YEAR
 MAXIMUM TEMPERATURE (F)   78       100      1923
 MINIMUM TEMPERATURE (F)   53        37      2009


SUNRISE AND SUNSET
JULY 19 2016..........SUNRISE   532 AM CDT   SUNSET   907 PM CDT
JULY 20 2016..........SUNRISE   534 AM CDT   SUNSET   906 PM CDT


-  INDICATES NEGATIVE NUMBERS.
R  INDICATES RECORD WAS SET OR TIED.
MM INDICATES DATA IS MISSING.
T  INDICATES TRACE AMOUNT.




$$
