000
CDUS43 KDLH 150624
CLIINL


CLIMATE REPORT
NATIONAL WEATHER SERVICE DULUTH MN
123 AM CDT SUN MAY 15 2016


...................................

...THE INTERNATIONAL FALLS MN CLIMATE SUMMARY FOR MAY 14 2016...

CLIMATE NORMAL PERIOD 1981 TO 2010
CLIMATE RECORD PERIOD 1895 TO 2016


WEATHER ITEM   OBSERVED TIME   RECORD YEAR NORMAL DEPARTURE LAST
                VALUE   (LST)  VALUE       VALUE  FROM      YEAR
                                                  NORMAL
..................................................................
TEMPERATURE (F)
 YESTERDAY
  MAXIMUM         42    613 PM  89    1991  64    -22       59
  MINIMUM         27   1159 PM  24    2004  38    -11       42
                                      1921
  AVERAGE         35                        51    -16       51

PRECIPITATION (IN)
  YESTERDAY        T             0.78 1974   0.09  -0.09     0.57
  MONTH TO DATE    0.28                      1.16  -0.88     2.08
  SINCE MAR 1      5.10                      3.64   1.46     3.44
  SINCE JAN 1      6.47                      4.83   1.64     5.46

SNOWFALL (IN)
  YESTERDAY        T             1.5  1974   0.0    0.0      0.0
  MONTH TO DATE    T                         0.2   -0.2       T
  SINCE MAR 1     14.2                      14.2    0.0      7.8
  SINCE JUL 1     47.7                      71.0  -23.3     64.5
  SNOW DEPTH       T

DEGREE DAYS
 HEATING
  YESTERDAY       30                        14     16       14
  MONTH TO DATE  214                       227    -13      241
  SINCE MAR 1   2143                      2282   -139     2169
  SINCE JUL 1   8675                      9865  -1190     9923

 COOLING
  YESTERDAY        0                         0      0        0
  MONTH TO DATE    0                         0      0        0
  SINCE MAR 1      0                         1     -1        0
  SINCE JAN 1      0                         1     -1        0
..................................................................


WIND (MPH)
  HIGHEST WIND SPEED    21   HIGHEST WIND DIRECTION    NW (330)
  HIGHEST GUST SPEED    28   HIGHEST GUST DIRECTION    NW (320)
  AVERAGE WIND SPEED    10.6


SKY COVER
  AVERAGE SKY COVER 1.0


WEATHER CONDITIONS
 THE FOLLOWING WEATHER WAS RECORDED YESTERDAY.
  LIGHT SNOW
  FOG
  HAZE


RELATIVE HUMIDITY (PERCENT)
 HIGHEST    85           200 AM
 LOWEST     38           500 PM
 AVERAGE    62

..........................................................


THE INTERNATIONAL FALLS MN CLIMATE NORMALS FOR TODAY
                         NORMAL    RECORD    YEAR
 MAXIMUM TEMPERATURE (F)   65        85      1991
                                             1977
 MINIMUM TEMPERATURE (F)   38        24      2004


SUNRISE AND SUNSET
MAY 15 2016...........SUNRISE   532 AM CDT   SUNSET   848 PM CDT
MAY 16 2016...........SUNRISE   531 AM CDT   SUNSET   850 PM CDT


-  INDICATES NEGATIVE NUMBERS.
R  INDICATES RECORD WAS SET OR TIED.
MM INDICATES DATA IS MISSING.
T  INDICATES TRACE AMOUNT.




$$
