000
CDUS43 KDLH 122251
CLIINL


CLIMATE REPORT
NATIONAL WEATHER SERVICE DULUTH MN
551 PM CDT MON JUN 12 2017


...................................

...THE INTERNATIONAL FALLS MN CLIMATE SUMMARY FOR JUNE 12 2017...
VALID TODAY AS OF 0500 PM LOCAL TIME.

CLIMATE NORMAL PERIOD 1981 TO 2010
CLIMATE RECORD PERIOD 1895 TO 2017


WEATHER ITEM   OBSERVED TIME   RECORD YEAR NORMAL DEPARTURE LAST
                VALUE   (LST)  VALUE       VALUE  FROM      YEAR
                                                  NORMAL
..................................................................
TEMPERATURE (F)
 TODAY
  MAXIMUM         76    144 PM  93    1956  73      3       62
  MINIMUM         51    446 AM  30    1957  48      3       50
  AVERAGE         64                        60      4       56

PRECIPITATION (IN)
  TODAY            0.00                      0.13  -0.13     0.67
  MONTH TO DATE    1.10                      1.40  -0.30     1.75
  SINCE JUN 1      1.10                      1.40  -0.30     1.75
  SINCE JAN 1      7.72                      7.93  -0.21     9.55

SNOWFALL (IN)
  TODAY            0.0                       0.0    0.0      0.0
  MONTH TO DATE    0.0                       0.0    0.0      0.0
  SINCE JUL 1     70.4                      71.0   -0.6     47.7
  SNOW DEPTH       0

DEGREE DAYS
 HEATING
  TODAY            1                         6     -5        9
  MONTH TO DATE   21                        87    -66       94
  SINCE JUN 1     21                        87    -66       94
  SINCE JUL 1   8985                     10144  -1159     8922

 COOLING
  TODAY            0                         1     -1        0
  MONTH TO DATE    9                        12     -3        4
  SINCE JUN 1      9                        12     -3        4
  SINCE JAN 1      9                        21    -12        6
..................................................................


WIND (MPH)
  HIGHEST WIND SPEED    15   HIGHEST WIND DIRECTION    NW (330)
  HIGHEST GUST SPEED    18   HIGHEST GUST DIRECTION     W (290)


SKY COVER
  AVERAGE SKY COVER 0.1


WEATHER CONDITIONS
 THE FOLLOWING WEATHER WAS RECORDED TODAY.
  NO SIGNIFICANT WEATHER WAS OBSERVED.


RELATIVE HUMIDITY (PERCENT)
 HIGHEST    86           100 AM
 LOWEST     41           100 PM
 AVERAGE    64

..........................................................


THE INTERNATIONAL FALLS MN CLIMATE NORMALS FOR TOMORROW
                         NORMAL    RECORD    YEAR
 MAXIMUM TEMPERATURE (F)   73        92      1987
                                             1913
 MINIMUM TEMPERATURE (F)   48        33      1969


SUNRISE AND SUNSET
JUNE 12 2017..........SUNRISE   511 AM CDT   SUNSET   916 PM CDT
JUNE 13 2017..........SUNRISE   511 AM CDT   SUNSET   917 PM CDT


-  INDICATES NEGATIVE NUMBERS.
R  INDICATES RECORD WAS SET OR TIED.
MM INDICATES DATA IS MISSING.
T  INDICATES TRACE AMOUNT.




$$
