000
CDUS43 KDLH 160632
CLIINL


CLIMATE REPORT
NATIONAL WEATHER SERVICE DULUTH MN
131 AM CDT SAT MAY 16 2015


...................................

...THE INTERNATIONAL FALLS MN CLIMATE SUMMARY FOR MAY 15 2015...

CLIMATE NORMAL PERIOD 1981 TO 2010
CLIMATE RECORD PERIOD 1895 TO 2015


WEATHER ITEM   OBSERVED TIME   RECORD YEAR NORMAL DEPARTURE LAST
                VALUE   (LST)  VALUE       VALUE  FROM      YEAR
                                                  NORMAL
..................................................................
TEMPERATURE (F)
 YESTERDAY
  MAXIMUM         61    545 PM  85    1991  65     -4       47
                                      1977
  MINIMUM         40   1033 PM  24    2004  38      2       36
  AVERAGE         51                        52     -1       42

PRECIPITATION (IN)
  YESTERDAY        0.02          1.58 1998   0.09  -0.07      T
  MONTH TO DATE    2.10                      1.25   0.85     2.26
  SINCE MAR 1      3.46                      3.73  -0.27     5.25
  SINCE JAN 1      5.48                      4.92   0.56     7.00

SNOWFALL (IN)
  YESTERDAY        0.0           0.6  1970   0.0    0.0       T
  MONTH TO DATE    T                         0.2   -0.2       T
  SINCE MAR 1      7.8                      14.2   -6.4     24.8
  SINCE JUL 1     64.5                      71.0   -6.5    101.2
  SNOW DEPTH       0

DEGREE DAYS
 HEATING
  YESTERDAY       14                        14      0       23
  MONTH TO DATE  255                       241     14      336
  SINCE MAR 1   2183                      2296   -113     2849
  SINCE JUL 1   9937                      9879     58    11280

 COOLING
  YESTERDAY        0                         0      0        0
  MONTH TO DATE    0                         0      0        0
  SINCE MAR 1      0                         1     -1        0
  SINCE JAN 1      0                         1     -1        0
..................................................................


WIND (MPH)
  HIGHEST WIND SPEED    10   HIGHEST WIND DIRECTION    SW (240)
  HIGHEST GUST SPEED    14   HIGHEST GUST DIRECTION     W (250)
  AVERAGE WIND SPEED     3.4


SKY COVER
  AVERAGE SKY COVER 0.9


WEATHER CONDITIONS
 THE FOLLOWING WEATHER WAS RECORDED YESTERDAY.
  LIGHT RAIN
  FOG


RELATIVE HUMIDITY (PERCENT)
 HIGHEST    96          1000 PM
 LOWEST     51           600 PM
 AVERAGE    74

..........................................................


THE INTERNATIONAL FALLS MN CLIMATE NORMALS FOR TODAY
                         NORMAL    RECORD    YEAR
 MAXIMUM TEMPERATURE (F)   65        87      1972
 MINIMUM TEMPERATURE (F)   39        23      1956


SUNRISE AND SUNSET
MAY 16 2015...........SUNRISE   532 AM CDT   SUNSET   849 PM CDT
MAY 17 2015...........SUNRISE   531 AM CDT   SUNSET   850 PM CDT


-  INDICATES NEGATIVE NUMBERS.
R  INDICATES RECORD WAS SET OR TIED.
MM INDICATES DATA IS MISSING.
T  INDICATES TRACE AMOUNT.




$$
