000
CDUS43 KDLH 140641
CLIINL


CLIMATE REPORT
NATIONAL WEATHER SERVICE DULUTH MN
1241 AM CST SUN DEC 14 2014


...................................

...THE INTERNATIONAL FALLS MN CLIMATE SUMMARY FOR DECEMBER 13 2014...

CLIMATE NORMAL PERIOD 1981 TO 2010
CLIMATE RECORD PERIOD 1895 TO 2014


WEATHER ITEM   OBSERVED TIME   RECORD YEAR NORMAL DEPARTURE LAST
                VALUE   (LST)  VALUE       VALUE  FROM      YEAR
                                                  NORMAL
..................................................................
TEMPERATURE (F)
 YESTERDAY
  MAXIMUM         37    940 PM  45    1913  20     17       -7
  MINIMUM         33    627 AM -33    2010   1     32      -13
  AVERAGE         35                        10     25      -10

PRECIPITATION (IN)
  YESTERDAY        0.00          0.43 1995   0.02  -0.02     0.00
  MONTH TO DATE    0.20                      0.36  -0.16     1.00
  SINCE DEC 1      0.20                      0.36  -0.16     1.00
  SINCE JAN 1     29.57                     23.77   5.80    31.40

SNOWFALL (IN)
  YESTERDAY        0.0           7.1  1991   0.5   -0.5      0.0
  MONTH TO DATE    2.5                       6.3   -3.8     18.0
  SINCE DEC 1      2.5                       6.3   -3.8     18.0
  SINCE JUL 1     11.8                      22.3  -10.5     28.9
  SNOW DEPTH       4

DEGREE DAYS
 HEATING
  YESTERDAY       30                        55    -25       75
  MONTH TO DATE  619                       673    -54      868
  SINCE DEC 1    619                       673    -54      868
  SINCE JUL 1   3230                      3134     96     3226

 COOLING
  YESTERDAY        0                         0      0        0
  MONTH TO DATE    0                         0      0        0
  SINCE DEC 1      0                         0      0        0
  SINCE JAN 1    121                       192    -71      224
..................................................................


WIND (MPH)
  HIGHEST WIND SPEED     9   HIGHEST WIND DIRECTION    SW (210)
  HIGHEST GUST SPEED    13   HIGHEST GUST DIRECTION     S (180)
  AVERAGE WIND SPEED     4.7


SKY COVER
  AVERAGE SKY COVER 1.0


WEATHER CONDITIONS
 THE FOLLOWING WEATHER WAS RECORDED YESTERDAY.
  FOG
  FOG W/VISIBILITY <= 1/4 MILE


RELATIVE HUMIDITY (PERCENT)
 HIGHEST   100           700 AM
 LOWEST     89          1200 AM
 AVERAGE    95

..........................................................


THE INTERNATIONAL FALLS MN CLIMATE NORMALS FOR TODAY
                         NORMAL    RECORD    YEAR
 MAXIMUM TEMPERATURE (F)   19        47      1998
 MINIMUM TEMPERATURE (F)    1       -28      1917


SUNRISE AND SUNSET
DECEMBER 14 2014......SUNRISE   758 AM CST   SUNSET   418 PM CST
DECEMBER 15 2014......SUNRISE   759 AM CST   SUNSET   418 PM CST


-  INDICATES NEGATIVE NUMBERS.
R  INDICATES RECORD WAS SET OR TIED.
MM INDICATES DATA IS MISSING.
T  INDICATES TRACE AMOUNT.




$$
