000
CDUS43 KDLH 132313
CLIINL


CLIMATE REPORT
NATIONAL WEATHER SERVICE DULUTH MN
612 PM CDT WED JUL 13 2016


...................................

...THE INTERNATIONAL FALLS MN CLIMATE SUMMARY FOR JULY 13 2016...
VALID TODAY AS OF 0600 PM LOCAL TIME.

CLIMATE NORMAL PERIOD 1981 TO 2010
CLIMATE RECORD PERIOD 1895 TO 2016


WEATHER ITEM   OBSERVED TIME   RECORD YEAR NORMAL DEPARTURE LAST
                VALUE   (LST)  VALUE       VALUE  FROM      YEAR
                                                  NORMAL
..................................................................
TEMPERATURE (F)
 TODAY
  MAXIMUM         70    446 PM  93    1983  78     -8       78
  MINIMUM         63    954 AM  35    2009  53     10       62
  AVERAGE         67                        65      2       70

PRECIPITATION (IN)
  TODAY            0.15                      0.12   0.03     0.07
  MONTH TO DATE    1.59                      1.79  -0.20     0.61
  SINCE JUN 1      8.51                      5.71   2.80     3.81
  SINCE JAN 1     16.31                     12.24   4.07    11.98

SNOWFALL (IN)
  TODAY            0.0                       0.0    0.0      0.0
  MONTH TO DATE    0.0                       0.0    0.0      0.0
  SINCE JUL 1      0.0                       0.0    0.0      0.0
  SNOW DEPTH       0

DEGREE DAYS
 HEATING
  TODAY            0                         2     -2        0
  MONTH TO DATE   23                        33    -10       38
  SINCE JUN 1    190                       197     -7      187
  SINCE JUL 1     23                        33    -10       38

 COOLING
  TODAY            2                         3     -1        5
  MONTH TO DATE   25                        30     -5       23
  SINCE JUN 1     44                        68    -24       27
  SINCE JAN 1     46                        77    -31       27
..................................................................


WIND (MPH)
  HIGHEST WIND SPEED    18   HIGHEST WIND DIRECTION    SW (230)
  HIGHEST GUST SPEED    29   HIGHEST GUST DIRECTION    SW (220)


SKY COVER
  AVERAGE SKY COVER 0.7


WEATHER CONDITIONS
 THE FOLLOWING WEATHER WAS RECORDED TODAY.
  LIGHT RAIN
  FOG
  HAZE


RELATIVE HUMIDITY (PERCENT)
 HIGHEST    93           100 PM
 LOWEST     73           400 AM
 AVERAGE    83

..........................................................


THE INTERNATIONAL FALLS MN CLIMATE NORMALS FOR TOMORROW
                         NORMAL    RECORD    YEAR
 MAXIMUM TEMPERATURE (F)   78        96      1983
 MINIMUM TEMPERATURE (F)   53        38      1960


SUNRISE AND SUNSET
JULY 13 2016..........SUNRISE   526 AM CDT   SUNSET   912 PM CDT
JULY 14 2016..........SUNRISE   527 AM CDT   SUNSET   912 PM CDT


-  INDICATES NEGATIVE NUMBERS.
R  INDICATES RECORD WAS SET OR TIED.
MM INDICATES DATA IS MISSING.
T  INDICATES TRACE AMOUNT.




$$
