000
CDUS43 KDLH 312249
CLIINL


CLIMATE REPORT
NATIONAL WEATHER SERVICE DULUTH MN
449 PM CST SUN JAN 31 2016


...................................

...THE INTERNATIONAL FALLS MN CLIMATE SUMMARY FOR JANUARY 30 2016...

CLIMATE NORMAL PERIOD 1981 TO 2010
CLIMATE RECORD PERIOD 1895 TO 2016


WEATHER ITEM   OBSERVED TIME   RECORD YEAR NORMAL DEPARTURE LAST
                VALUE   (LST)  VALUE       VALUE  FROM      YEAR
                                                  NORMAL
..................................................................
TEMPERATURE (F)
 YESTERDAY
  MAXIMUM         40    225 PM  43    1999  17     23       15
  MINIMUM         29    747 AM -40    1950  -6     35      -19
                                      1909
  AVERAGE         35                         6     29       -2

PRECIPITATION (IN)
  YESTERDAY        0.00          0.29 1946   0.01  -0.01     0.07
  MONTH TO DATE    0.59                      0.60  -0.01     1.33
  SINCE DEC 1      1.66                      1.41   0.25     2.18
  SINCE JAN 1      0.59                      0.60  -0.01     1.33

SNOWFALL (IN)
  YESTERDAY        0.0           3.0  1974   0.4   -0.4      0.8
  MONTH TO DATE    8.8                      14.6   -5.8     20.6
  SINCE DEC 1     18.3                      29.6  -11.3     31.3
  SINCE JUL 1     22.1                      45.6  -23.5     40.6
  SNOW DEPTH      10

DEGREE DAYS
 HEATING
  YESTERDAY       30                        60    -30       67
  MONTH TO DATE 1655                      1820   -165     1748
  SINCE DEC 1   2968                      3534   -566     3211
  SINCE JUL 1   4974                      5995  -1021     5822

 COOLING
  YESTERDAY        0                         0      0        0
  MONTH TO DATE    0                         0      0        0
  SINCE DEC 1      0                         0      0        0
  SINCE JAN 1      0                         0      0        0
..................................................................


WIND (MPH)
  HIGHEST WIND SPEED    17   HIGHEST WIND DIRECTION     W (260)
  HIGHEST GUST SPEED    23   HIGHEST GUST DIRECTION     W (250)
  AVERAGE WIND SPEED     8.8


SKY COVER
  AVERAGE SKY COVER 0.5


WEATHER CONDITIONS
 THE FOLLOWING WEATHER WAS RECORDED YESTERDAY.
  NO SIGNIFICANT WEATHER WAS OBSERVED.


RELATIVE HUMIDITY (PERCENT)
 HIGHEST    92           100 AM
 LOWEST     64           200 PM
 AVERAGE    78

..........................................................


THE INTERNATIONAL FALLS MN CLIMATE NORMALS FOR TODAY
                         NORMAL    RECORD    YEAR
 MAXIMUM TEMPERATURE (F)   17        45      1999
 MINIMUM TEMPERATURE (F)   -6       -35      1996
                                             1985
                                             1982


SUNRISE AND SUNSET
JANUARY 31 2016.......SUNRISE   745 AM CST   SUNSET   510 PM CST
FEBRUARY  1 2016......SUNRISE   744 AM CST   SUNSET   511 PM CST


-  INDICATES NEGATIVE NUMBERS.
R  INDICATES RECORD WAS SET OR TIED.
MM INDICATES DATA IS MISSING.
T  INDICATES TRACE AMOUNT.




$$
