000
CDUS43 KDLH 172254
CLIINL


CLIMATE REPORT
NATIONAL WEATHER SERVICE DULUTH MN
553 PM CDT WED AUG 17 2016


...................................

...THE INTERNATIONAL FALLS MN CLIMATE SUMMARY FOR AUGUST 17 2016...
VALID TODAY AS OF 0500 PM LOCAL TIME.

CLIMATE NORMAL PERIOD 1981 TO 2010
CLIMATE RECORD PERIOD 1895 TO 2016


WEATHER ITEM   OBSERVED TIME   RECORD YEAR NORMAL DEPARTURE LAST
                VALUE   (LST)  VALUE       VALUE  FROM      YEAR
                                                  NORMAL
..................................................................
TEMPERATURE (F)
 TODAY
  MAXIMUM         83    344 PM  90    1906  76      7       71
  MINIMUM         51    543 AM  35    1954  51      0       42
  AVERAGE         67                        64      3       57

PRECIPITATION (IN)
  TODAY            0.00                      0.08  -0.08     0.00
  MONTH TO DATE    2.17                      1.55   0.62     2.06
  SINCE JUN 1     11.52                      9.17   2.35     6.73
  SINCE JAN 1     19.32                     15.70   3.62    14.90

SNOWFALL (IN)
  TODAY            0.0                       0.0    0.0      0.0
  MONTH TO DATE    0.0                       0.0    0.0      0.0
  SINCE JUL 1      0.0                       0.0    0.0      0.0
  SNOW DEPTH       0

DEGREE DAYS
 HEATING
  TODAY            0                         3     -3        8
  MONTH TO DATE   16                        45    -29       45
  SINCE JUN 1    226                       279    -53      241
  SINCE JUL 1     59                       115    -56       92

 COOLING
  TODAY            2                         2      0        0
  MONTH TO DATE   30                        34     -4       42
  SINCE JUN 1    130                       148    -18      137
  SINCE JAN 1    132                       157    -25      137
..................................................................


WIND (MPH)
  HIGHEST WIND SPEED    13   HIGHEST WIND DIRECTION    NW (330)
  HIGHEST GUST SPEED    20   HIGHEST GUST DIRECTION     W (280)


SKY COVER
  AVERAGE SKY COVER 0.0


WEATHER CONDITIONS
 THE FOLLOWING WEATHER WAS RECORDED TODAY.
  NO SIGNIFICANT WEATHER WAS OBSERVED.


RELATIVE HUMIDITY (PERCENT)
 HIGHEST   100          1200 AM
 LOWEST     40           300 PM
 AVERAGE    70

..........................................................


THE INTERNATIONAL FALLS MN CLIMATE NORMALS FOR TOMORROW
                         NORMAL    RECORD    YEAR
 MAXIMUM TEMPERATURE (F)   76        95      2003
                                             1955
 MINIMUM TEMPERATURE (F)   51        36      1910


SUNRISE AND SUNSET
AUGUST 17 2016........SUNRISE   611 AM CDT   SUNSET   823 PM CDT
AUGUST 18 2016........SUNRISE   612 AM CDT   SUNSET   822 PM CDT


-  INDICATES NEGATIVE NUMBERS.
R  INDICATES RECORD WAS SET OR TIED.
MM INDICATES DATA IS MISSING.
T  INDICATES TRACE AMOUNT.




$$
