000
CDUS43 KDLH 210624
CLIINL


CLIMATE REPORT
NATIONAL WEATHER SERVICE DULUTH MN
123 AM CDT THU APR 21 2016


...................................

...THE INTERNATIONAL FALLS MN CLIMATE SUMMARY FOR APRIL 20 2016...

CLIMATE NORMAL PERIOD 1981 TO 2010
CLIMATE RECORD PERIOD 1895 TO 2016


WEATHER ITEM   OBSERVED TIME   RECORD YEAR NORMAL DEPARTURE LAST
                VALUE   (LST)  VALUE       VALUE  FROM      YEAR
                                                  NORMAL
..................................................................
TEMPERATURE (F)
 YESTERDAY
  MAXIMUM         65    221 PM  85    1923  54     11       35
  MINIMUM         33   1242 AM   4    2013  29      4       29
  AVERAGE         49                        42      7       32

PRECIPITATION (IN)
  YESTERDAY        0.00          0.85 1895   0.05  -0.05     0.06
  MONTH TO DATE    1.04                      0.92   0.12     0.60
  SINCE MAR 1      3.75                      1.87   1.88     1.24
  SINCE JAN 1      5.12                      3.06   2.06     3.26

SNOWFALL (IN)
  YESTERDAY        0.0           5.0  1970   0.2   -0.2      0.4
  MONTH TO DATE    4.9                       5.1   -0.2      2.4
  SINCE MAR 1     14.2                      12.7    1.5      5.9
  SINCE JUL 1     47.7                      69.5  -21.8     62.6
  SNOW DEPTH       0

DEGREE DAYS
 HEATING
  YESTERDAY       16                        23     -7       33
  MONTH TO DATE  593                       562     31      505
  SINCE MAR 1   1696                      1845   -149     1674
  SINCE JUL 1   8228                      9428  -1200     9428

 COOLING
  YESTERDAY        0                         0      0        0
  MONTH TO DATE    0                         0      0        0
  SINCE MAR 1      0                         0      0        0
  SINCE JAN 1      0                         0      0        0
..................................................................


WIND (MPH)
  HIGHEST WIND SPEED    13   HIGHEST WIND DIRECTION    SW (210)
  HIGHEST GUST SPEED    17   HIGHEST GUST DIRECTION     S (200)
  AVERAGE WIND SPEED     4.0


SKY COVER
  AVERAGE SKY COVER 0.7


WEATHER CONDITIONS
 THE FOLLOWING WEATHER WAS RECORDED YESTERDAY.
  NO SIGNIFICANT WEATHER WAS OBSERVED.


RELATIVE HUMIDITY (PERCENT)
 HIGHEST   100          1100 PM
 LOWEST     56           300 PM
 AVERAGE    78

..........................................................


THE INTERNATIONAL FALLS MN CLIMATE NORMALS FOR TODAY
                         NORMAL    RECORD    YEAR
 MAXIMUM TEMPERATURE (F)   55        90      1980
 MINIMUM TEMPERATURE (F)   30        11      1966


SUNRISE AND SUNSET
APRIL 21 2016.........SUNRISE   611 AM CDT   SUNSET   815 PM CDT
APRIL 22 2016.........SUNRISE   609 AM CDT   SUNSET   816 PM CDT


-  INDICATES NEGATIVE NUMBERS.
R  INDICATES RECORD WAS SET OR TIED.
MM INDICATES DATA IS MISSING.
T  INDICATES TRACE AMOUNT.




$$
