000
CDUS43 KDLH 052238
CLIINL


CLIMATE REPORT
NATIONAL WEATHER SERVICE DULUTH MN
430 PM CST SUN NOV 5 2017


...................................

...THE INTERNATIONAL FALLS MN CLIMATE SUMMARY FOR NOVEMBER 5 2017...
VALID TODAY AS OF 0400 PM LOCAL TIME.

CLIMATE NORMAL PERIOD 1981 TO 2010
CLIMATE RECORD PERIOD 1895 TO 2017


WEATHER ITEM   OBSERVED TIME   RECORD YEAR NORMAL DEPARTURE LAST
                VALUE   (LST)  VALUE       VALUE  FROM      YEAR
                                                  NORMAL
..................................................................
TEMPERATURE (F)
 TODAY
  MAXIMUM         34    107 AM  73    1975  40     -6       68
  MINIMUM         25    359 PM  -1    1991  24      1       27
                                      1951
  AVERAGE         30                        32     -2       48

PRECIPITATION (IN)
  TODAY            T                         0.05  -0.05     0.00
  MONTH TO DATE    0.88                      0.26   0.62     0.17
  SINCE SEP 1      5.46                      5.33   0.13     4.98
  SINCE JAN 1     22.20                     22.29  -0.09    25.54

SNOWFALL (IN)
  TODAY            T                         0.3   -0.3      0.0
  MONTH TO DATE    8.6                       1.4    7.2      0.0
  SINCE JUL 1     10.7                       3.7    7.0       T
  SNOW DEPTH       7

DEGREE DAYS
 HEATING
  TODAY           35                        33      2       17
  MONTH TO DATE  185                       160     25      112
  SINCE SEP 1   1103                      1256   -153      976
  SINCE JUL 1   1314                      1437   -123     1093

 COOLING
  TODAY            0                         0      0        0
  MONTH TO DATE    0                         0      0        0
  SINCE SEP 1      7                        11     -4        7
  SINCE JAN 1     86                       192   -106      155
..................................................................


WIND (MPH)
  HIGHEST WIND SPEED    21   HIGHEST WIND DIRECTION     W (280)
  HIGHEST GUST SPEED    27   HIGHEST GUST DIRECTION     W (280)


SKY COVER
  AVERAGE SKY COVER 0.9


WEATHER CONDITIONS
 THE FOLLOWING WEATHER WAS RECORDED TODAY.
  FOG
  HAZE


RELATIVE HUMIDITY (PERCENT)
 HIGHEST    89           100 AM
 LOWEST     68           700 AM
 AVERAGE    79

..........................................................


THE INTERNATIONAL FALLS MN CLIMATE NORMALS FOR TOMORROW
                         NORMAL    RECORD    YEAR
 MAXIMUM TEMPERATURE (F)   40        71      2016
 MINIMUM TEMPERATURE (F)   23        -5      1991


SUNRISE AND SUNSET
NOVEMBER  5 2017......SUNRISE   707 AM CST   SUNSET   447 PM CST
NOVEMBER  6 2017......SUNRISE   708 AM CST   SUNSET   446 PM CST


-  INDICATES NEGATIVE NUMBERS.
R  INDICATES RECORD WAS SET OR TIED.
MM INDICATES DATA IS MISSING.
T  INDICATES TRACE AMOUNT.




$$
