047
CDUS43 KDLH 170621
CLIINL


CLIMATE REPORT
NATIONAL WEATHER SERVICE DULUTH MN
121 AM CDT SUN JUL 17 2016


...................................

...THE INTERNATIONAL FALLS MN CLIMATE SUMMARY FOR JULY 16 2016...

CLIMATE NORMAL PERIOD 1981 TO 2010
CLIMATE RECORD PERIOD 1895 TO 2016


WEATHER ITEM   OBSERVED TIME   RECORD YEAR NORMAL DEPARTURE LAST
                VALUE   (LST)  VALUE       VALUE  FROM      YEAR
                                                  NORMAL
..................................................................
TEMPERATURE (F)
 YESTERDAY
  MAXIMUM         76    414 PM  96    1964  78     -2       75
  MINIMUM         43    444 AM  39    2014  53    -10       60
  AVERAGE         60                        65     -5       68

PRECIPITATION (IN)
  YESTERDAY        T             1.30 1913   0.11  -0.11     0.41
  MONTH TO DATE    1.75                      2.14  -0.39     1.15
  SINCE JUN 1      8.67                      6.06   2.61     4.35
  SINCE JAN 1     16.47                     12.59   3.88    12.52

SNOWFALL (IN)
  YESTERDAY        0.0           0.0  2002   0.0    0.0      0.0
                                      2001
  MONTH TO DATE    0.0                       0.0    0.0      0.0
  SINCE JUN 1      0.0                       0.0    0.0      0.0
  SINCE JUL 1      0.0                       0.0    0.0      0.0
  SNOW DEPTH       0

DEGREE DAYS
 HEATING
  YESTERDAY        5                         2      3        0
  MONTH TO DATE   37                        39     -2       38
  SINCE JUN 1    204                       203      1      187
  SINCE JUL 1     37                        39     -2       38

 COOLING
  YESTERDAY        0                         3     -3        3
  MONTH TO DATE   25                        39    -14       34
  SINCE JUN 1     44                        77    -33       38
  SINCE JAN 1     46                        86    -40       38
..................................................................


WIND (MPH)
  HIGHEST WIND SPEED    14   HIGHEST WIND DIRECTION    SW (230)
  HIGHEST GUST SPEED    20   HIGHEST GUST DIRECTION    SW (220)
  AVERAGE WIND SPEED     2.8


SKY COVER
  AVERAGE SKY COVER 0.4


WEATHER CONDITIONS
 THE FOLLOWING WEATHER WAS RECORDED YESTERDAY.
  LIGHT RAIN
  HAZE


RELATIVE HUMIDITY (PERCENT)
 HIGHEST   100           100 AM
 LOWEST     53          1100 AM
 AVERAGE    77

..........................................................


THE INTERNATIONAL FALLS MN CLIMATE NORMALS FOR TODAY
                         NORMAL    RECORD    YEAR
 MAXIMUM TEMPERATURE (F)   78        94      1991
 MINIMUM TEMPERATURE (F)   53        42      1918


SUNRISE AND SUNSET
JULY 17 2016..........SUNRISE   530 AM CDT   SUNSET   909 PM CDT
JULY 18 2016..........SUNRISE   531 AM CDT   SUNSET   908 PM CDT


-  INDICATES NEGATIVE NUMBERS.
R  INDICATES RECORD WAS SET OR TIED.
MM INDICATES DATA IS MISSING.
T  INDICATES TRACE AMOUNT.




$$
