000
CDUS43 KDLH 190628
CLIINL


CLIMATE REPORT
NATIONAL WEATHER SERVICE DULUTH MN
127 AM CDT SUN MAR 19 2017


...................................

...THE INTERNATIONAL FALLS MN CLIMATE SUMMARY FOR MARCH 18 2017...

CLIMATE NORMAL PERIOD 1981 TO 2010
CLIMATE RECORD PERIOD 1895 TO 2017


WEATHER ITEM   OBSERVED TIME   RECORD YEAR NORMAL DEPARTURE LAST
                VALUE   (LST)  VALUE       VALUE  FROM      YEAR
                                                  NORMAL
..................................................................
TEMPERATURE (F)
 YESTERDAY
  MAXIMUM         30    544 PM  79    2012  36     -6       28
  MINIMUM         16    914 AM -32    1897  14      2        9
  AVERAGE         23                        24     -1       19

PRECIPITATION (IN)
  YESTERDAY        T             0.73 1951   0.04  -0.04     0.00
  MONTH TO DATE    0.44                      0.47  -0.03     2.45
  SINCE MAR 1      0.44                      0.47  -0.03     2.45
  SINCE JAN 1      3.19                      1.66   1.53     3.82

SNOWFALL (IN)
  YESTERDAY        T             7.7  1951   0.3   -0.3      0.0
  MONTH TO DATE    4.1                       4.7   -0.6      8.7
  SINCE MAR 1      4.1                       4.7   -0.6      8.7
  SINCE JUL 1     67.4                      61.5    5.9     42.2
  SNOW DEPTH       8

DEGREE DAYS
 HEATING
  YESTERDAY       42                        40      2       46
  MONTH TO DATE  874                       802     72      657
  SINCE MAR 1    874                       802     72      657
  SINCE JUL 1   7348                      8385  -1037     7189

 COOLING
  YESTERDAY        0                         0      0        0
  MONTH TO DATE    0                         0      0        0
  SINCE MAR 1      0                         0      0        0
  SINCE JAN 1      0                         0      0        0
..................................................................


WIND (MPH)
  HIGHEST WIND SPEED    22   HIGHEST WIND DIRECTION    NW (330)
  HIGHEST GUST SPEED    26   HIGHEST GUST DIRECTION    NW (320)
  AVERAGE WIND SPEED     9.3


SKY COVER
  AVERAGE SKY COVER 0.6


WEATHER CONDITIONS
 THE FOLLOWING WEATHER WAS RECORDED YESTERDAY.
  LIGHT SNOW
  HAZE


RELATIVE HUMIDITY (PERCENT)
 HIGHEST    81          1200 AM
 LOWEST     58           300 PM
 AVERAGE    70

..........................................................


THE INTERNATIONAL FALLS MN CLIMATE NORMALS FOR TODAY
                         NORMAL    RECORD    YEAR
 MAXIMUM TEMPERATURE (F)   36        78      2012
 MINIMUM TEMPERATURE (F)   14       -22      1923


SUNRISE AND SUNSET
MARCH 19 2017.........SUNRISE   718 AM CDT   SUNSET   725 PM CDT
MARCH 20 2017.........SUNRISE   716 AM CDT   SUNSET   727 PM CDT


-  INDICATES NEGATIVE NUMBERS.
R  INDICATES RECORD WAS SET OR TIED.
MM INDICATES DATA IS MISSING.
T  INDICATES TRACE AMOUNT.




$$
