000
CDUS43 KDLH 150637
CLIINL


CLIMATE REPORT
NATIONAL WEATHER SERVICE DULUTH MN
136 AM CDT TUE AUG 15 2017


...................................

...THE INTERNATIONAL FALLS MN CLIMATE SUMMARY FOR AUGUST 14 2017...

CLIMATE NORMAL PERIOD 1981 TO 2010
CLIMATE RECORD PERIOD 1895 TO 2017


WEATHER ITEM   OBSERVED TIME   RECORD YEAR NORMAL DEPARTURE LAST
                VALUE   (LST)  VALUE       VALUE  FROM      YEAR
                                                  NORMAL
..................................................................
TEMPERATURE (F)
 YESTERDAY
  MAXIMUM         78    427 PM  92    1961  77      1       77
                                      1922
  MINIMUM         52   1159 PM  35    2013  51      1       49
                                      1997
                                      1964
  AVERAGE         65                        64      1       63

PRECIPITATION (IN)
  YESTERDAY        T             0.75 1911   0.10  -0.10     0.00
  MONTH TO DATE    1.64                      1.30   0.34     2.17
  SINCE JUN 1      7.68                      8.92  -1.24    11.52
  SINCE JAN 1     14.30                     15.45  -1.15    19.32

SNOWFALL (IN)
  YESTERDAY        0.0           0.0  2002   0.0    0.0      0.0
                                      2001
  MONTH TO DATE    0.0                       0.0    0.0      0.0
  SINCE JUN 1      0.0                       0.0    0.0      0.0
  SINCE JUL 1      0.0                       0.0    0.0      0.0
  SNOW DEPTH       0

DEGREE DAYS
 HEATING
  YESTERDAY        0                         3     -3        2
  MONTH TO DATE   49                        36     13       15
  SINCE JUN 1    240                       270    -30      225
  SINCE JUL 1    116                       106     10       58

 COOLING
  YESTERDAY        0                         2     -2        0
  MONTH TO DATE    9                        28    -19       25
  SINCE JUN 1     75                       142    -67      125
  SINCE JAN 1     75                       151    -76      127
..................................................................


WIND (MPH)
  HIGHEST WIND SPEED     7   HIGHEST WIND DIRECTION     W (280)
  HIGHEST GUST SPEED    11   HIGHEST GUST DIRECTION     S (180)
  AVERAGE WIND SPEED     1.4


SKY COVER
  AVERAGE SKY COVER 0.3


WEATHER CONDITIONS
 THE FOLLOWING WEATHER WAS RECORDED YESTERDAY.
  FOG


RELATIVE HUMIDITY (PERCENT)
 HIGHEST   100           500 AM
 LOWEST     46           100 PM
 AVERAGE    73

..........................................................


THE INTERNATIONAL FALLS MN CLIMATE NORMALS FOR TODAY
                         NORMAL    RECORD    YEAR
 MAXIMUM TEMPERATURE (F)   77        89      2015
                                             1988
                                             1967
 MINIMUM TEMPERATURE (F)   51        33      1979


SUNRISE AND SUNSET
AUGUST 15 2017........SUNRISE   607 AM CDT   SUNSET   828 PM CDT
AUGUST 16 2017........SUNRISE   609 AM CDT   SUNSET   826 PM CDT


-  INDICATES NEGATIVE NUMBERS.
R  INDICATES RECORD WAS SET OR TIED.
MM INDICATES DATA IS MISSING.
T  INDICATES TRACE AMOUNT.




$$
