000
CDUS43 KDLH 040635
CLIINL


CLIMATE REPORT
NATIONAL WEATHER SERVICE DULUTH MN
1234 AM CST WED JAN 4 2017


...................................

...THE INTERNATIONAL FALLS MN CLIMATE SUMMARY FOR JANUARY 3 2017...

CLIMATE NORMAL PERIOD 1981 TO 2010
CLIMATE RECORD PERIOD 1895 TO 2017


WEATHER ITEM   OBSERVED TIME   RECORD YEAR NORMAL DEPARTURE LAST
                VALUE   (LST)  VALUE       VALUE  FROM      YEAR
                                                  NORMAL
..................................................................
TEMPERATURE (F)
 YESTERDAY
  MAXIMUM         19    536 AM  41    2007  15      4       27
  MINIMUM         -7   1159 PM -37    2010  -6     -1       21
  AVERAGE          6                         5      1       24

PRECIPITATION (IN)
  YESTERDAY        0.30          0.58 2015   0.02   0.28      T
  MONTH TO DATE    0.57                      0.07   0.50      T
  SINCE DEC 1      2.76                      0.88   1.88     1.07
  SINCE JAN 1      0.57                      0.07   0.50      T

SNOWFALL (IN)
  YESTERDAY        6.2           8.4  2009   0.6    5.6      0.0
  MONTH TO DATE   10.1                       1.6    8.5      0.0
  SINCE DEC 1     35.6                      16.6   19.0      9.5
  SINCE JUL 1     44.0                      32.6   11.4     13.3
  SNOW DEPTH      19

DEGREE DAYS
 HEATING
  YESTERDAY       59                        60     -1       41
  MONTH TO DATE  170                       180    -10      132
  SINCE DEC 1   1836                      1894    -58     1445
  SINCE JUL 1   3642                      4355   -713     3451

 COOLING
  YESTERDAY        0                         0      0        0
  MONTH TO DATE    0                         0      0        0
  SINCE DEC 1      0                         0      0        0
  SINCE JAN 1      0                         0      0        0
..................................................................


WIND (MPH)
  HIGHEST WIND SPEED    23   HIGHEST WIND DIRECTION    NW (310)
  HIGHEST GUST SPEED    29   HIGHEST GUST DIRECTION    NW (300)
  AVERAGE WIND SPEED    11.3


SKY COVER
  AVERAGE SKY COVER 1.0


WEATHER CONDITIONS
 THE FOLLOWING WEATHER WAS RECORDED YESTERDAY.
  HEAVY SNOW
  SNOW
  LIGHT SNOW
  FOG
  FOG W/VISIBILITY <= 1/4 MILE
  HAZE
  BLOWING SNOW


RELATIVE HUMIDITY (PERCENT)
 HIGHEST    92           500 AM
 LOWEST     73           300 PM
 AVERAGE    83

..........................................................


THE INTERNATIONAL FALLS MN CLIMATE NORMALS FOR TODAY
                         NORMAL    RECORD    YEAR
 MAXIMUM TEMPERATURE (F)   15        37      2007
 MINIMUM TEMPERATURE (F)   -6       -39      1981


SUNRISE AND SUNSET
JANUARY  4 2017.......SUNRISE   806 AM CST   SUNSET   432 PM CST
JANUARY  5 2017.......SUNRISE   805 AM CST   SUNSET   433 PM CST


-  INDICATES NEGATIVE NUMBERS.
R  INDICATES RECORD WAS SET OR TIED.
MM INDICATES DATA IS MISSING.
T  INDICATES TRACE AMOUNT.




$$
