000
CDUS43 KDLH 070619
CLIINL


CLIMATE REPORT
NATIONAL WEATHER SERVICE DULUTH MN
118 AM CDT THU JUL 7 2016


...................................

...THE INTERNATIONAL FALLS MN CLIMATE SUMMARY FOR JULY 6 2016...

CLIMATE NORMAL PERIOD 1981 TO 2010
CLIMATE RECORD PERIOD 1895 TO 2016


WEATHER ITEM   OBSERVED TIME   RECORD YEAR NORMAL DEPARTURE LAST
                VALUE   (LST)  VALUE       VALUE  FROM      YEAR
                                                  NORMAL
..................................................................
TEMPERATURE (F)
 YESTERDAY
  MAXIMUM         80    212 PM  98    1988  77      3       64
  MINIMUM         51   1159 PM  35    1997  52     -1       46
                                      1918
  AVERAGE         66                        65      1       55

PRECIPITATION (IN)
  YESTERDAY        0.00          2.73 1955   0.14  -0.14     0.00
  MONTH TO DATE    0.02                      0.88  -0.86     0.10
  SINCE JUN 1      6.94                      4.80   2.14     3.30
  SINCE JAN 1     14.74                     11.33   3.41    11.47

SNOWFALL (IN)
  YESTERDAY        0.0           T    1955   0.0    0.0      0.0
  MONTH TO DATE    0.0                       0.0    0.0      0.0
  SINCE JUN 1      0.0                       0.0    0.0      0.0
  SINCE JUL 1      0.0                       0.0    0.0      0.0
  SNOW DEPTH       0

DEGREE DAYS
 HEATING
  YESTERDAY        0                         3     -3       10
  MONTH TO DATE   16                        18     -2       16
  SINCE JUN 1    183                       182      1      165
  SINCE JUL 1     16                        18     -2       16

 COOLING
  YESTERDAY        1                         2     -1        0
  MONTH TO DATE    8                        12     -4        5
  SINCE JUN 1     27                        50    -23        9
  SINCE JAN 1     29                        59    -30        9
..................................................................


WIND (MPH)
  HIGHEST WIND SPEED    16   HIGHEST WIND DIRECTION    NW (310)
  HIGHEST GUST SPEED    19   HIGHEST GUST DIRECTION     W (290)
  AVERAGE WIND SPEED     4.3


SKY COVER
  AVERAGE SKY COVER 0.1


WEATHER CONDITIONS
 THE FOLLOWING WEATHER WAS RECORDED YESTERDAY.
  NO SIGNIFICANT WEATHER WAS OBSERVED.


RELATIVE HUMIDITY (PERCENT)
 HIGHEST   100          1200 AM
 LOWEST     42           400 PM
 AVERAGE    71

..........................................................


THE INTERNATIONAL FALLS MN CLIMATE NORMALS FOR TODAY
                         NORMAL    RECORD    YEAR
 MAXIMUM TEMPERATURE (F)   77        97      1926
 MINIMUM TEMPERATURE (F)   53        34      1997


SUNRISE AND SUNSET
JULY  7 2016..........SUNRISE   520 AM CDT   SUNSET   917 PM CDT
JULY  8 2016..........SUNRISE   521 AM CDT   SUNSET   916 PM CDT


-  INDICATES NEGATIVE NUMBERS.
R  INDICATES RECORD WAS SET OR TIED.
MM INDICATES DATA IS MISSING.
T  INDICATES TRACE AMOUNT.




$$
