201
CDUS43 KDLH 280643
CLIINL


CLIMATE REPORT
NATIONAL WEATHER SERVICE DULUTH MN
1240 AM CST THU JAN 28 2016


...................................

...THE INTERNATIONAL FALLS MN CLIMATE SUMMARY FOR JANUARY 27 2016...

CLIMATE NORMAL PERIOD 1981 TO 2010
CLIMATE RECORD PERIOD 1895 TO 2016


WEATHER ITEM   OBSERVED TIME   RECORD YEAR NORMAL DEPARTURE LAST
                VALUE   (LST)  VALUE       VALUE  FROM      YEAR
                                                  NORMAL
..................................................................
TEMPERATURE (F)
 YESTERDAY
  MAXIMUM         29    310 PM  44    2006  16     13       31
  MINIMUM         19    606 AM -36    1966  -7     26       22
                                      1955
                                      1915
  AVERAGE         24                         5     19       27

PRECIPITATION (IN)
  YESTERDAY        0.29          0.40 2003   0.02   0.27     0.05
  MONTH TO DATE    0.56                      0.56   0.00     1.26
  SINCE DEC 1      1.63                      1.37   0.26     2.11
  SINCE JAN 1      0.56                      0.56   0.00     1.26

SNOWFALL (IN)
  YESTERDAY        3.3           4.7  1993   0.4    2.9      1.0
  MONTH TO DATE    7.9                      13.4   -5.5     19.6
  SINCE DEC 1     17.4                      28.4  -11.0     30.3
  SINCE JUL 1     21.2                      44.4  -23.2     39.6
  SNOW DEPTH       9

DEGREE DAYS
 HEATING
  YESTERDAY       41                        60    -19       38
  MONTH TO DATE 1521                      1640   -119     1584
  SINCE DEC 1   2834                      3354   -520     3047
  SINCE JUL 1   4840                      5815   -975     5658

 COOLING
  YESTERDAY        0                         0      0        0
  MONTH TO DATE    0                         0      0        0
  SINCE DEC 1      0                         0      0        0
  SINCE JAN 1      0                         0      0        0
..................................................................


WIND (MPH)
  HIGHEST WIND SPEED    23   HIGHEST WIND DIRECTION     W (290)
  HIGHEST GUST SPEED    30   HIGHEST GUST DIRECTION    NW (310)
  AVERAGE WIND SPEED    11.4


SKY COVER
  AVERAGE SKY COVER 1.0


WEATHER CONDITIONS
 THE FOLLOWING WEATHER WAS RECORDED YESTERDAY.
  LT FREEZING RAIN
  HEAVY SNOW
  SNOW
  LIGHT SNOW
  FOG
  FOG W/VISIBILITY <= 1/4 MILE
  HAZE


RELATIVE HUMIDITY (PERCENT)
 HIGHEST    92          1000 AM
 LOWEST     73          1200 AM
 AVERAGE    83

..........................................................


THE INTERNATIONAL FALLS MN CLIMATE NORMALS FOR TODAY
                         NORMAL    RECORD    YEAR
 MAXIMUM TEMPERATURE (F)   17        38      1922
 MINIMUM TEMPERATURE (F)   -7       -43      1966


SUNRISE AND SUNSET
JANUARY 28 2016.......SUNRISE   748 AM CST   SUNSET   505 PM CST
JANUARY 29 2016.......SUNRISE   747 AM CST   SUNSET   507 PM CST


-  INDICATES NEGATIVE NUMBERS.
R  INDICATES RECORD WAS SET OR TIED.
MM INDICATES DATA IS MISSING.
T  INDICATES TRACE AMOUNT.




$$
