000
CDUS43 KDLH 240621
CLIINL


CLIMATE REPORT
NATIONAL WEATHER SERVICE DULUTH MN
119 AM CDT WED JUN 24 2015


...................................

...THE INTERNATIONAL FALLS MN CLIMATE SUMMARY FOR JUNE 23 2015...

CLIMATE NORMAL PERIOD 1981 TO 2010
CLIMATE RECORD PERIOD 1895 TO 2015


WEATHER ITEM   OBSERVED TIME   RECORD YEAR NORMAL DEPARTURE LAST
                VALUE   (LST)  VALUE       VALUE  FROM      YEAR
                                                  NORMAL
..................................................................
TEMPERATURE (F)
 YESTERDAY
  MAXIMUM         79    239 PM  96    1912  75      4       79
  MINIMUM         43    410 AM  29    2004  51     -8       50
  AVERAGE         61                        63     -2       65

PRECIPITATION (IN)
  YESTERDAY        0.05          1.15 1919   0.15  -0.10      T
  MONTH TO DATE    2.05                      2.94  -0.89     9.04
  SINCE JUN 1      2.05                      2.94  -0.89     9.04
  SINCE JAN 1     10.22                      9.47   0.75    17.86

SNOWFALL (IN)
  YESTERDAY        0.0                       0.0    0.0      0.0
  MONTH TO DATE    0.0                       0.0    0.0      0.0
  SINCE JUN 1      0.0                       0.0    0.0      0.0
  SINCE JUL 1     64.5                      71.0   -6.5    101.2
  SNOW DEPTH       0

DEGREE DAYS
 HEATING
  YESTERDAY        4                         4      0        0
  MONTH TO DATE  142                       140      2      113
  SINCE JUN 1    142                       140      2      113
  SINCE JUL 1  10276                     10197     79    11495

 COOLING
  YESTERDAY        0                         2     -2        0
  MONTH TO DATE    1                        28    -27        9
  SINCE JUN 1      1                        28    -27        9
  SINCE JAN 1      1                        37    -36       32
..................................................................


WIND (MPH)
  HIGHEST WIND SPEED    22   HIGHEST WIND DIRECTION    NW (330)
  HIGHEST GUST SPEED    27   HIGHEST GUST DIRECTION    NW (300)
  AVERAGE WIND SPEED     6.1


SKY COVER
  AVERAGE SKY COVER 0.1


WEATHER CONDITIONS
 THE FOLLOWING WEATHER WAS RECORDED YESTERDAY.
  THUNDERSTORM
  LIGHT RAIN
  HAZE


RELATIVE HUMIDITY (PERCENT)
 HIGHEST   100           200 AM
 LOWEST     38           200 PM
 AVERAGE    69

..........................................................


THE INTERNATIONAL FALLS MN CLIMATE NORMALS FOR TODAY
                         NORMAL    RECORD    YEAR
 MAXIMUM TEMPERATURE (F)   75        95      1910
 MINIMUM TEMPERATURE (F)   51        37      1986


SUNRISE AND SUNSET
JUNE 24 2015..........SUNRISE   512 AM CDT   SUNSET   920 PM CDT
JUNE 25 2015..........SUNRISE   512 AM CDT   SUNSET   920 PM CDT


-  INDICATES NEGATIVE NUMBERS.
R  INDICATES RECORD WAS SET OR TIED.
MM INDICATES DATA IS MISSING.
T  INDICATES TRACE AMOUNT.




$$
