218
CDUS43 KDLH 170634
CLIINL


CLIMATE REPORT
NATIONAL WEATHER SERVICE DULUTH MN
132 AM CDT FRI MAR 17 2017


...................................

...THE INTERNATIONAL FALLS MN CLIMATE SUMMARY FOR MARCH 16 2017...

CLIMATE NORMAL PERIOD 1981 TO 2010
CLIMATE RECORD PERIOD 1895 TO 2017


WEATHER ITEM   OBSERVED TIME   RECORD YEAR NORMAL DEPARTURE LAST
                VALUE   (LST)  VALUE       VALUE  FROM      YEAR
                                                  NORMAL
..................................................................
TEMPERATURE (F)
 YESTERDAY
  MAXIMUM         43    442 PM  71    2012  35      8       39
  MINIMUM         14    632 AM -23    2014  13      1       26
  AVERAGE         29                        24      5       33

PRECIPITATION (IN)
  YESTERDAY        0.09          1.12 2016   0.03   0.06     1.12
  MONTH TO DATE    0.16                      0.40  -0.24     2.40
  SINCE MAR 1      0.16                      0.40  -0.24     2.40
  SINCE JAN 1      2.91                      1.59   1.32     3.77

SNOWFALL (IN)
  YESTERDAY        1.0           6.8  2016   0.2    0.8      6.8
  MONTH TO DATE    1.3                       4.2   -2.9      7.9
  SINCE MAR 1      1.3                       4.2   -2.9      7.9
  SINCE JUL 1     64.6                      61.0    3.6     41.4
  SNOW DEPTH       6

DEGREE DAYS
 HEATING
  YESTERDAY       36                        41     -5       32
  MONTH TO DATE  797                       721     76      572
  SINCE MAR 1    797                       721     76      572
  SINCE JUL 1   7271                      8304  -1033     7104

 COOLING
  YESTERDAY        0                         0      0        0
  MONTH TO DATE    0                         0      0        0
  SINCE MAR 1      0                         0      0        0
  SINCE JAN 1      0                         0      0        0
..................................................................


WIND (MPH)
  HIGHEST WIND SPEED    16   HIGHEST WIND DIRECTION    SE (140)
  HIGHEST GUST SPEED    20   HIGHEST GUST DIRECTION    SE (140)
  AVERAGE WIND SPEED     7.8


SKY COVER
  AVERAGE SKY COVER 0.4


WEATHER CONDITIONS
 THE FOLLOWING WEATHER WAS RECORDED YESTERDAY.
  LIGHT RAIN
  LIGHT SNOW
  FOG


RELATIVE HUMIDITY (PERCENT)
 HIGHEST    74          1200 AM
 LOWEST     48          1200 PM
 AVERAGE    61

..........................................................


THE INTERNATIONAL FALLS MN CLIMATE NORMALS FOR TODAY
                         NORMAL    RECORD    YEAR
 MAXIMUM TEMPERATURE (F)   35        77      2012
 MINIMUM TEMPERATURE (F)   13       -33      1897


SUNRISE AND SUNSET
MARCH 17 2017.........SUNRISE   722 AM CDT   SUNSET   722 PM CDT
MARCH 18 2017.........SUNRISE   720 AM CDT   SUNSET   724 PM CDT


-  INDICATES NEGATIVE NUMBERS.
R  INDICATES RECORD WAS SET OR TIED.
MM INDICATES DATA IS MISSING.
T  INDICATES TRACE AMOUNT.




$$
