000
CDUS43 KDLH 210632
CLIINL


CLIMATE REPORT
NATIONAL WEATHER SERVICE DULUTH MN
1231 AM CST SAT FEB 21 2015


...................................

...THE INTERNATIONAL FALLS MN CLIMATE SUMMARY FOR FEBRUARY 20 2015...

CLIMATE NORMAL PERIOD 1981 TO 2010
CLIMATE RECORD PERIOD 1895 TO 2015


WEATHER ITEM   OBSERVED TIME   RECORD YEAR NORMAL DEPARTURE LAST
                VALUE   (LST)  VALUE       VALUE  FROM      YEAR
                                                  NORMAL
..................................................................
TEMPERATURE (F)
 YESTERDAY
  MAXIMUM         18    527 PM  48    1990  24     -6       32
  MINIMUM         -2    120 AM -44    1966   1     -3       19
  AVERAGE          8                        12     -4       26

PRECIPITATION (IN)
  YESTERDAY        0.12          0.88 1955   0.02   0.10     0.34
  MONTH TO DATE    0.57                      0.37   0.20     0.75
  SINCE DEC 1      2.75                      1.80   0.95     3.01
  SINCE JAN 1      1.90                      0.99   0.91     1.57

SNOWFALL (IN)
  YESTERDAY        4.5          10.1  1955   0.4    4.1      4.2
  MONTH TO DATE   12.1                       7.6    4.5     14.7
  SINCE DEC 1     43.6                      37.6    6.0     58.0
  SINCE JUL 1     52.9                      53.6   -0.7     68.9
  SNOW DEPTH      14

DEGREE DAYS
 HEATING
  YESTERDAY       57                        53      4       39
  MONTH TO DATE 1314                      1124    190     1281
  SINCE DEC 1   4588                      4716   -128     5538
  SINCE JUL 1   7199                      7177     22     7896

 COOLING
  YESTERDAY        0                         0      0        0
  MONTH TO DATE    0                         0      0        0
  SINCE DEC 1      0                         0      0        0
  SINCE JAN 1      0                         0      0        0
..................................................................


WIND (MPH)
  HIGHEST WIND SPEED    15   HIGHEST WIND DIRECTION    NW (330)
  HIGHEST GUST SPEED    20   HIGHEST GUST DIRECTION    NW (320)
  AVERAGE WIND SPEED     6.8


SKY COVER
  AVERAGE SKY COVER 0.9


WEATHER CONDITIONS
 THE FOLLOWING WEATHER WAS RECORDED YESTERDAY.
  SNOW
  LIGHT SNOW
  FOG
  HAZE


RELATIVE HUMIDITY (PERCENT)
 HIGHEST    88          1000 AM
 LOWEST     53          1200 AM
 AVERAGE    71

..........................................................


THE INTERNATIONAL FALLS MN CLIMATE NORMALS FOR TODAY
                         NORMAL    RECORD    YEAR
 MAXIMUM TEMPERATURE (F)   24        50      2000
 MINIMUM TEMPERATURE (F)    1       -32      1966


SUNRISE AND SUNSET
FEBRUARY 21 2015......SUNRISE   711 AM CST   SUNSET   544 PM CST
FEBRUARY 22 2015......SUNRISE   709 AM CST   SUNSET   546 PM CST


-  INDICATES NEGATIVE NUMBERS.
R  INDICATES RECORD WAS SET OR TIED.
MM INDICATES DATA IS MISSING.
T  INDICATES TRACE AMOUNT.




$$
