000
CDUS43 KDLH 200638
CLIINL


CLIMATE REPORT
NATIONAL WEATHER SERVICE DULUTH MN
133 AM CDT WED AUG 20 2014


...................................

...THE INTERNATIONAL FALLS MN CLIMATE SUMMARY FOR AUGUST 19 2014...

CLIMATE NORMAL PERIOD 1981 TO 2010
CLIMATE RECORD PERIOD 1895 TO 2014


WEATHER ITEM   OBSERVED TIME   RECORD YEAR NORMAL DEPARTURE LAST
                VALUE   (LST)  VALUE       VALUE  FROM      YEAR
                                                  NORMAL
..................................................................
TEMPERATURE (F)
 YESTERDAY
  MAXIMUM         73    347 PM  94    1976  76     -3       86
                                      1959
  MINIMUM         50   1159 PM  35    1897  51     -1       63
  AVERAGE         62                        63     -1       75

PRECIPITATION (IN)
  YESTERDAY        0.02          2.52 1974   0.08  -0.06     0.00
  MONTH TO DATE    0.30                      1.72  -1.42     2.12
  SINCE JUN 1     15.12                      9.34   5.78    11.12
  SINCE JAN 1     23.94                     15.87   8.07    23.50

SNOWFALL (IN)
  YESTERDAY        0.0           0.0  2002   0.0    0.0      0.0
                                      2001
  MONTH TO DATE    0.0                       0.0    0.0      0.0
  SINCE JUN 1      0.0                       0.0    0.0      0.0
  SINCE JUL 1      0.0                       0.0    0.0      0.0
  SNOW DEPTH       0

DEGREE DAYS
 HEATING
  YESTERDAY        3                         4     -1        0
  MONTH TO DATE   58                        52      6      124
  SINCE JUN 1    290                       286      4      378
  SINCE JUL 1    161                       122     39      209

 COOLING
  YESTERDAY        0                         2     -2       10
  MONTH TO DATE    7                        38    -31       17
  SINCE JUN 1     79                       152    -73      141
  SINCE JAN 1    102                       161    -59      144
..................................................................


WIND (MPH)
  HIGHEST WIND SPEED    12   HIGHEST WIND DIRECTION    NE (30)
  HIGHEST GUST SPEED    14   HIGHEST GUST DIRECTION    NE (40)
  AVERAGE WIND SPEED     4.3


SKY COVER
  AVERAGE SKY COVER 0.7


WEATHER CONDITIONS
 THE FOLLOWING WEATHER WAS RECORDED YESTERDAY.
  LIGHT RAIN
  FOG


RELATIVE HUMIDITY (PERCENT)
 HIGHEST   100           300 AM
 LOWEST     61           400 PM
 AVERAGE    81

..........................................................


THE INTERNATIONAL FALLS MN CLIMATE NORMALS FOR TODAY
                         NORMAL    RECORD    YEAR
 MAXIMUM TEMPERATURE (F)   76        91      1910
 MINIMUM TEMPERATURE (F)   50        32      1907


SUNRISE AND SUNSET
AUGUST 20 2014........SUNRISE   614 AM CDT   SUNSET   819 PM CDT
AUGUST 21 2014........SUNRISE   615 AM CDT   SUNSET   817 PM CDT


-  INDICATES NEGATIVE NUMBERS.
R  INDICATES RECORD WAS SET OR TIED.
MM INDICATES DATA IS MISSING.
T  INDICATES TRACE AMOUNT.




$$
