000
CDUS43 KDLH 190628
CLIINL


CLIMATE REPORT
NATIONAL WEATHER SERVICE DULUTH MN
127 AM CDT WED AUG 19 2015


...................................

...THE INTERNATIONAL FALLS MN CLIMATE SUMMARY FOR AUGUST 18 2015...

CLIMATE NORMAL PERIOD 1981 TO 2010
CLIMATE RECORD PERIOD 1895 TO 2015


WEATHER ITEM   OBSERVED TIME   RECORD YEAR NORMAL DEPARTURE LAST
                VALUE   (LST)  VALUE       VALUE  FROM      YEAR
                                                  NORMAL
..................................................................
TEMPERATURE (F)
 YESTERDAY
  MAXIMUM         70    149 PM  95    2003  76     -6       65
                                      1955
  MINIMUM         38    458 AM  36    1910  51    -13       56
  AVERAGE         54                        63     -9       61

PRECIPITATION (IN)
  YESTERDAY        0.01          2.45 1995   0.09  -0.08     0.01
  MONTH TO DATE    2.07                      1.64   0.43     0.28
  SINCE JUN 1      6.74                      9.26  -2.52    15.10
  SINCE JAN 1     14.91                     15.79  -0.88    23.92

SNOWFALL (IN)
  YESTERDAY        0.0           0.0  2002   0.0    0.0      0.0
                                      2001
  MONTH TO DATE    0.0                       0.0    0.0      0.0
  SINCE JUN 1      0.0                       0.0    0.0      0.0
  SINCE JUL 1      0.0                       0.0    0.0      0.0
  SNOW DEPTH       0

DEGREE DAYS
 HEATING
  YESTERDAY       11                         3      8        4
  MONTH TO DATE   56                        48      8       55
  SINCE JUN 1    252                       282    -30      287
  SINCE JUL 1    103                       118    -15      158

 COOLING
  YESTERDAY        0                         2     -2        0
  MONTH TO DATE   42                        36      6        7
  SINCE JUN 1    137                       150    -13       79
  SINCE JAN 1    137                       159    -22      102
..................................................................


WIND (MPH)
  HIGHEST WIND SPEED    15   HIGHEST WIND DIRECTION     E (80)
  HIGHEST GUST SPEED    24   HIGHEST GUST DIRECTION    NE (60)
  AVERAGE WIND SPEED     5.8


SKY COVER
  AVERAGE SKY COVER 0.2


WEATHER CONDITIONS
 THE FOLLOWING WEATHER WAS RECORDED YESTERDAY.
  LIGHT RAIN


RELATIVE HUMIDITY (PERCENT)
 HIGHEST   100           200 AM
 LOWEST     45          1200 PM
 AVERAGE    73

..........................................................


THE INTERNATIONAL FALLS MN CLIMATE NORMALS FOR TODAY
                         NORMAL    RECORD    YEAR
 MAXIMUM TEMPERATURE (F)   76        94      1976
                                             1959
 MINIMUM TEMPERATURE (F)   51        35      1897


SUNRISE AND SUNSET
AUGUST 19 2015........SUNRISE   612 AM CDT   SUNSET   821 PM CDT
AUGUST 20 2015........SUNRISE   614 AM CDT   SUNSET   819 PM CDT


-  INDICATES NEGATIVE NUMBERS.
R  INDICATES RECORD WAS SET OR TIED.
MM INDICATES DATA IS MISSING.
T  INDICATES TRACE AMOUNT.




$$
