478
CDUS43 KDLH 261244
CLIINL


CLIMATE REPORT
NATIONAL WEATHER SERVICE DULUTH MN
643 AM CST SAT NOV 26 2016


...................................

...THE INTERNATIONAL FALLS MN CLIMATE SUMMARY FOR NOVEMBER 25 2016...

CLIMATE NORMAL PERIOD 1981 TO 2010
CLIMATE RECORD PERIOD 1895 TO 2016


WEATHER ITEM   OBSERVED TIME   RECORD YEAR NORMAL DEPARTURE LAST
                VALUE   (LST)  VALUE       VALUE  FROM      YEAR
                                                  NORMAL
..................................................................
TEMPERATURE (F)
 YESTERDAY
  MAXIMUM         36    206 PM  53    1984  28      8       35
  MINIMUM         31    812 AM -27    1977  12     19       26
  AVERAGE         34                        20     14       31

PRECIPITATION (IN)
  YESTERDAY        T             0.57 1958   0.04  -0.04     0.00
  MONTH TO DATE    1.21                      1.20   0.01     3.33
  SINCE SEP 1      6.02                      6.27  -0.25     7.39
  SINCE JAN 1     26.58                     23.23   3.35    23.85

SNOWFALL (IN)
  YESTERDAY        0.1           7.1  1958   0.6   -0.5      0.0
  MONTH TO DATE    7.1                      10.9   -3.8      3.8
  SINCE SEP 1      7.1                      13.2   -6.1      3.8
  SINCE JUL 1      7.1                      13.2   -6.1      3.8
  SNOW DEPTH       5

DEGREE DAYS
 HEATING
  YESTERDAY       31                        45    -14       34
  MONTH TO DATE  665                       948   -283      714
  SINCE SEP 1   1529                      2044   -515     1599
  SINCE JUL 1   1646                      2225   -579     1775

 COOLING
  YESTERDAY        0                         0      0        0
  MONTH TO DATE    0                         0      0        0
  SINCE SEP 1      7                        11     -4       48
  SINCE JAN 1    155                       192    -37      211
..................................................................


WIND (MPH)
  HIGHEST WIND SPEED     8   HIGHEST WIND DIRECTION    SW (230)
  HIGHEST GUST SPEED    13   HIGHEST GUST DIRECTION     W (270)
  AVERAGE WIND SPEED     3.6


SKY COVER
  AVERAGE SKY COVER 1.0


WEATHER CONDITIONS
 THE FOLLOWING WEATHER WAS RECORDED YESTERDAY.
  LIGHT SNOW
  FOG


RELATIVE HUMIDITY (PERCENT)
 HIGHEST    92           100 AM
 LOWEST     82          1100 AM
 AVERAGE    87

..........................................................


THE INTERNATIONAL FALLS MN CLIMATE NORMALS FOR TODAY
                         NORMAL    RECORD    YEAR
 MAXIMUM TEMPERATURE (F)   27        53      1962
 MINIMUM TEMPERATURE (F)   11       -21      1977


SUNRISE AND SUNSET
NOVEMBER 26 2016......SUNRISE   739 AM CST   SUNSET   423 PM CST
NOVEMBER 27 2016......SUNRISE   740 AM CST   SUNSET   422 PM CST


-  INDICATES NEGATIVE NUMBERS.
R  INDICATES RECORD WAS SET OR TIED.
MM INDICATES DATA IS MISSING.
T  INDICATES TRACE AMOUNT.




$$
