000
CDUS43 KDLH 190645
CLIINL


CLIMATE REPORT
NATIONAL WEATHER SERVICE DULUTH MN
144 AM CDT SAT APR 19 2014


...................................

...THE INTERNATIONAL FALLS MN CLIMATE SUMMARY FOR APRIL 18 2014...

CLIMATE NORMAL PERIOD 1981 TO 2010
CLIMATE RECORD PERIOD 1895 TO 2014


WEATHER ITEM   OBSERVED TIME   RECORD YEAR NORMAL DEPARTURE LAST
                VALUE   (LST)  VALUE       VALUE  FROM      YEAR
                                                  NORMAL
..................................................................
TEMPERATURE (F)
 YESTERDAY
  MAXIMUM         46    510 PM  88    1987  53     -7       35
  MINIMUM         15R   418 AM  15    1963  28    -13       29
  AVERAGE         31                        41    -10       32

PRECIPITATION (IN)
  YESTERDAY        0.00          1.50 2005   0.05  -0.05     0.07
  MONTH TO DATE    0.36                      0.82  -0.46     1.07
  SINCE MAR 1      1.82                      1.77   0.05     2.22
  SINCE JAN 1      3.57                      2.96   0.61     5.88

SNOWFALL (IN)
  YESTERDAY        0.0           0.9  2013   0.2   -0.2      0.9
  MONTH TO DATE    2.6                       4.7   -2.1     10.9
  SINCE MAR 1     20.2                      12.3    7.9     25.6
  SINCE JUL 1     96.6                      69.1   27.5     95.9
  SNOW DEPTH       1

DEGREE DAYS
 HEATING
  YESTERDAY       34                        24     10       33
  MONTH TO DATE  612                       515     97      675
  SINCE MAR 1   2218                      1798    420     2187
  SINCE JUL 1  10649                      9381   1268     9744

 COOLING
  YESTERDAY        0                         0      0        0
  MONTH TO DATE    0                         0      0        0
  SINCE MAR 1      0                         0      0        0
  SINCE JAN 1      0                         0      0        0
..................................................................


WIND (MPH)
  HIGHEST WIND SPEED    18   HIGHEST WIND DIRECTION    SE (140)
  HIGHEST GUST SPEED    24   HIGHEST GUST DIRECTION    SE (150)
  AVERAGE WIND SPEED     7.9


SKY COVER
  AVERAGE SKY COVER 0.1


WEATHER CONDITIONS
 THE FOLLOWING WEATHER WAS RECORDED YESTERDAY.
  NO SIGNIFICANT WEATHER WAS OBSERVED.


RELATIVE HUMIDITY (PERCENT)
 HIGHEST    92           200 AM
 LOWEST     26           500 PM
 AVERAGE    59

..........................................................


THE INTERNATIONAL FALLS MN CLIMATE NORMALS FOR TODAY
                         NORMAL    RECORD    YEAR
 MAXIMUM TEMPERATURE (F)   54        83      1987
 MINIMUM TEMPERATURE (F)   29        15      1947


SUNRISE AND SUNSET
APRIL 19 2014.........SUNRISE   615 AM CDT   SUNSET   811 PM CDT
APRIL 20 2014.........SUNRISE   614 AM CDT   SUNSET   812 PM CDT


-  INDICATES NEGATIVE NUMBERS.
R  INDICATES RECORD WAS SET OR TIED.
MM INDICATES DATA IS MISSING.
T  INDICATES TRACE AMOUNT.




$$
