000
CDUS43 KDLH 282225
CLIINL


CLIMATE REPORT
NATIONAL WEATHER SERVICE DULUTH MN
522 PM CDT TUE MAR 28 2017


...................................

...THE INTERNATIONAL FALLS MN CLIMATE SUMMARY FOR MARCH 28 2017...
VALID TODAY AS OF 0500 PM LOCAL TIME.

CLIMATE NORMAL PERIOD 1981 TO 2010
CLIMATE RECORD PERIOD 1895 TO 2017


WEATHER ITEM   OBSERVED TIME   RECORD YEAR NORMAL DEPARTURE LAST
                VALUE   (LST)  VALUE       VALUE  FROM      YEAR
                                                  NORMAL
..................................................................
TEMPERATURE (F)
 TODAY
  MAXIMUM         54    352 PM  61    1998  41     13       50
  MINIMUM         34    631 AM -11    1970  19     15       24
  AVERAGE         44                        30     14       37

PRECIPITATION (IN)
  TODAY            0.00                      0.03  -0.03     0.00
  MONTH TO DATE    0.68                      0.83  -0.15     2.57
  SINCE MAR 1      0.68                      0.83  -0.15     2.57
  SINCE JAN 1      3.43                      2.02   1.41     3.94

SNOWFALL (IN)
  TODAY            0.0                       0.3   -0.3      0.0
  MONTH TO DATE    4.5                       7.0   -2.5      9.3
  SINCE JUL 1     67.8                      63.8    4.0     42.8
  SNOW DEPTH       1

DEGREE DAYS
 HEATING
  TODAY           21                        35    -14       28
  MONTH TO DATE 1187                      1177     10     1031
  SINCE MAR 1   1187                      1177     10     1031
  SINCE JUL 1   7661                      8760  -1099     7563

 COOLING
  TODAY            0                         0      0        0
  MONTH TO DATE    0                         0      0        0
  SINCE MAR 1      0                         0      0        0
  SINCE JAN 1      0                         0      0        0
..................................................................


WIND (MPH)
  HIGHEST WIND SPEED    12   HIGHEST WIND DIRECTION     N (20)
  HIGHEST GUST SPEED    15   HIGHEST GUST DIRECTION     N (10)


SKY COVER
  AVERAGE SKY COVER 0.3


WEATHER CONDITIONS
 THE FOLLOWING WEATHER WAS RECORDED TODAY.
  NO SIGNIFICANT WEATHER WAS OBSERVED.


RELATIVE HUMIDITY (PERCENT)
 HIGHEST    70           400 AM
 LOWEST     35           400 PM
 AVERAGE    53

..........................................................


THE INTERNATIONAL FALLS MN CLIMATE NORMALS FOR TOMORROW
                         NORMAL    RECORD    YEAR
 MAXIMUM TEMPERATURE (F)   42        65      1986
 MINIMUM TEMPERATURE (F)   19       -11      1969


SUNRISE AND SUNSET
MARCH 28 2017.........SUNRISE   659 AM CDT   SUNSET   739 PM CDT
MARCH 29 2017.........SUNRISE   657 AM CDT   SUNSET   740 PM CDT


-  INDICATES NEGATIVE NUMBERS.
R  INDICATES RECORD WAS SET OR TIED.
MM INDICATES DATA IS MISSING.
T  INDICATES TRACE AMOUNT.




$$
