000
CDUS43 KDLH 300634
CLIINL


CLIMATE REPORT
NATIONAL WEATHER SERVICE DULUTH MN
1232 AM CST SAT DEC 30 2017


...................................

...THE INTERNATIONAL FALLS MN CLIMATE SUMMARY FOR DECEMBER 29 2017...

CLIMATE NORMAL PERIOD 1981 TO 2010
CLIMATE RECORD PERIOD 1895 TO 2017


WEATHER ITEM   OBSERVED TIME   RECORD YEAR NORMAL DEPARTURE LAST
                VALUE   (LST)  VALUE       VALUE  FROM      YEAR
                                                  NORMAL
..................................................................
TEMPERATURE (F)
 YESTERDAY
  MAXIMUM         -6    343 PM  36    1999  16    -22       23
                                      1965
  MINIMUM        -25    318 AM -36    1917  -5    -20       11
  AVERAGE        -15                         6    -21       17

PRECIPITATION (IN)
  YESTERDAY        T             0.80 1895   0.02  -0.02     0.01
  MONTH TO DATE    1.16                      0.76   0.40     2.00
  SINCE DEC 1      1.16                      0.76   0.40     2.00
  SINCE JAN 1     23.55                     24.17  -0.62    29.17

SNOWFALL (IN)
  YESTERDAY        T             3.4  1992   0.5   -0.5      0.2
  MONTH TO DATE   16.4                      14.0    2.4     21.7
  SINCE DEC 1     16.4                      14.0    2.4     21.7
  SINCE JUL 1     30.4                      30.0    0.4     30.1
  SNOW DEPTH       7

DEGREE DAYS
 HEATING
  YESTERDAY       80                        60     20       48
  MONTH TO DATE 1655                      1594     61     1545
  SINCE DEC 1   1655                      1594     61     1545
  SINCE JUL 1   4049                      4055     -6     3351

 COOLING
  YESTERDAY        0                         0      0        0
  MONTH TO DATE    0                         0      0        0
  SINCE DEC 1      0                         0      0        0
  SINCE JAN 1     86                       192   -106      155
..................................................................


WIND (MPH)
  HIGHEST WIND SPEED    13   HIGHEST WIND DIRECTION     W (280)
  HIGHEST GUST SPEED    17   HIGHEST GUST DIRECTION    NW (300)
  AVERAGE WIND SPEED     5.9


SKY COVER
  AVERAGE SKY COVER 0.5


WEATHER CONDITIONS
 THE FOLLOWING WEATHER WAS RECORDED YESTERDAY.
  SNOW
  LIGHT SNOW
  FOG
  HAZE


RELATIVE HUMIDITY (PERCENT)
 HIGHEST    81          1000 AM
 LOWEST     64           300 PM
 AVERAGE    73

..........................................................


THE INTERNATIONAL FALLS MN CLIMATE NORMALS FOR TODAY
                         NORMAL    RECORD    YEAR
 MAXIMUM TEMPERATURE (F)   15        36      1949
 MINIMUM TEMPERATURE (F)   -5       -39      1990
                                             1898


SUNRISE AND SUNSET
DECEMBER 30 2017......SUNRISE   806 AM CST   SUNSET   427 PM CST
DECEMBER 31 2017......SUNRISE   806 AM CST   SUNSET   428 PM CST


-  INDICATES NEGATIVE NUMBERS.
R  INDICATES RECORD WAS SET OR TIED.
MM INDICATES DATA IS MISSING.
T  INDICATES TRACE AMOUNT.




$$
