000
CDUS43 KDLH 102228
CLIINL


CLIMATE REPORT
NATIONAL WEATHER SERVICE DULUTH MN
525 PM CDT SAT SEP 10 2016


...................................

...THE INTERNATIONAL FALLS MN CLIMATE SUMMARY FOR SEPTEMBER 10 2016...
VALID TODAY AS OF 0500 PM LOCAL TIME.

CLIMATE NORMAL PERIOD 1981 TO 2010
CLIMATE RECORD PERIOD 1895 TO 2016


WEATHER ITEM   OBSERVED TIME   RECORD YEAR NORMAL DEPARTURE LAST
                VALUE   (LST)  VALUE       VALUE  FROM      YEAR
                                                  NORMAL
..................................................................
TEMPERATURE (F)
 TODAY
  MAXIMUM         70    228 PM  93    1906  68      2       60
  MINIMUM         44    630 AM  25    1917  44      0       34
  AVERAGE         57                        56      1       47

PRECIPITATION (IN)
  TODAY            0.00                      0.11  -0.11     0.00
  MONTH TO DATE    1.53                      1.01   0.52     0.99
  SINCE SEP 1      1.53                      1.01   0.52     0.99
  SINCE JAN 1     22.09                     17.97   4.12    17.45

SNOWFALL (IN)
  TODAY            0.0                       0.0    0.0      0.0
  MONTH TO DATE    0.0                       0.0    0.0      0.0
  SINCE JUL 1      0.0                       0.0    0.0      0.0
  SNOW DEPTH       0

DEGREE DAYS
 HEATING
  TODAY            8                         9     -1       18
  MONTH TO DATE   40                        79    -39       44
  SINCE SEP 1     40                        79    -39       44
  SINCE JUL 1    157                       260   -103      220

 COOLING
  TODAY            0                         0      0        0
  MONTH TO DATE    7                         9     -2       30
  SINCE SEP 1      7                         9     -2       30
  SINCE JAN 1    155                       190    -35      193
..................................................................


WIND (MPH)
  HIGHEST WIND SPEED    15   HIGHEST WIND DIRECTION     W (290)
  HIGHEST GUST SPEED    23   HIGHEST GUST DIRECTION    NW (330)


SKY COVER
  AVERAGE SKY COVER 0.3


WEATHER CONDITIONS
 THE FOLLOWING WEATHER WAS RECORDED TODAY.
  NO SIGNIFICANT WEATHER WAS OBSERVED.


RELATIVE HUMIDITY (PERCENT)
 HIGHEST    93           200 AM
 LOWEST     45           400 PM
 AVERAGE    69

..........................................................


THE INTERNATIONAL FALLS MN CLIMATE NORMALS FOR TOMORROW
                         NORMAL    RECORD    YEAR
 MAXIMUM TEMPERATURE (F)   68        86      2005
                                             1990
                                             1976
 MINIMUM TEMPERATURE (F)   44        29      1955


SUNRISE AND SUNSET
SEPTEMBER 10 2016.....SUNRISE   644 AM CDT   SUNSET   736 PM CDT
SEPTEMBER 11 2016.....SUNRISE   646 AM CDT   SUNSET   734 PM CDT


-  INDICATES NEGATIVE NUMBERS.
R  INDICATES RECORD WAS SET OR TIED.
MM INDICATES DATA IS MISSING.
T  INDICATES TRACE AMOUNT.




$$
