000
CDUS43 KDLH 050634
CLIINL


CLIMATE REPORT
NATIONAL WEATHER SERVICE DULUTH MN
133 AM CDT WED JUL 5 2017


...................................

...THE INTERNATIONAL FALLS MN CLIMATE SUMMARY FOR JULY 4 2017...

CLIMATE NORMAL PERIOD 1981 TO 2010
CLIMATE RECORD PERIOD 1895 TO 2017


WEATHER ITEM   OBSERVED TIME   RECORD YEAR NORMAL DEPARTURE LAST
                VALUE   (LST)  VALUE       VALUE  FROM      YEAR
                                                  NORMAL
..................................................................
TEMPERATURE (F)
 YESTERDAY
  MAXIMUM         84    503 PM  90    1948  77      7       81
  MINIMUM         54    458 AM  36    1967  52      2       59
  AVERAGE         69                        65      4       70

PRECIPITATION (IN)
  YESTERDAY        1.05          2.19 1993   0.14   0.91     0.01
  MONTH TO DATE    1.31                      0.59   0.72     0.02
  SINCE JUN 1      5.10                      4.51   0.59     6.94
  SINCE JAN 1     11.72                     11.04   0.68    14.74

SNOWFALL (IN)
  YESTERDAY        0.0           0.0  2002   0.0    0.0      0.0
                                      2001
  MONTH TO DATE    0.0                       0.0    0.0      0.0
  SINCE JUN 1      0.0                       0.0    0.0      0.0
  SINCE JUL 1      0.0                       0.0    0.0      0.0
  SNOW DEPTH       0

DEGREE DAYS
 HEATING
  YESTERDAY        0                         3     -3        0
  MONTH TO DATE   20                        12      8       16
  SINCE JUN 1    144                       176    -32      183
  SINCE JUL 1     20                        12      8       16

 COOLING
  YESTERDAY        4                         2      2        5
  MONTH TO DATE    4                         8     -4        5
  SINCE JUN 1     16                        46    -30       24
  SINCE JAN 1     16                        55    -39       26
..................................................................


WIND (MPH)
  HIGHEST WIND SPEED    41   HIGHEST WIND DIRECTION     N (340)
  HIGHEST GUST SPEED    51   HIGHEST GUST DIRECTION     N (360)
  AVERAGE WIND SPEED     5.9


SKY COVER
  AVERAGE SKY COVER 0.1


WEATHER CONDITIONS
 THE FOLLOWING WEATHER WAS RECORDED YESTERDAY.
  THUNDERSTORM
  HEAVY RAIN
  RAIN
  LIGHT RAIN
  FOG
  HAZE


RELATIVE HUMIDITY (PERCENT)
 HIGHEST    93           400 AM
 LOWEST     48           300 PM
 AVERAGE    71

..........................................................


THE INTERNATIONAL FALLS MN CLIMATE NORMALS FOR TODAY
                         NORMAL    RECORD    YEAR
 MAXIMUM TEMPERATURE (F)   77        96      1988
 MINIMUM TEMPERATURE (F)   52        34      2001


SUNRISE AND SUNSET
JULY  5 2017..........SUNRISE   518 AM CDT   SUNSET   918 PM CDT
JULY  6 2017..........SUNRISE   519 AM CDT   SUNSET   917 PM CDT


-  INDICATES NEGATIVE NUMBERS.
R  INDICATES RECORD WAS SET OR TIED.
MM INDICATES DATA IS MISSING.
T  INDICATES TRACE AMOUNT.




$$
