000
CDUS43 KDLH 150634
CLIINL


CLIMATE REPORT
NATIONAL WEATHER SERVICE DULUTH MN
1232 AM CST TUE NOV 15 2016


...................................

...THE INTERNATIONAL FALLS MN CLIMATE SUMMARY FOR NOVEMBER 14 2016...

CLIMATE NORMAL PERIOD 1981 TO 2010
CLIMATE RECORD PERIOD 1895 TO 2016


WEATHER ITEM   OBSERVED TIME   RECORD YEAR NORMAL DEPARTURE LAST
                VALUE   (LST)  VALUE       VALUE  FROM      YEAR
                                                  NORMAL
..................................................................
TEMPERATURE (F)
 YESTERDAY
  MAXIMUM         48   1207 AM  56    1953  35     13       52
  MINIMUM         32   1034 PM -14    1959  19     13       29
  AVERAGE         40                        27     13       41

PRECIPITATION (IN)
  YESTERDAY        0.00          0.60 1909   0.05  -0.05     0.00
  MONTH TO DATE    0.17                      0.73  -0.56     0.92
  SINCE SEP 1      4.98                      5.80  -0.82     4.98
  SINCE JAN 1     25.54                     22.76   2.78    21.44

SNOWFALL (IN)
  YESTERDAY        0.0           4.4  1951   0.5   -0.5      0.0
  MONTH TO DATE    0.0                       5.1   -5.1      0.9
  SINCE SEP 1      T                         7.4   -7.4      0.9
  SINCE JUL 1      T                         7.4   -7.4      0.9
  SNOW DEPTH       0

DEGREE DAYS
 HEATING
  YESTERDAY       25                        38    -13       24
  MONTH TO DATE  280                       484   -204      332
  SINCE SEP 1   1144                      1580   -436     1217
  SINCE JUL 1   1261                      1761   -500     1393

 COOLING
  YESTERDAY        0                         0      0        0
  MONTH TO DATE    0                         0      0        0
  SINCE SEP 1      7                        11     -4       48
  SINCE JAN 1    155                       192    -37      211
..................................................................


WIND (MPH)
  HIGHEST WIND SPEED    14   HIGHEST WIND DIRECTION     N (360)
  HIGHEST GUST SPEED    20   HIGHEST GUST DIRECTION     N (350)
  AVERAGE WIND SPEED     4.2


SKY COVER
  AVERAGE SKY COVER 0.7


WEATHER CONDITIONS
 THE FOLLOWING WEATHER WAS RECORDED YESTERDAY.
  NO SIGNIFICANT WEATHER WAS OBSERVED.


RELATIVE HUMIDITY (PERCENT)
 HIGHEST    92           400 AM
 LOWEST     66          1200 AM
 AVERAGE    79

..........................................................


THE INTERNATIONAL FALLS MN CLIMATE NORMALS FOR TODAY
                         NORMAL    RECORD    YEAR
 MAXIMUM TEMPERATURE (F)   34        62      1953
 MINIMUM TEMPERATURE (F)   18       -15      1911


SUNRISE AND SUNSET
NOVEMBER 15 2016......SUNRISE   722 AM CST   SUNSET   433 PM CST
NOVEMBER 16 2016......SUNRISE   724 AM CST   SUNSET   432 PM CST


-  INDICATES NEGATIVE NUMBERS.
R  INDICATES RECORD WAS SET OR TIED.
MM INDICATES DATA IS MISSING.
T  INDICATES TRACE AMOUNT.




$$
