000
CDUS43 KDLH 050637
CLIINL


CLIMATE REPORT
NATIONAL WEATHER SERVICE DULUTH MN
1230 AM CST MON FEB 5 2018


...................................

...THE INTERNATIONAL FALLS MN CLIMATE SUMMARY FOR FEBRUARY 4 2018...

CLIMATE NORMAL PERIOD 1981 TO 2010
CLIMATE RECORD PERIOD 1895 TO 2018


WEATHER ITEM   OBSERVED TIME   RECORD YEAR NORMAL DEPARTURE LAST
                VALUE   (LST)  VALUE       VALUE  FROM      YEAR
                                                  NORMAL
..................................................................
TEMPERATURE (F)
 YESTERDAY
  MAXIMUM         -1    406 PM  47    1990  18    -19       19
  MINIMUM        -34    325 AM -41    1907  -5    -29       -8
  AVERAGE        -17                         7    -24        6

PRECIPITATION (IN)
  YESTERDAY        0.00          0.31 1962   0.01  -0.01     0.13
  MONTH TO DATE    0.07                      0.06   0.01     0.13
  SINCE DEC 1      1.94                      1.49   0.45     3.59
  SINCE JAN 1      0.78                      0.68   0.10     1.40

SNOWFALL (IN)
  YESTERDAY        0.0           3.6  2013   0.4   -0.4      2.5
  MONTH TO DATE    0.7                       1.5   -0.8      2.5
  SINCE DEC 1     26.4                      31.5   -5.1     44.9
  SINCE JUL 1     40.4                      47.5   -7.1     53.3
  SNOW DEPTH      10

DEGREE DAYS
 HEATING
  YESTERDAY       82                        58     24       59
  MONTH TO DATE  306                       235     71      253
  SINCE DEC 1   3973                      3827    146     3591
  SINCE JUL 1   6367                      6288     79     5397

 COOLING
  YESTERDAY        0                         0      0        0
  MONTH TO DATE    0                         0      0        0
  SINCE DEC 1      0                         0      0        0
  SINCE JAN 1      0                         0      0        0
..................................................................


WIND (MPH)
  HIGHEST WIND SPEED    20   HIGHEST WIND DIRECTION     W (250)
  HIGHEST GUST SPEED    27   HIGHEST GUST DIRECTION    SW (230)
  AVERAGE WIND SPEED     8.2


SKY COVER
  AVERAGE SKY COVER 0.2


WEATHER CONDITIONS
 THE FOLLOWING WEATHER WAS RECORDED YESTERDAY.
  HAZE


RELATIVE HUMIDITY (PERCENT)
 HIGHEST    82           500 AM
 LOWEST     53           400 PM
 AVERAGE    68

..........................................................


THE INTERNATIONAL FALLS MN CLIMATE NORMALS FOR TODAY
                         NORMAL    RECORD    YEAR
 MAXIMUM TEMPERATURE (F)   19        49      2005
 MINIMUM TEMPERATURE (F)   -5       -40      1907


SUNRISE AND SUNSET
FEBRUARY  5 2018......SUNRISE   737 AM CST   SUNSET   519 PM CST
FEBRUARY  6 2018......SUNRISE   735 AM CST   SUNSET   520 PM CST


-  INDICATES NEGATIVE NUMBERS.
R  INDICATES RECORD WAS SET OR TIED.
MM INDICATES DATA IS MISSING.
T  INDICATES TRACE AMOUNT.




$$
