000
CDUS43 KDLH 180637
CLIINL


CLIMATE REPORT
NATIONAL WEATHER SERVICE DULUTH MN
132 AM CDT WED MAR 18 2015


...................................

...THE INTERNATIONAL FALLS MN CLIMATE SUMMARY FOR MARCH 17 2015...

CLIMATE NORMAL PERIOD 1981 TO 2010
CLIMATE RECORD PERIOD 1895 TO 2015


WEATHER ITEM   OBSERVED TIME   RECORD YEAR NORMAL DEPARTURE LAST
                VALUE   (LST)  VALUE       VALUE  FROM      YEAR
                                                  NORMAL
..................................................................
TEMPERATURE (F)
 YESTERDAY
  MAXIMUM         41    324 PM  77    2012  35      6       31
  MINIMUM         19    624 AM -33    1897  13      6       16
  AVERAGE         30                        24      6       24

PRECIPITATION (IN)
  YESTERDAY        0.00          0.50 1912   0.03  -0.03     0.03
                                      1897
  MONTH TO DATE    0.09                      0.43  -0.34     0.32
  SINCE MAR 1      0.09                      0.43  -0.34     0.32
  SINCE JAN 1      2.11                      1.62   0.49     2.07

SNOWFALL (IN)
  YESTERDAY        0.0           2.9  1994   0.2   -0.2      0.4
  MONTH TO DATE    1.8                       4.4   -2.6      4.5
  SINCE MAR 1      1.8                       4.4   -2.6      4.5
  SINCE JUL 1     58.5                      61.2   -2.7     80.9
  SNOW DEPTH       T

DEGREE DAYS
 HEATING
  YESTERDAY       35                        41     -6       41
  MONTH TO DATE  672                       762    -90      916
  SINCE MAR 1    672                       762    -90      916
  SINCE JUL 1   8426                      8345     81     9347

 COOLING
  YESTERDAY        0                         0      0        0
  MONTH TO DATE    0                         0      0        0
  SINCE MAR 1      0                         0      0        0
  SINCE JAN 1      0                         0      0        0
..................................................................


WIND (MPH)
  HIGHEST WIND SPEED    25   HIGHEST WIND DIRECTION     W (290)
  HIGHEST GUST SPEED    36   HIGHEST GUST DIRECTION     W (290)
  AVERAGE WIND SPEED    11.5


SKY COVER
  AVERAGE SKY COVER 0.2


WEATHER CONDITIONS
 THE FOLLOWING WEATHER WAS RECORDED YESTERDAY.
  NO SIGNIFICANT WEATHER WAS OBSERVED.


RELATIVE HUMIDITY (PERCENT)
 HIGHEST    73           700 AM
 LOWEST     32          1100 AM
 AVERAGE    53

..........................................................


THE INTERNATIONAL FALLS MN CLIMATE NORMALS FOR TODAY
                         NORMAL    RECORD    YEAR
 MAXIMUM TEMPERATURE (F)   36        79      2012
 MINIMUM TEMPERATURE (F)   14       -32      1897


SUNRISE AND SUNSET
MARCH 18 2015.........SUNRISE   721 AM CDT   SUNSET   723 PM CDT
MARCH 19 2015.........SUNRISE   719 AM CDT   SUNSET   725 PM CDT


-  INDICATES NEGATIVE NUMBERS.
R  INDICATES RECORD WAS SET OR TIED.
MM INDICATES DATA IS MISSING.
T  INDICATES TRACE AMOUNT.




$$
