000
CDUS43 KDLH 052237
CLIINL


CLIMATE REPORT
NATIONAL WEATHER SERVICE DULUTH MN
435 PM CST THU JAN 5 2017


...................................

...THE INTERNATIONAL FALLS MN CLIMATE SUMMARY FOR JANUARY 5 2017...
VALID TODAY AS OF 0400 PM LOCAL TIME.

CLIMATE NORMAL PERIOD 1981 TO 2010
CLIMATE RECORD PERIOD 1895 TO 2017


WEATHER ITEM   OBSERVED TIME   RECORD YEAR NORMAL DEPARTURE LAST
                VALUE   (LST)  VALUE       VALUE  FROM      YEAR
                                                  NORMAL
..................................................................
TEMPERATURE (F)
 TODAY
  MAXIMUM         -4    336 PM  46    2012  15    -19       27
  MINIMUM        -19    343 AM -40    1909  -6    -13       20
  AVERAGE        -11                         4    -15       24

PRECIPITATION (IN)
  TODAY            0.00                      0.02  -0.02     0.00
  MONTH TO DATE    0.57                      0.12   0.45      T
  SINCE DEC 1      2.76                      0.93   1.83     1.07
  SINCE JAN 1      0.57                      0.12   0.45      T

SNOWFALL (IN)
  TODAY            0.0                       0.5   -0.5      0.0
  MONTH TO DATE   10.1                       2.6    7.5      0.0
  SINCE JUL 1     44.0                      33.6   10.4     13.3
  SNOW DEPTH      17

DEGREE DAYS
 HEATING
  TODAY           76                        61     15       41
  MONTH TO DATE  323                       301     22      213
  SINCE DEC 1   1989                      2015    -26     1526
  SINCE JUL 1   3795                      4476   -681     3532

 COOLING
  TODAY            0                         0      0        0
  MONTH TO DATE    0                         0      0        0
  SINCE DEC 1      0                         0      0        0
  SINCE JAN 1      0                         0      0        0
..................................................................


WIND (MPH)
  HIGHEST WIND SPEED    13   HIGHEST WIND DIRECTION    NW (300)
  HIGHEST GUST SPEED    17   HIGHEST GUST DIRECTION    NW (300)


SKY COVER
  AVERAGE SKY COVER 0.9


WEATHER CONDITIONS
 THE FOLLOWING WEATHER WAS RECORDED TODAY.
  HAZE


RELATIVE HUMIDITY (PERCENT)
 HIGHEST    79          1100 AM
 LOWEST     68           100 PM
 AVERAGE    74

..........................................................


THE INTERNATIONAL FALLS MN CLIMATE NORMALS FOR TOMORROW
                         NORMAL    RECORD    YEAR
 MAXIMUM TEMPERATURE (F)   15        41      2008
 MINIMUM TEMPERATURE (F)   -6       -55      1909


SUNRISE AND SUNSET
JANUARY  5 2017.......SUNRISE   805 AM CST   SUNSET   433 PM CST
JANUARY  6 2017.......SUNRISE   805 AM CST   SUNSET   435 PM CST


-  INDICATES NEGATIVE NUMBERS.
R  INDICATES RECORD WAS SET OR TIED.
MM INDICATES DATA IS MISSING.
T  INDICATES TRACE AMOUNT.




$$

WM
