000
CDUS43 KDLH 152241
CLIINL


CLIMATE REPORT
NATIONAL WEATHER SERVICE DULUTH MN
439 PM CST TUE NOV 15 2016


...................................

...THE INTERNATIONAL FALLS MN CLIMATE SUMMARY FOR NOVEMBER 15 2016...
VALID TODAY AS OF 0400 PM LOCAL TIME.

CLIMATE NORMAL PERIOD 1981 TO 2010
CLIMATE RECORD PERIOD 1895 TO 2016


WEATHER ITEM   OBSERVED TIME   RECORD YEAR NORMAL DEPARTURE LAST
                VALUE   (LST)  VALUE       VALUE  FROM      YEAR
                                                  NORMAL
..................................................................
TEMPERATURE (F)
 TODAY
  MAXIMUM         54    128 PM  62    1953  34     20       52
  MINIMUM         35   1228 AM -15    1911  18     17       26
  AVERAGE         45                        26     19       39

PRECIPITATION (IN)
  TODAY            0.02                      0.05  -0.03     0.00
  MONTH TO DATE    0.19                      0.78  -0.59     0.92
  SINCE SEP 1      5.00                      5.85  -0.85     4.98
  SINCE JAN 1     25.56                     22.81   2.75    21.44

SNOWFALL (IN)
  TODAY            0.0                       0.5   -0.5      0.0
  MONTH TO DATE    0.0                       5.6   -5.6      0.9
  SINCE JUL 1      T                         7.9   -7.9      0.9
  SNOW DEPTH       0

DEGREE DAYS
 HEATING
  TODAY           20                        39    -19       26
  MONTH TO DATE  300                       523   -223      358
  SINCE SEP 1   1164                      1619   -455     1243
  SINCE JUL 1   1281                      1800   -519     1419

 COOLING
  TODAY            0                         0      0        0
  MONTH TO DATE    0                         0      0        0
  SINCE SEP 1      7                        11     -4       48
  SINCE JAN 1    155                       192    -37      211
..................................................................


WIND (MPH)
  HIGHEST WIND SPEED    18   HIGHEST WIND DIRECTION    NW (300)
  HIGHEST GUST SPEED    23   HIGHEST GUST DIRECTION     W (290)


SKY COVER
  AVERAGE SKY COVER 0.7


WEATHER CONDITIONS
 THE FOLLOWING WEATHER WAS RECORDED TODAY.
  LIGHT RAIN
  FOG


RELATIVE HUMIDITY (PERCENT)
 HIGHEST   100          1200 AM
 LOWEST     56           400 PM
 AVERAGE    78

..........................................................


THE INTERNATIONAL FALLS MN CLIMATE NORMALS FOR TOMORROW
                         NORMAL    RECORD    YEAR
 MAXIMUM TEMPERATURE (F)   33        59      1953
 MINIMUM TEMPERATURE (F)   17        -8      1959


SUNRISE AND SUNSET
NOVEMBER 15 2016......SUNRISE   722 AM CST   SUNSET   433 PM CST
NOVEMBER 16 2016......SUNRISE   724 AM CST   SUNSET   432 PM CST


-  INDICATES NEGATIVE NUMBERS.
R  INDICATES RECORD WAS SET OR TIED.
MM INDICATES DATA IS MISSING.
T  INDICATES TRACE AMOUNT.




$$
