452
CDUS43 KDLH 190626
CLIINL


CLIMATE REPORT
NATIONAL WEATHER SERVICE DULUTH MN
122 AM CDT MON SEP 19 2016


...................................

...THE INTERNATIONAL FALLS MN CLIMATE SUMMARY FOR SEPTEMBER 18 2016...

CLIMATE NORMAL PERIOD 1981 TO 2010
CLIMATE RECORD PERIOD 1895 TO 2016


WEATHER ITEM   OBSERVED TIME   RECORD YEAR NORMAL DEPARTURE LAST
                VALUE   (LST)  VALUE       VALUE  FROM      YEAR
                                                  NORMAL
..................................................................
TEMPERATURE (F)
 YESTERDAY
  MAXIMUM         72   1139 AM  83    1989  64      8       66
  MINIMUM         42    415 AM  20    2012  41      1       37
  AVERAGE         57                        53      4       52

PRECIPITATION (IN)
  YESTERDAY        0.03          1.82 1957   0.10  -0.07      T
  MONTH TO DATE    1.85                      1.84   0.01     1.05
  SINCE SEP 1      1.85                      1.84   0.01     1.05
  SINCE JAN 1     22.41                     18.80   3.61    17.51

SNOWFALL (IN)
  YESTERDAY        0.0           T    1991   0.0    0.0      0.0
  MONTH TO DATE    0.0                       0.0    0.0      0.0
  SINCE SEP 1      0.0                       0.0    0.0      0.0
  SINCE JUL 1      0.0                       0.0    0.0      0.0
  SNOW DEPTH       0

DEGREE DAYS
 HEATING
  YESTERDAY        8                        13     -5       13
  MONTH TO DATE  106                       169    -63       94
  SINCE SEP 1    106                       169    -63       94
  SINCE JUL 1    223                       350   -127      270

 COOLING
  YESTERDAY        0                         0      0        0
  MONTH TO DATE    7                         9     -2       44
  SINCE SEP 1      7                         9     -2       44
  SINCE JAN 1    155                       190    -35      207
..................................................................


WIND (MPH)
  HIGHEST WIND SPEED    15   HIGHEST WIND DIRECTION    SE (150)
  HIGHEST GUST SPEED    22   HIGHEST GUST DIRECTION     S (160)
  AVERAGE WIND SPEED     6.7


SKY COVER
  AVERAGE SKY COVER 0.3


WEATHER CONDITIONS
 THE FOLLOWING WEATHER WAS RECORDED YESTERDAY.
  LIGHT RAIN
  FOG
  FOG W/VISIBILITY <= 1/4 MILE


RELATIVE HUMIDITY (PERCENT)
 HIGHEST   100          1200 AM
 LOWEST     61          1100 AM
 AVERAGE    81

..........................................................


THE INTERNATIONAL FALLS MN CLIMATE NORMALS FOR TODAY
                         NORMAL    RECORD    YEAR
 MAXIMUM TEMPERATURE (F)   64        86      1970
                                             1914
 MINIMUM TEMPERATURE (F)   40        27      1992


SUNRISE AND SUNSET
SEPTEMBER 19 2016.....SUNRISE   657 AM CDT   SUNSET   717 PM CDT
SEPTEMBER 20 2016.....SUNRISE   658 AM CDT   SUNSET   715 PM CDT


-  INDICATES NEGATIVE NUMBERS.
R  INDICATES RECORD WAS SET OR TIED.
MM INDICATES DATA IS MISSING.
T  INDICATES TRACE AMOUNT.




$$
