000
CDUS43 KDLH 180641
CLIINL


CLIMATE REPORT
NATIONAL WEATHER SERVICE DULUTH MN
1241 AM CST WED FEB 18 2015


...................................

...THE INTERNATIONAL FALLS MN CLIMATE SUMMARY FOR FEBRUARY 17 2015...

CLIMATE NORMAL PERIOD 1981 TO 2010
CLIMATE RECORD PERIOD 1895 TO 2015


WEATHER ITEM   OBSERVED TIME   RECORD YEAR NORMAL DEPARTURE LAST
                VALUE   (LST)  VALUE       VALUE  FROM      YEAR
                                                  NORMAL
..................................................................
TEMPERATURE (F)
 YESTERDAY
  MAXIMUM          0    202 PM  52    1907  23    -23       22
  MINIMUM        -16    743 AM -37    1967  -1    -15       12
  AVERAGE         -8                        11    -19       17

PRECIPITATION (IN)
  YESTERDAY        T             0.28 1898   0.02  -0.02     0.16
  MONTH TO DATE    0.45                      0.31   0.14     0.41
  SINCE DEC 1      2.63                      1.74   0.89     2.67
  SINCE JAN 1      1.78                      0.93   0.85     1.23

SNOWFALL (IN)
  YESTERDAY        0.1           8.0  2009   0.4   -0.3      3.9
  MONTH TO DATE    7.6                       6.5    1.1     10.5
  SINCE DEC 1     39.1                      36.5    2.6     53.8
  SINCE JUL 1     48.4                      52.5   -4.1     64.7
  SNOW DEPTH      14

DEGREE DAYS
 HEATING
  YESTERDAY       73                        54     19       48
  MONTH TO DATE 1097                       964    133     1167
  SINCE DEC 1   4371                      4556   -185     5424
  SINCE JUL 1   6982                      7017    -35     7782

 COOLING
  YESTERDAY        0                         0      0        0
  MONTH TO DATE    0                         0      0        0
  SINCE DEC 1      0                         0      0        0
  SINCE JAN 1      0                         0      0        0
..................................................................


WIND (MPH)
  HIGHEST WIND SPEED    17   HIGHEST WIND DIRECTION    NW (300)
  HIGHEST GUST SPEED    22   HIGHEST GUST DIRECTION     W (290)
  AVERAGE WIND SPEED     8.8


SKY COVER
  AVERAGE SKY COVER 0.7


WEATHER CONDITIONS
 THE FOLLOWING WEATHER WAS RECORDED YESTERDAY.
  LIGHT SNOW
  FOG
  HAZE


RELATIVE HUMIDITY (PERCENT)
 HIGHEST    83           100 AM
 LOWEST     59           100 PM
 AVERAGE    71

..........................................................


THE INTERNATIONAL FALLS MN CLIMATE NORMALS FOR TODAY
                         NORMAL    RECORD    YEAR
 MAXIMUM TEMPERATURE (F)   23        49      1954
 MINIMUM TEMPERATURE (F)    0       -44      1966


SUNRISE AND SUNSET
FEBRUARY 18 2015......SUNRISE   716 AM CST   SUNSET   540 PM CST
FEBRUARY 19 2015......SUNRISE   714 AM CST   SUNSET   541 PM CST


-  INDICATES NEGATIVE NUMBERS.
R  INDICATES RECORD WAS SET OR TIED.
MM INDICATES DATA IS MISSING.
T  INDICATES TRACE AMOUNT.




$$
