000
CDUS43 KDLH 052223
CLIINL


CLIMATE REPORT
NATIONAL WEATHER SERVICE DULUTH MN
422 PM CST SUN MAR 5 2017


...................................

...THE INTERNATIONAL FALLS MN CLIMATE SUMMARY FOR MARCH 5 2017...
VALID TODAY AS OF 0400 PM LOCAL TIME.

CLIMATE NORMAL PERIOD 1981 TO 2010
CLIMATE RECORD PERIOD 1895 TO 2017


WEATHER ITEM   OBSERVED TIME   RECORD YEAR NORMAL DEPARTURE LAST
                VALUE   (LST)  VALUE       VALUE  FROM      YEAR
                                                  NORMAL
..................................................................
TEMPERATURE (F)
 TODAY
  MAXIMUM         46    241 PM  67    2000  29     17       32
  MINIMUM         31    748 AM -30    2003   7     24        1
  AVERAGE         39                        18     21       17

PRECIPITATION (IN)
  TODAY            0.00                      0.02  -0.02     0.00
  MONTH TO DATE    T                         0.12  -0.12     0.10
  SINCE MAR 1      T                         0.12  -0.12     0.10
  SINCE JAN 1      2.75                      1.31   1.44     1.47

SNOWFALL (IN)
  TODAY            0.0                       0.3   -0.3      0.0
  MONTH TO DATE    T                         1.6   -1.6      1.1
  SINCE JUL 1     63.3                      58.4    4.9     34.6
  SNOW DEPTH      10

DEGREE DAYS
 HEATING
  TODAY           26                        47    -21       48
  MONTH TO DATE  237                       239     -2      285
  SINCE MAR 1    237                       239     -2      285
  SINCE JUL 1   6711                      7822  -1111     6817

 COOLING
  TODAY            0                         0      0        0
  MONTH TO DATE    0                         0      0        0
  SINCE MAR 1      0                         0      0        0
  SINCE JAN 1      0                         0      0        0
..................................................................


WIND (MPH)
  HIGHEST WIND SPEED    15   HIGHEST WIND DIRECTION    SE (140)
  HIGHEST GUST SPEED    22   HIGHEST GUST DIRECTION    SE (140)


SKY COVER
  AVERAGE SKY COVER 0.5


WEATHER CONDITIONS
 THE FOLLOWING WEATHER WAS RECORDED TODAY.
  NO SIGNIFICANT WEATHER WAS OBSERVED.


RELATIVE HUMIDITY (PERCENT)
 HIGHEST    75           300 AM
 LOWEST     58           200 PM
 AVERAGE    67

..........................................................


THE INTERNATIONAL FALLS MN CLIMATE NORMALS FOR TOMORROW
                         NORMAL    RECORD    YEAR
 MAXIMUM TEMPERATURE (F)   30        66      2000
 MINIMUM TEMPERATURE (F)    7       -30      1897


SUNRISE AND SUNSET
MARCH  5 2017.........SUNRISE   647 AM CST   SUNSET   604 PM CST
MARCH  6 2017.........SUNRISE   645 AM CST   SUNSET   606 PM CST


-  INDICATES NEGATIVE NUMBERS.
R  INDICATES RECORD WAS SET OR TIED.
MM INDICATES DATA IS MISSING.
T  INDICATES TRACE AMOUNT.




$$
