000
CDUS43 KDLH 070624
CLIINL


CLIMATE REPORT
NATIONAL WEATHER SERVICE DULUTH MN
1224 AM CST TUE MAR 7 2017


...................................

...THE INTERNATIONAL FALLS MN CLIMATE SUMMARY FOR MARCH 6 2017...

CLIMATE NORMAL PERIOD 1981 TO 2010
CLIMATE RECORD PERIOD 1895 TO 2017


WEATHER ITEM   OBSERVED TIME   RECORD YEAR NORMAL DEPARTURE LAST
                VALUE   (LST)  VALUE       VALUE  FROM      YEAR
                                                  NORMAL
..................................................................
TEMPERATURE (F)
 YESTERDAY
  MAXIMUM         46   1127 PM  66    2000  30     16       54
  MINIMUM         36    507 AM -30    1897   7     29       26
  AVERAGE         41                        19     22       40

PRECIPITATION (IN)
  YESTERDAY        T             0.65 1896   0.03  -0.03     0.00
  MONTH TO DATE    T                         0.15  -0.15     0.10
  SINCE MAR 1      T                         0.15  -0.15     0.10
  SINCE JAN 1      2.75                      1.34   1.41     1.47

SNOWFALL (IN)
  YESTERDAY        0.0           3.7  1956   0.3   -0.3      0.0
  MONTH TO DATE    T                         1.9   -1.9      1.1
  SINCE MAR 1      T                         1.9   -1.9      1.1
  SINCE JUL 1     63.3                      58.7    4.6     34.6
  SNOW DEPTH       8

DEGREE DAYS
 HEATING
  YESTERDAY       24                        46    -22       25
  MONTH TO DATE  261                       285    -24      310
  SINCE MAR 1    261                       285    -24      310
  SINCE JUL 1   6735                      7868  -1133     6842

 COOLING
  YESTERDAY        0                         0      0        0
  MONTH TO DATE    0                         0      0        0
  SINCE MAR 1      0                         0      0        0
  SINCE JAN 1      0                         0      0        0
..................................................................


WIND (MPH)
  HIGHEST WIND SPEED    21   HIGHEST WIND DIRECTION    SE (120)
  HIGHEST GUST SPEED    27   HIGHEST GUST DIRECTION    SE (120)
  AVERAGE WIND SPEED    11.8


SKY COVER
  AVERAGE SKY COVER 1.0


WEATHER CONDITIONS
 THE FOLLOWING WEATHER WAS RECORDED YESTERDAY.
  LIGHT RAIN
  FOG


RELATIVE HUMIDITY (PERCENT)
 HIGHEST   100           400 AM
 LOWEST     82          1200 AM
 AVERAGE    91

..........................................................


THE INTERNATIONAL FALLS MN CLIMATE NORMALS FOR TODAY
                         NORMAL    RECORD    YEAR
 MAXIMUM TEMPERATURE (F)   30        67      2000
 MINIMUM TEMPERATURE (F)    8       -31      1955


SUNRISE AND SUNSET
MARCH  7 2017.........SUNRISE   643 AM CST   SUNSET   607 PM CST
MARCH  8 2017.........SUNRISE   640 AM CST   SUNSET   609 PM CST


-  INDICATES NEGATIVE NUMBERS.
R  INDICATES RECORD WAS SET OR TIED.
MM INDICATES DATA IS MISSING.
T  INDICATES TRACE AMOUNT.




$$
