000
CDUS43 KDLH 300634
CLIINL


CLIMATE REPORT
NATIONAL WEATHER SERVICE DULUTH MN
128 AM CDT SUN MAR 30 2014


...................................

...THE INTERNATIONAL FALLS MN CLIMATE SUMMARY FOR MARCH 29 2014...

CLIMATE NORMAL PERIOD 1981 TO 2010
CLIMATE RECORD PERIOD 1895 TO 2014


WEATHER ITEM   OBSERVED TIME   RECORD YEAR NORMAL DEPARTURE LAST
                VALUE   (LST)  VALUE       VALUE  FROM      YEAR
                                                  NORMAL
..................................................................
TEMPERATURE (F)
 YESTERDAY
  MAXIMUM         40    437 PM  65    1986  42     -2       50
  MINIMUM         -7    529 AM -11    1969  19    -26       11
  AVERAGE         17                        30    -13       31

PRECIPITATION (IN)
  YESTERDAY        0.00          0.73 2012   0.04  -0.04     0.00
  MONTH TO DATE    1.25                      0.87   0.38     1.14
  SINCE MAR 1      1.25                      0.87   0.38     1.14
  SINCE JAN 1      3.00                      2.06   0.94     4.80

SNOWFALL (IN)
  YESTERDAY        0.0           5.4  1989   0.2   -0.2      0.0
  MONTH TO DATE   15.5                       7.2    8.3     14.6
  SINCE MAR 1     15.5                       7.2    8.3     14.6
  SINCE JUL 1     91.9                      64.0   27.9     84.9
  SNOW DEPTH      26

DEGREE DAYS
 HEATING
  YESTERDAY       48                        35     13       34
  MONTH TO DATE 1545                      1212    333     1441
  SINCE MAR 1   1545                      1212    333     1441
  SINCE JUL 1   9976                      8795   1181     8998

 COOLING
  YESTERDAY        0                         0      0        0
  MONTH TO DATE    0                         0      0        0
  SINCE MAR 1      0                         0      0        0
  SINCE JAN 1      0                         0      0        0
..................................................................


WIND (MPH)
  HIGHEST WIND SPEED    15   HIGHEST WIND DIRECTION    SE (150)
  HIGHEST GUST SPEED    24   HIGHEST GUST DIRECTION    SE (150)
  AVERAGE WIND SPEED     6.8


SKY COVER
  AVERAGE SKY COVER 0.6


WEATHER CONDITIONS
 THE FOLLOWING WEATHER WAS RECORDED YESTERDAY.
  NO SIGNIFICANT WEATHER WAS OBSERVED.


RELATIVE HUMIDITY (PERCENT)
 HIGHEST    82           300 AM
 LOWEST     30           300 PM
 AVERAGE    56

..........................................................


THE INTERNATIONAL FALLS MN CLIMATE NORMALS FOR TODAY
                         NORMAL    RECORD    YEAR
 MAXIMUM TEMPERATURE (F)   42        70      1967
 MINIMUM TEMPERATURE (F)   20       -13      1975
                                             1969


SUNRISE AND SUNSET
MARCH 30 2014.........SUNRISE   655 AM CDT   SUNSET   741 PM CDT
MARCH 31 2014.........SUNRISE   653 AM CDT   SUNSET   743 PM CDT


-  INDICATES NEGATIVE NUMBERS.
R  INDICATES RECORD WAS SET OR TIED.
MM INDICATES DATA IS MISSING.
T  INDICATES TRACE AMOUNT.




$$
