000
CDUS43 KDLH 250643
CLIINL


CLIMATE REPORT
NATIONAL WEATHER SERVICE DULUTH MN
1239 AM CST SAT NOV 25 2017


...................................

...THE INTERNATIONAL FALLS MN CLIMATE SUMMARY FOR NOVEMBER 24 2017...

CLIMATE NORMAL PERIOD 1981 TO 2010
CLIMATE RECORD PERIOD 1895 TO 2017


WEATHER ITEM   OBSERVED TIME   RECORD YEAR NORMAL DEPARTURE LAST
                VALUE   (LST)  VALUE       VALUE  FROM      YEAR
                                                  NORMAL
..................................................................
TEMPERATURE (F)
 YESTERDAY
  MAXIMUM         44    552 AM  48    1984  28     16       33
  MINIMUM         27   1159 PM -22    1898  12     15       31
  AVERAGE         36                        20     16       32

PRECIPITATION (IN)
  YESTERDAY        T             0.67 2001   0.04  -0.04     0.01
  MONTH TO DATE    1.05                      1.16  -0.11     1.21
  SINCE SEP 1      5.63                      6.23  -0.60     6.02
  SINCE JAN 1     22.37                     23.19  -0.82    26.58

SNOWFALL (IN)
  YESTERDAY        T             6.5  2010   0.5   -0.5      0.6
  MONTH TO DATE   11.9                      10.3    1.6      7.0
  SINCE SEP 1     14.0                      12.6    1.4      7.0
  SINCE JUL 1     14.0                      12.6    1.4      7.0
  SNOW DEPTH       2

DEGREE DAYS
 HEATING
  YESTERDAY       29                        45    -16       33
  MONTH TO DATE 1031                       903    128      634
  SINCE SEP 1   1949                      1999    -50     1498
  SINCE JUL 1   2160                      2180    -20     1615

 COOLING
  YESTERDAY        0                         0      0        0
  MONTH TO DATE    0                         0      0        0
  SINCE SEP 1      7                        11     -4        7
  SINCE JAN 1     86                       192   -106      155
..................................................................


WIND (MPH)
  HIGHEST WIND SPEED    29   HIGHEST WIND DIRECTION    NW (300)
  HIGHEST GUST SPEED    39   HIGHEST GUST DIRECTION     W (290)
  AVERAGE WIND SPEED    10.5


SKY COVER
  AVERAGE SKY COVER 0.7


WEATHER CONDITIONS
 THE FOLLOWING WEATHER WAS RECORDED YESTERDAY.
  LIGHT RAIN
  LIGHT SNOW


RELATIVE HUMIDITY (PERCENT)
 HIGHEST    79          1000 AM
 LOWEST     63          1000 PM
 AVERAGE    71

..........................................................


THE INTERNATIONAL FALLS MN CLIMATE NORMALS FOR TODAY
                         NORMAL    RECORD    YEAR
 MAXIMUM TEMPERATURE (F)   28        53      1984
 MINIMUM TEMPERATURE (F)   12       -27      1977


SUNRISE AND SUNSET
NOVEMBER 25 2017......SUNRISE   737 AM CST   SUNSET   424 PM CST
NOVEMBER 26 2017......SUNRISE   738 AM CST   SUNSET   423 PM CST


-  INDICATES NEGATIVE NUMBERS.
R  INDICATES RECORD WAS SET OR TIED.
MM INDICATES DATA IS MISSING.
T  INDICATES TRACE AMOUNT.




$$
