000
CDUS43 KDLH 262220
CLIINL


CLIMATE REPORT
NATIONAL WEATHER SERVICE DULUTH MN
519 PM CDT WED MAR 26 2014


...................................

...THE INTERNATIONAL FALLS MN CLIMATE SUMMARY FOR MARCH 26 2014...
VALID TODAY AS OF 0500 PM LOCAL TIME.

CLIMATE NORMAL PERIOD 1981 TO 2010
CLIMATE RECORD PERIOD 1895 TO 2014


WEATHER ITEM   OBSERVED TIME   RECORD YEAR NORMAL DEPARTURE LAST
                VALUE   (LST)  VALUE       VALUE  FROM      YEAR
                                                  NORMAL
..................................................................
TEMPERATURE (F)
 TODAY
  MAXIMUM         28    234 PM  57    1989  40    -12       39
                                      1973
                                      1968
  MINIMUM        -17    249 AM -22    1996  18    -35       11
  AVERAGE          6                        29    -23       25

PRECIPITATION (IN)
  TODAY            T                         0.04  -0.04     0.00
  MONTH TO DATE    1.18                      0.76   0.42     1.14
  SINCE MAR 1      1.18                      0.76   0.42     1.14
  SINCE JAN 1      2.93                      1.95   0.98     4.80

SNOWFALL (IN)
  TODAY            0.0                       0.2   -0.2      0.0
  MONTH TO DATE   15.0                       6.5    8.5     14.6
  SINCE JUL 1     91.4                      63.3   28.1     84.9
  SNOW DEPTH      27

DEGREE DAYS
 HEATING
  TODAY           59                        36     23       40
  MONTH TO DATE 1397                      1106    291     1332
  SINCE MAR 1   1397                      1106    291     1332
  SINCE JUL 1   9828                      8689   1139     8889

 COOLING
  TODAY            0                         0      0        0
  MONTH TO DATE    0                         0      0        0
  SINCE MAR 1      0                         0      0        0
  SINCE JAN 1      0                         0      0        0
..................................................................


WIND (MPH)
  HIGHEST WIND SPEED    17   HIGHEST WIND DIRECTION     E (110)
  HIGHEST GUST SPEED    23   HIGHEST GUST DIRECTION    SW (210)


SKY COVER
  AVERAGE SKY COVER 0.5


WEATHER CONDITIONS
 THE FOLLOWING WEATHER WAS RECORDED TODAY.
  LIGHT SNOW
  HAZE


RELATIVE HUMIDITY (PERCENT)
 HIGHEST    83           100 AM
 LOWEST     37          1200 PM
 AVERAGE    60

..........................................................


THE INTERNATIONAL FALLS MN CLIMATE NORMALS FOR TOMORROW
                         NORMAL    RECORD    YEAR
 MAXIMUM TEMPERATURE (F)   40        60      1993
 MINIMUM TEMPERATURE (F)   18       -15      1955


SUNRISE AND SUNSET
MARCH 26 2014.........SUNRISE   704 AM CDT   SUNSET   736 PM CDT
MARCH 27 2014.........SUNRISE   702 AM CDT   SUNSET   737 PM CDT


-  INDICATES NEGATIVE NUMBERS.
R  INDICATES RECORD WAS SET OR TIED.
MM INDICATES DATA IS MISSING.
T  INDICATES TRACE AMOUNT.




$$
