000
CDUS43 KDLH 030634
CLIINL


CLIMATE REPORT
NATIONAL WEATHER SERVICE DULUTH MN
131 AM CDT FRI NOV 3 2017


...................................

...THE INTERNATIONAL FALLS MN CLIMATE SUMMARY FOR NOVEMBER 2 2017...

CLIMATE NORMAL PERIOD 1981 TO 2010
CLIMATE RECORD PERIOD 1895 TO 2017


WEATHER ITEM   OBSERVED TIME   RECORD YEAR NORMAL DEPARTURE LAST
                VALUE   (LST)  VALUE       VALUE  FROM      YEAR
                                                  NORMAL
..................................................................
TEMPERATURE (F)
 YESTERDAY
  MAXIMUM         33    415 PM  67    1978  42     -9       46
  MINIMUM         27   1143 PM  -2    1951  25      2       32
  AVERAGE         30                        34     -4       39

PRECIPITATION (IN)
  YESTERDAY        0.13          0.62 2000   0.06   0.07     0.10
  MONTH TO DATE    0.28                      0.11   0.17     0.12
  SINCE SEP 1      4.86                      5.18  -0.32     4.93
  SINCE JAN 1     21.60                     22.14  -0.54    25.49

SNOWFALL (IN)
  YESTERDAY        0.9           8.1  1992   0.3    0.6      0.0
  MONTH TO DATE    2.6                       0.5    2.1      0.0
  SINCE SEP 1      4.7                       2.8    1.9       T
  SINCE JUL 1      4.7                       2.8    1.9       T
  SNOW DEPTH       3

DEGREE DAYS
 HEATING
  YESTERDAY       35                        31      4       26
  MONTH TO DATE   75                        62     13       50
  SINCE SEP 1    993                      1158   -165      914
  SINCE JUL 1   1204                      1339   -135     1031

 COOLING
  YESTERDAY        0                         0      0        0
  MONTH TO DATE    0                         0      0        0
  SINCE SEP 1      7                        11     -4        7
  SINCE JAN 1     86                       192   -106      155
..................................................................


WIND (MPH)
  HIGHEST WIND SPEED    14   HIGHEST WIND DIRECTION    NW (310)
  HIGHEST GUST SPEED    17   HIGHEST GUST DIRECTION    NW (300)
  AVERAGE WIND SPEED     8.1


SKY COVER
  AVERAGE SKY COVER 0.9


WEATHER CONDITIONS
 THE FOLLOWING WEATHER WAS RECORDED YESTERDAY.
  HEAVY SNOW
  SNOW
  LIGHT SNOW
  FOG
  FOG W/VISIBILITY <= 1/4 MILE
  HAZE


RELATIVE HUMIDITY (PERCENT)
 HIGHEST    92           300 AM
 LOWEST     75           300 PM
 AVERAGE    84

..........................................................


THE INTERNATIONAL FALLS MN CLIMATE NORMALS FOR TODAY
                         NORMAL    RECORD    YEAR
 MAXIMUM TEMPERATURE (F)   41        66      2008
                                             1978
 MINIMUM TEMPERATURE (F)   25         2      1989


SUNRISE AND SUNSET
NOVEMBER  3 2017......SUNRISE   803 AM CDT   SUNSET   550 PM CDT
NOVEMBER  4 2017......SUNRISE   805 AM CDT   SUNSET   549 PM CDT


-  INDICATES NEGATIVE NUMBERS.
R  INDICATES RECORD WAS SET OR TIED.
MM INDICATES DATA IS MISSING.
T  INDICATES TRACE AMOUNT.




$$
