000
CDUS43 KDLH 052229
CLIINL


CLIMATE REPORT
NATIONAL WEATHER SERVICE DULUTH MN
528 PM CDT MON SEP 5 2016


...................................

...THE INTERNATIONAL FALLS MN CLIMATE SUMMARY FOR SEPTEMBER 5 2016...
VALID TODAY AS OF 0500 PM LOCAL TIME.

CLIMATE NORMAL PERIOD 1981 TO 2010
CLIMATE RECORD PERIOD 1895 TO 2016


WEATHER ITEM   OBSERVED TIME   RECORD YEAR NORMAL DEPARTURE LAST
                VALUE   (LST)  VALUE       VALUE  FROM      YEAR
                                                  NORMAL
..................................................................
TEMPERATURE (F)
 TODAY
  MAXIMUM         73    239 PM  92    1912  70      3       80
  MINIMUM         63    658 AM  29    1962  46     17       66
  AVERAGE         68                        58     10       73

PRECIPITATION (IN)
  TODAY            0.29                      0.10   0.19     0.59
  MONTH TO DATE    1.01                      0.51   0.50     0.83
  SINCE SEP 1      1.01                      0.51   0.50     0.83
  SINCE JAN 1     21.57                     17.47   4.10    17.29

SNOWFALL (IN)
  TODAY            0.0                       0.0    0.0      0.0
  MONTH TO DATE    0.0                       0.0    0.0      0.0
  SINCE JUL 1      0.0                       0.0    0.0      0.0
  SNOW DEPTH       0

DEGREE DAYS
 HEATING
  TODAY            0                         8     -8        0
  MONTH TO DATE    9                        36    -27        0
  SINCE SEP 1      9                        36    -27        0
  SINCE JUL 1    126                       217    -91      176

 COOLING
  TODAY            3                         1      2        8
  MONTH TO DATE    9                         5      4       22
  SINCE SEP 1      9                         5      4       22
  SINCE JAN 1    157                       186    -29      185
..................................................................


WIND (MPH)
  HIGHEST WIND SPEED    12   HIGHEST WIND DIRECTION     W (250)
  HIGHEST GUST SPEED    16   HIGHEST GUST DIRECTION    SE (150)


SKY COVER
  AVERAGE SKY COVER 1.0


WEATHER CONDITIONS
 THE FOLLOWING WEATHER WAS RECORDED TODAY.
  LIGHT RAIN
  FOG


RELATIVE HUMIDITY (PERCENT)
 HIGHEST   100           500 AM
 LOWEST     79           200 PM
 AVERAGE    90

..........................................................


THE INTERNATIONAL FALLS MN CLIMATE NORMALS FOR TOMORROW
                         NORMAL    RECORD    YEAR
 MAXIMUM TEMPERATURE (F)   70        93      1976
                                             1913
 MINIMUM TEMPERATURE (F)   46        33      1956
                                             1917


SUNRISE AND SUNSET
SEPTEMBER  5 2016.....SUNRISE   637 AM CDT   SUNSET   746 PM CDT
SEPTEMBER  6 2016.....SUNRISE   638 AM CDT   SUNSET   744 PM CDT


-  INDICATES NEGATIVE NUMBERS.
R  INDICATES RECORD WAS SET OR TIED.
MM INDICATES DATA IS MISSING.
T  INDICATES TRACE AMOUNT.




$$
