088
CDUS43 KDLH 130625
CLIINL


CLIMATE REPORT
NATIONAL WEATHER SERVICE DULUTH MN
123 AM CDT MON MAR 13 2017


...................................

...THE INTERNATIONAL FALLS MN CLIMATE SUMMARY FOR MARCH 12 2017...

CLIMATE NORMAL PERIOD 1981 TO 2010
CLIMATE RECORD PERIOD 1895 TO 2017


WEATHER ITEM   OBSERVED TIME   RECORD YEAR NORMAL DEPARTURE LAST
                VALUE   (LST)  VALUE       VALUE  FROM      YEAR
                                                  NORMAL
..................................................................
TEMPERATURE (F)
 YESTERDAY
  MAXIMUM         18    307 PM  60    2016  33    -15       60
  MINIMUM          2    708 AM -28    2009  11     -9       26
  AVERAGE         10                        22    -12       43

PRECIPITATION (IN)
  YESTERDAY        0.00          0.46 1982   0.03  -0.03     0.00
  MONTH TO DATE    0.07                      0.30  -0.23     0.20
  SINCE MAR 1      0.07                      0.30  -0.23     0.20
  SINCE JAN 1      2.82                      1.49   1.33     1.57

SNOWFALL (IN)
  YESTERDAY        0.0           5.7  1976   0.3   -0.3      0.0
  MONTH TO DATE    0.3                       3.4   -3.1      1.1
  SINCE MAR 1      0.3                       3.4   -3.1      1.1
  SINCE JUL 1     63.6                      60.2    3.4     34.6
  SNOW DEPTH       7

DEGREE DAYS
 HEATING
  YESTERDAY       55                        43     12       22
  MONTH TO DATE  604                       552     52      476
  SINCE MAR 1    604                       552     52      476
  SINCE JUL 1   7078                      8135  -1057     7008

 COOLING
  YESTERDAY        0                         0      0        0
  MONTH TO DATE    0                         0      0        0
  SINCE MAR 1      0                         0      0        0
  SINCE JAN 1      0                         0      0        0
..................................................................


WIND (MPH)
  HIGHEST WIND SPEED    13   HIGHEST WIND DIRECTION    NE (40)
  HIGHEST GUST SPEED    17   HIGHEST GUST DIRECTION     N (10)
  AVERAGE WIND SPEED     5.2


SKY COVER
  AVERAGE SKY COVER 0.2


WEATHER CONDITIONS
 THE FOLLOWING WEATHER WAS RECORDED YESTERDAY.
  HAZE


RELATIVE HUMIDITY (PERCENT)
 HIGHEST    75           600 AM
 LOWEST     33           300 PM
 AVERAGE    54

..........................................................


THE INTERNATIONAL FALLS MN CLIMATE NORMALS FOR TODAY
                         NORMAL    RECORD    YEAR
 MAXIMUM TEMPERATURE (F)   33        59      2016
 MINIMUM TEMPERATURE (F)   11       -24      1897


SUNRISE AND SUNSET
MARCH 13 2017.........SUNRISE   730 AM CDT   SUNSET   716 PM CDT
MARCH 14 2017.........SUNRISE   728 AM CDT   SUNSET   718 PM CDT


-  INDICATES NEGATIVE NUMBERS.
R  INDICATES RECORD WAS SET OR TIED.
MM INDICATES DATA IS MISSING.
T  INDICATES TRACE AMOUNT.




$$
