000
CDUS43 KDLH 032219
CLIINL


CLIMATE REPORT
NATIONAL WEATHER SERVICE DULUTH MN
518 PM CDT THU APR 3 2014


...................................

...THE INTERNATIONAL FALLS MN CLIMATE SUMMARY FOR APRIL 3 2014...
VALID TODAY AS OF 0500 PM LOCAL TIME.

CLIMATE NORMAL PERIOD 1981 TO 2010
CLIMATE RECORD PERIOD 1895 TO 2014


WEATHER ITEM   OBSERVED TIME   RECORD YEAR NORMAL DEPARTURE LAST
                VALUE   (LST)  VALUE       VALUE  FROM      YEAR
                                                  NORMAL
..................................................................
TEMPERATURE (F)
 TODAY
  MAXIMUM         36    359 PM  74    1910  44     -8       42
  MINIMUM         23   1208 AM -14    1954  22      1       -1
  AVERAGE         30                        33     -3       21

PRECIPITATION (IN)
  TODAY            0.00                      0.04  -0.04     0.00
  MONTH TO DATE    0.17                      0.12   0.05     0.00
  SINCE MAR 1      1.63                      1.07   0.56     1.15
  SINCE JAN 1      3.38                      2.26   1.12     4.81

SNOWFALL (IN)
  TODAY            0.0                       0.2   -0.2      0.0
  MONTH TO DATE    2.6                       0.8    1.8      0.0
  SINCE JUL 1     96.6                      65.2   31.4     85.0
  SNOW DEPTH      28

DEGREE DAYS
 HEATING
  TODAY           35                        32      3       44
  MONTH TO DATE  128                        98     30      138
  SINCE MAR 1   1734                      1381    353     1650
  SINCE JUL 1  10165                      8964   1201     9207

 COOLING
  TODAY            0                         0      0        0
  MONTH TO DATE    0                         0      0        0
  SINCE MAR 1      0                         0      0        0
  SINCE JAN 1      0                         0      0        0
..................................................................


WIND (MPH)
  HIGHEST WIND SPEED    16   HIGHEST WIND DIRECTION     E (110)
  HIGHEST GUST SPEED    18   HIGHEST GUST DIRECTION     E (110)


SKY COVER
  AVERAGE SKY COVER 0.8


WEATHER CONDITIONS
 THE FOLLOWING WEATHER WAS RECORDED TODAY.
  HAZE


RELATIVE HUMIDITY (PERCENT)
 HIGHEST    68           700 AM
 LOWEST     44           200 PM
 AVERAGE    56

..........................................................


THE INTERNATIONAL FALLS MN CLIMATE NORMALS FOR TOMORROW
                         NORMAL    RECORD    YEAR
 MAXIMUM TEMPERATURE (F)   45        76      1912
 MINIMUM TEMPERATURE (F)   22        -7      1982


SUNRISE AND SUNSET
APRIL  3 2014.........SUNRISE   647 AM CDT   SUNSET   747 PM CDT
APRIL  4 2014.........SUNRISE   645 AM CDT   SUNSET   749 PM CDT


-  INDICATES NEGATIVE NUMBERS.
R  INDICATES RECORD WAS SET OR TIED.
MM INDICATES DATA IS MISSING.
T  INDICATES TRACE AMOUNT.




$$
