724
CDUS43 KDLH 140627
CLIINL


CLIMATE REPORT
NATIONAL WEATHER SERVICE DULUTH MN
126 AM CDT FRI JUL 14 2017


...................................

...THE INTERNATIONAL FALLS MN CLIMATE SUMMARY FOR JULY 13 2017...

CLIMATE NORMAL PERIOD 1981 TO 2010
CLIMATE RECORD PERIOD 1895 TO 2017


WEATHER ITEM   OBSERVED TIME   RECORD YEAR NORMAL DEPARTURE LAST
                VALUE   (LST)  VALUE       VALUE  FROM      YEAR
                                                  NORMAL
..................................................................
TEMPERATURE (F)
 YESTERDAY
  MAXIMUM         70    528 PM  93    1983  78     -8       70
  MINIMUM         43   1154 PM  35    2009  53    -10       63
  AVERAGE         57                        65     -8       67

PRECIPITATION (IN)
  YESTERDAY        0.11          2.85 2012   0.12  -0.01     0.29
  MONTH TO DATE    2.09                      1.79   0.30     1.73
  SINCE JUN 1      5.88                      5.71   0.17     8.65
  SINCE JAN 1     12.50                     12.24   0.26    16.45

SNOWFALL (IN)
  YESTERDAY        0.0           0.0  2002   0.0    0.0      0.0
                                      2001
  MONTH TO DATE    0.0                       0.0    0.0      0.0
  SINCE JUN 1      0.0                       0.0    0.0      0.0
  SINCE JUL 1      0.0                       0.0    0.0      0.0
  SNOW DEPTH       0

DEGREE DAYS
 HEATING
  YESTERDAY        8                         2      6        0
  MONTH TO DATE   49                        33     16       23
  SINCE JUN 1    173                       197    -24      190
  SINCE JUL 1     49                        33     16       23

 COOLING
  YESTERDAY        0                         3     -3        2
  MONTH TO DATE   15                        30    -15       25
  SINCE JUN 1     27                        68    -41       44
  SINCE JAN 1     27                        77    -50       46
..................................................................


WIND (MPH)
  HIGHEST WIND SPEED    14   HIGHEST WIND DIRECTION    NE (60)
  HIGHEST GUST SPEED    20   HIGHEST GUST DIRECTION    NE (30)
  AVERAGE WIND SPEED     6.4


SKY COVER
  AVERAGE SKY COVER 0.6


WEATHER CONDITIONS
 THE FOLLOWING WEATHER WAS RECORDED YESTERDAY.
  RAIN
  LIGHT RAIN
  FOG


RELATIVE HUMIDITY (PERCENT)
 HIGHEST    93           900 PM
 LOWEST     47           300 PM
 AVERAGE    70

..........................................................


THE INTERNATIONAL FALLS MN CLIMATE NORMALS FOR TODAY
                         NORMAL    RECORD    YEAR
 MAXIMUM TEMPERATURE (F)   78        96      1983
 MINIMUM TEMPERATURE (F)   53        38      1960


SUNRISE AND SUNSET
JULY 14 2017..........SUNRISE   527 AM CDT   SUNSET   912 PM CDT
JULY 15 2017..........SUNRISE   528 AM CDT   SUNSET   911 PM CDT


-  INDICATES NEGATIVE NUMBERS.
R  INDICATES RECORD WAS SET OR TIED.
MM INDICATES DATA IS MISSING.
T  INDICATES TRACE AMOUNT.




$$
