000
CDUS43 KDLH 040626
CLIINL


CLIMATE REPORT
NATIONAL WEATHER SERVICE DULUTH MN
125 AM CDT MON SEP 4 2017


...................................

...THE INTERNATIONAL FALLS MN CLIMATE SUMMARY FOR SEPTEMBER 3 2017...

CLIMATE NORMAL PERIOD 1981 TO 2010
CLIMATE RECORD PERIOD 1895 TO 2017


WEATHER ITEM   OBSERVED TIME   RECORD YEAR NORMAL DEPARTURE LAST
                VALUE   (LST)  VALUE       VALUE  FROM      YEAR
                                                  NORMAL
..................................................................
TEMPERATURE (F)
 YESTERDAY
  MAXIMUM         80    156 PM  88    1960  71      9       76
  MINIMUM         44    332 AM  28    1997  47     -3       55
  AVERAGE         62                        59      3       66

PRECIPITATION (IN)
  YESTERDAY        0.09          2.17 1916   0.10  -0.01     0.00
  MONTH TO DATE    0.47                      0.31   0.16     0.00
  SINCE SEP 1      0.47                      0.31   0.16     0.00
  SINCE JAN 1     17.21                     17.27  -0.06    20.56

SNOWFALL (IN)
  YESTERDAY        0.0           0.0  2002   0.0    0.0      0.0
                                      2001
  MONTH TO DATE    0.0                       0.0    0.0      0.0
  SINCE SEP 1      0.0                       0.0    0.0      0.0
  SINCE JUL 1      0.0                       0.0    0.0      0.0
  SNOW DEPTH       0

DEGREE DAYS
 HEATING
  YESTERDAY        3                         7     -4        0
  MONTH TO DATE   15                        21     -6        9
  SINCE SEP 1     15                        21     -6        9
  SINCE JUL 1    226                       202     24      126

 COOLING
  YESTERDAY        0                         1     -1        1
  MONTH TO DATE    0                         3     -3        1
  SINCE SEP 1      0                         3     -3        1
  SINCE JAN 1     79                       184   -105      149
..................................................................


WIND (MPH)
  HIGHEST WIND SPEED    17   HIGHEST WIND DIRECTION     N (20)
  HIGHEST GUST SPEED    25   HIGHEST GUST DIRECTION    NE (30)
  AVERAGE WIND SPEED     3.7


SKY COVER
  AVERAGE SKY COVER 0.5


WEATHER CONDITIONS
 THE FOLLOWING WEATHER WAS RECORDED YESTERDAY.
  THUNDERSTORM
  HEAVY RAIN
  LIGHT RAIN
  FOG


RELATIVE HUMIDITY (PERCENT)
 HIGHEST   100           800 PM
 LOWEST     49           200 PM
 AVERAGE    75

..........................................................


THE INTERNATIONAL FALLS MN CLIMATE NORMALS FOR TODAY
                         NORMAL    RECORD    YEAR
 MAXIMUM TEMPERATURE (F)   71        91      1922
 MINIMUM TEMPERATURE (F)   46        31      1917


SUNRISE AND SUNSET
SEPTEMBER  4 2017.....SUNRISE   635 AM CDT   SUNSET   749 PM CDT
SEPTEMBER  5 2017.....SUNRISE   637 AM CDT   SUNSET   746 PM CDT


-  INDICATES NEGATIVE NUMBERS.
R  INDICATES RECORD WAS SET OR TIED.
MM INDICATES DATA IS MISSING.
T  INDICATES TRACE AMOUNT.




$$
