000
CDUS43 KDLH 110628
CLIINL


CLIMATE REPORT
NATIONAL WEATHER SERVICE DULUTH MN
128 AM CDT THU SEP 11 2014


...................................

...THE INTERNATIONAL FALLS MN CLIMATE SUMMARY FOR SEPTEMBER 10 2014...

CLIMATE NORMAL PERIOD 1981 TO 2010
CLIMATE RECORD PERIOD 1895 TO 2014


WEATHER ITEM   OBSERVED TIME   RECORD YEAR NORMAL DEPARTURE LAST
                VALUE   (LST)  VALUE       VALUE  FROM      YEAR
                                                  NORMAL
..................................................................
TEMPERATURE (F)
 YESTERDAY
  MAXIMUM         56    400 PM  93    1906  68    -12       71
  MINIMUM         39   1159 PM  25    1917  44     -5       53
  AVERAGE         48                        56     -8       62

PRECIPITATION (IN)
  YESTERDAY        0.01          1.56 1961   0.11  -0.10     0.09
  MONTH TO DATE    1.19                      1.01   0.18     0.80
  SINCE SEP 1      1.19                      1.01   0.18     0.80
  SINCE JAN 1     25.73                     17.97   7.76    25.91

SNOWFALL (IN)
  YESTERDAY        0.0           0.0  2002   0.0    0.0      0.0
                                      2001
  MONTH TO DATE    0.0                       0.0    0.0      0.0
  SINCE SEP 1      0.0                       0.0    0.0      0.0
  SINCE JUL 1      0.0                       0.0    0.0      0.0
  SNOW DEPTH       0

DEGREE DAYS
 HEATING
  YESTERDAY       17                         9      8        3
  MONTH TO DATE   68                        79    -11       56
  SINCE SEP 1     68                        79    -11       56
  SINCE JUL 1    282                       260     22      276

 COOLING
  YESTERDAY        0                         0      0        0
  MONTH TO DATE    3                         9     -6        7
  SINCE SEP 1      3                         9     -6        7
  SINCE JAN 1    114                       190    -76      220
..................................................................


WIND (MPH)
  HIGHEST WIND SPEED    21   HIGHEST WIND DIRECTION    NE (40)
  HIGHEST GUST SPEED    30   HIGHEST GUST DIRECTION    NE (60)
  AVERAGE WIND SPEED    12.4


SKY COVER
  AVERAGE SKY COVER 0.6


WEATHER CONDITIONS
 THE FOLLOWING WEATHER WAS RECORDED YESTERDAY.
  LIGHT RAIN


RELATIVE HUMIDITY (PERCENT)
 HIGHEST    83          1200 AM
 LOWEST     38           400 PM
 AVERAGE    61

..........................................................


THE INTERNATIONAL FALLS MN CLIMATE NORMALS FOR TODAY
                         NORMAL    RECORD    YEAR
 MAXIMUM TEMPERATURE (F)   68        86      2005
                                             1990
                                             1976
 MINIMUM TEMPERATURE (F)   44        29      1955


SUNRISE AND SUNSET
SEPTEMBER 11 2014.....SUNRISE   645 AM CDT   SUNSET   735 PM CDT
SEPTEMBER 12 2014.....SUNRISE   646 AM CDT   SUNSET   732 PM CDT


-  INDICATES NEGATIVE NUMBERS.
R  INDICATES RECORD WAS SET OR TIED.
MM INDICATES DATA IS MISSING.
T  INDICATES TRACE AMOUNT.




$$
