000
CDUS43 KDLH 150620
CLIINL


CLIMATE REPORT
NATIONAL WEATHER SERVICE DULUTH MN
120 AM CDT FRI MAY 15 2015


...................................

...THE INTERNATIONAL FALLS MN CLIMATE SUMMARY FOR MAY 14 2015...

CLIMATE NORMAL PERIOD 1981 TO 2010
CLIMATE RECORD PERIOD 1895 TO 2015


WEATHER ITEM   OBSERVED TIME   RECORD YEAR NORMAL DEPARTURE LAST
                VALUE   (LST)  VALUE       VALUE  FROM      YEAR
                                                  NORMAL
..................................................................
TEMPERATURE (F)
 YESTERDAY
  MAXIMUM         59   1205 PM  89    1991  64     -5       42
  MINIMUM         42   1221 AM  24    2004  38      4       33
                                      1921
  AVERAGE         51                        51      0       38

PRECIPITATION (IN)
  YESTERDAY        0.57          0.78 1974   0.09   0.48      T
  MONTH TO DATE    2.08                      1.16   0.92     2.26
  SINCE MAR 1      3.44                      3.64  -0.20     5.25
  SINCE JAN 1      5.46                      4.83   0.63     7.00

SNOWFALL (IN)
  YESTERDAY        0.0           1.5  1974   0.0    0.0       T
  MONTH TO DATE    T                         0.2   -0.2       T
  SINCE MAR 1      7.8                      14.2   -6.4     24.8
  SINCE JUL 1     64.5                      71.0   -6.5    101.2
  SNOW DEPTH       0

DEGREE DAYS
 HEATING
  YESTERDAY       14                        14      0       27
  MONTH TO DATE  241                       227     14      313
  SINCE MAR 1   2169                      2282   -113     2826
  SINCE JUL 1   9923                      9865     58    11257

 COOLING
  YESTERDAY        0                         0      0        0
  MONTH TO DATE    0                         0      0        0
  SINCE MAR 1      0                         1     -1        0
  SINCE JAN 1      0                         1     -1        0
..................................................................


WIND (MPH)
  HIGHEST WIND SPEED    16   HIGHEST WIND DIRECTION    SE (120)
  HIGHEST GUST SPEED    23   HIGHEST GUST DIRECTION     S (200)
  AVERAGE WIND SPEED     7.5


SKY COVER
  AVERAGE SKY COVER 1.0


WEATHER CONDITIONS
 THE FOLLOWING WEATHER WAS RECORDED YESTERDAY.
  RAIN
  LIGHT RAIN
  FOG


RELATIVE HUMIDITY (PERCENT)
 HIGHEST    93           600 PM
 LOWEST     57          1200 PM
 AVERAGE    75

..........................................................


THE INTERNATIONAL FALLS MN CLIMATE NORMALS FOR TODAY
                         NORMAL    RECORD    YEAR
 MAXIMUM TEMPERATURE (F)   65        85      1991
                                             1977
 MINIMUM TEMPERATURE (F)   38        24      2004


SUNRISE AND SUNSET
MAY 15 2015...........SUNRISE   533 AM CDT   SUNSET   848 PM CDT
MAY 16 2015...........SUNRISE   532 AM CDT   SUNSET   849 PM CDT


-  INDICATES NEGATIVE NUMBERS.
R  INDICATES RECORD WAS SET OR TIED.
MM INDICATES DATA IS MISSING.
T  INDICATES TRACE AMOUNT.




$$
