000
CDUS43 KDLH 280618
CLIINL


CLIMATE REPORT
NATIONAL WEATHER SERVICE DULUTH MN
117 AM CDT WED JUN 28 2017


...................................

...THE INTERNATIONAL FALLS MN CLIMATE SUMMARY FOR JUNE 27 2017...

CLIMATE NORMAL PERIOD 1981 TO 2010
CLIMATE RECORD PERIOD 1895 TO 2017


WEATHER ITEM   OBSERVED TIME   RECORD YEAR NORMAL DEPARTURE LAST
                VALUE   (LST)  VALUE       VALUE  FROM      YEAR
                                                  NORMAL
..................................................................
TEMPERATURE (F)
 YESTERDAY
  MAXIMUM         75    222 PM 101    1912  76     -1       65
  MINIMUM         40    424 AM  37    1925  51    -11       46
  AVERAGE         58                        64     -6       56

PRECIPITATION (IN)
  YESTERDAY        0.00          1.63 1977   0.14  -0.14     0.01
  MONTH TO DATE    3.35                      3.51  -0.16     6.87
  SINCE JUN 1      3.35                      3.51  -0.16     6.87
  SINCE JAN 1      9.97                     10.04  -0.07    14.67

SNOWFALL (IN)
  YESTERDAY        0.0           T    1994   0.0    0.0      0.0
  MONTH TO DATE    0.0                       0.0    0.0      0.0
  SINCE JUN 1      0.0                       0.0    0.0      0.0
  SINCE JUL 1     70.4                      71.0   -0.6     47.7
  SNOW DEPTH       0

DEGREE DAYS
 HEATING
  YESTERDAY        7                         3      4        9
  MONTH TO DATE  109                       155    -46      146
  SINCE JUN 1    109                       155    -46      146
  SINCE JUL 1   9073                     10212  -1139     8974

 COOLING
  YESTERDAY        0                         2     -2        0
  MONTH TO DATE   12                        36    -24       18
  SINCE JUN 1     12                        36    -24       18
  SINCE JAN 1     12                        45    -33       20
..................................................................


WIND (MPH)
  HIGHEST WIND SPEED    18   HIGHEST WIND DIRECTION    SW (210)
  HIGHEST GUST SPEED    26   HIGHEST GUST DIRECTION     S (200)
  AVERAGE WIND SPEED     5.1


SKY COVER
  AVERAGE SKY COVER 0.0


WEATHER CONDITIONS
 THE FOLLOWING WEATHER WAS RECORDED YESTERDAY.
  NO SIGNIFICANT WEATHER WAS OBSERVED.


RELATIVE HUMIDITY (PERCENT)
 HIGHEST    96          1200 AM
 LOWEST     35          1100 AM
 AVERAGE    66

..........................................................


THE INTERNATIONAL FALLS MN CLIMATE NORMALS FOR TODAY
                         NORMAL    RECORD    YEAR
 MAXIMUM TEMPERATURE (F)   76        98      1921
 MINIMUM TEMPERATURE (F)   52        38      1993
                                             1925
                                             1911


SUNRISE AND SUNSET
JUNE 28 2017..........SUNRISE   514 AM CDT   SUNSET   920 PM CDT
JUNE 29 2017..........SUNRISE   514 AM CDT   SUNSET   920 PM CDT


-  INDICATES NEGATIVE NUMBERS.
R  INDICATES RECORD WAS SET OR TIED.
MM INDICATES DATA IS MISSING.
T  INDICATES TRACE AMOUNT.




$$
