000
CDUS43 KDLH 072226
CLIINL


CLIMATE REPORT
NATIONAL WEATHER SERVICE DULUTH MN
525 PM CDT WED SEP 7 2016


...................................

...THE INTERNATIONAL FALLS MN CLIMATE SUMMARY FOR SEPTEMBER 7 2016...
VALID TODAY AS OF 0500 PM LOCAL TIME.

CLIMATE NORMAL PERIOD 1981 TO 2010
CLIMATE RECORD PERIOD 1895 TO 2016


WEATHER ITEM   OBSERVED TIME   RECORD YEAR NORMAL DEPARTURE LAST
                VALUE   (LST)  VALUE       VALUE  FROM      YEAR
                                                  NORMAL
..................................................................
TEMPERATURE (F)
 TODAY
  MAXIMUM         71    353 PM  96    1906  69      2       74
  MINIMUM         42    530 AM  30    1956  45     -3       45
  AVERAGE         57                        57      0       60

PRECIPITATION (IN)
  TODAY            0.00                      0.10  -0.10     0.00
  MONTH TO DATE    1.01                      0.71   0.30     0.99
  SINCE SEP 1      1.01                      0.71   0.30     0.99
  SINCE JAN 1     21.57                     17.67   3.90    17.45

SNOWFALL (IN)
  TODAY            0.0                       0.0    0.0      0.0
  MONTH TO DATE    0.0                       0.0    0.0      0.0
  SINCE JUL 1      0.0                       0.0    0.0      0.0
  SNOW DEPTH       0

DEGREE DAYS
 HEATING
  TODAY            8                         8      0        5
  MONTH TO DATE   22                        52    -30        5
  SINCE SEP 1     22                        52    -30        5
  SINCE JUL 1    139                       233    -94      181

 COOLING
  TODAY            0                         1     -1        0
  MONTH TO DATE    7                         7      0       30
  SINCE SEP 1      7                         7      0       30
  SINCE JAN 1    155                       188    -33      193
..................................................................


WIND (MPH)
  HIGHEST WIND SPEED    14   HIGHEST WIND DIRECTION    SE (120)
  HIGHEST GUST SPEED    19   HIGHEST GUST DIRECTION    SE (140)


SKY COVER
  AVERAGE SKY COVER 0.1


WEATHER CONDITIONS
 THE FOLLOWING WEATHER WAS RECORDED TODAY.
  FOG


RELATIVE HUMIDITY (PERCENT)
 HIGHEST   100           100 AM
 LOWEST     57           100 PM
 AVERAGE    79

..........................................................


THE INTERNATIONAL FALLS MN CLIMATE NORMALS FOR TOMORROW
                         NORMAL    RECORD    YEAR
 MAXIMUM TEMPERATURE (F)   69        92      1906
 MINIMUM TEMPERATURE (F)   45        29      1956


SUNRISE AND SUNSET
SEPTEMBER  7 2016.....SUNRISE   640 AM CDT   SUNSET   742 PM CDT
SEPTEMBER  8 2016.....SUNRISE   641 AM CDT   SUNSET   740 PM CDT


-  INDICATES NEGATIVE NUMBERS.
R  INDICATES RECORD WAS SET OR TIED.
MM INDICATES DATA IS MISSING.
T  INDICATES TRACE AMOUNT.




$$
