858
CDUS43 KDLH 140623
CLIINL


CLIMATE REPORT
NATIONAL WEATHER SERVICE DULUTH MN
122 AM CDT SUN AUG 14 2016


...................................

...THE INTERNATIONAL FALLS MN CLIMATE SUMMARY FOR AUGUST 13 2016...

CLIMATE NORMAL PERIOD 1981 TO 2010
CLIMATE RECORD PERIOD 1895 TO 2016


WEATHER ITEM   OBSERVED TIME   RECORD YEAR NORMAL DEPARTURE LAST
                VALUE   (LST)  VALUE       VALUE  FROM      YEAR
                                                  NORMAL
..................................................................
TEMPERATURE (F)
 YESTERDAY
  MAXIMUM         74    116 PM  94    1970  77     -3       87
  MINIMUM         51    518 AM  33    1997  52     -1       61
  AVERAGE         63                        64     -1       74

PRECIPITATION (IN)
  YESTERDAY        0.00          1.00 1919   0.09  -0.09     0.00
  MONTH TO DATE    2.17                      1.20   0.97     1.91
  SINCE JUN 1     11.52                      8.82   2.70     6.58
  SINCE JAN 1     19.32                     15.35   3.97    14.75

SNOWFALL (IN)
  YESTERDAY        0.0           T    1996   0.0    0.0      0.0
  MONTH TO DATE    0.0                       0.0    0.0      0.0
  SINCE JUN 1      0.0                       0.0    0.0      0.0
  SINCE JUL 1      0.0                       0.0    0.0      0.0
  SNOW DEPTH       0

DEGREE DAYS
 HEATING
  YESTERDAY        2                         3     -1        0
  MONTH TO DATE   13                        33    -20       37
  SINCE JUN 1    223                       267    -44      233
  SINCE JUL 1     56                       103    -47       84

 COOLING
  YESTERDAY        0                         2     -2        9
  MONTH TO DATE   25                        26     -1       23
  SINCE JUN 1    125                       140    -15      118
  SINCE JAN 1    127                       149    -22      118
..................................................................


WIND (MPH)
  HIGHEST WIND SPEED    16   HIGHEST WIND DIRECTION    NW (300)
  HIGHEST GUST SPEED    22   HIGHEST GUST DIRECTION    NW (320)
  AVERAGE WIND SPEED     5.6


SKY COVER
  AVERAGE SKY COVER 0.6


WEATHER CONDITIONS
 THE FOLLOWING WEATHER WAS RECORDED YESTERDAY.
  FOG


RELATIVE HUMIDITY (PERCENT)
 HIGHEST   100           400 AM
 LOWEST     61           400 PM
 AVERAGE    81

..........................................................


THE INTERNATIONAL FALLS MN CLIMATE NORMALS FOR TODAY
                         NORMAL    RECORD    YEAR
 MAXIMUM TEMPERATURE (F)   77        92      1961
                                             1922
 MINIMUM TEMPERATURE (F)   51        35      2013
                                             1997
                                             1964


SUNRISE AND SUNSET
AUGUST 14 2016........SUNRISE   606 AM CDT   SUNSET   829 PM CDT
AUGUST 15 2016........SUNRISE   608 AM CDT   SUNSET   827 PM CDT


-  INDICATES NEGATIVE NUMBERS.
R  INDICATES RECORD WAS SET OR TIED.
MM INDICATES DATA IS MISSING.
T  INDICATES TRACE AMOUNT.




$$
