000
CDUS43 KDLH 031329
CLIINL


CLIMATE REPORT
NATIONAL WEATHER SERVICE DULUTH MN
728 AM CST WED JAN 3 2018


...................................

...THE INTERNATIONAL FALLS MN CLIMATE SUMMARY FOR JANUARY 2 2018...

CLIMATE NORMAL PERIOD 1981 TO 2010
CLIMATE RECORD PERIOD 1895 TO 2018


WEATHER ITEM   OBSERVED TIME   RECORD YEAR NORMAL DEPARTURE LAST
                VALUE   (LST)  VALUE       VALUE  FROM      YEAR
                                                  NORMAL
..................................................................
TEMPERATURE (F)
 YESTERDAY
  MAXIMUM          5   1215 PM  37    1997  15    -10       17
  MINIMUM         -5    623 AM -43    2014  -6      1        6
  AVERAGE          0                         5     -5       12

PRECIPITATION (IN)
  YESTERDAY        0.02          6.01 1907   0.03  -0.01     0.25
  MONTH TO DATE    0.02                      0.05  -0.03     0.27
  SINCE DEC 1      1.18                      0.86   0.32     2.46
  SINCE JAN 1      0.02                      0.05  -0.03     0.27

SNOWFALL (IN)
  YESTERDAY        0.3           5.8  1966   0.5   -0.2      3.2
  MONTH TO DATE    0.3                       1.0   -0.7      3.9
  SINCE DEC 1     16.7                      16.0    0.7     29.4
  SINCE JUL 1     30.7                      32.0   -1.3     37.8
  SNOW DEPTH       7

DEGREE DAYS
 HEATING
  YESTERDAY       65                        60      5       53
  MONTH TO DATE  139                       120     19      111
  SINCE DEC 1   1966                      1834    132     1777
  SINCE JUL 1   4360                      4295     65     3583

 COOLING
  YESTERDAY        0                         0      0        0
  MONTH TO DATE    0                         0      0        0
  SINCE DEC 1      0                         0      0        0
  SINCE JAN 1      0                         0      0        0
..................................................................


WIND (MPH)
  HIGHEST WIND SPEED    17   HIGHEST WIND DIRECTION     W (250)
  HIGHEST GUST SPEED    23   HIGHEST GUST DIRECTION     W (270)
  AVERAGE WIND SPEED     9.7


SKY COVER
  AVERAGE SKY COVER 0.4


WEATHER CONDITIONS
 THE FOLLOWING WEATHER WAS RECORDED YESTERDAY.
  HEAVY SNOW
  SNOW
  LIGHT SNOW
  HAZE


RELATIVE HUMIDITY (PERCENT)
 HIGHEST    79           900 AM
 LOWEST     64          1200 AM
 AVERAGE    72

..........................................................


THE INTERNATIONAL FALLS MN CLIMATE NORMALS FOR TODAY
                         NORMAL    RECORD    YEAR
 MAXIMUM TEMPERATURE (F)   15        41      2007
 MINIMUM TEMPERATURE (F)   -6       -37      2010


SUNRISE AND SUNSET
JANUARY  3 2018.......SUNRISE   806 AM CST   SUNSET   431 PM CST
JANUARY  4 2018.......SUNRISE   805 AM CST   SUNSET   432 PM CST


-  INDICATES NEGATIVE NUMBERS.
R  INDICATES RECORD WAS SET OR TIED.
MM INDICATES DATA IS MISSING.
T  INDICATES TRACE AMOUNT.




$$
