411
CDUS43 KDLH 270633
CLIINL


CLIMATE REPORT
NATIONAL WEATHER SERVICE DULUTH MN
1233 AM CST WED JAN 27 2016


...................................

...THE INTERNATIONAL FALLS MN CLIMATE SUMMARY FOR JANUARY 26 2016...

CLIMATE NORMAL PERIOD 1981 TO 2010
CLIMATE RECORD PERIOD 1895 TO 2016


WEATHER ITEM   OBSERVED TIME   RECORD YEAR NORMAL DEPARTURE LAST
                VALUE   (LST)  VALUE       VALUE  FROM      YEAR
                                                  NORMAL
..................................................................
TEMPERATURE (F)
 YESTERDAY
  MAXIMUM         23    218 PM  43    2006  16      7       30
  MINIMUM         15    902 PM -42    1997  -7     22       21
  AVERAGE         19                         5     14       26

PRECIPITATION (IN)
  YESTERDAY        0.01          0.25 1914   0.01   0.00     0.15
  MONTH TO DATE    0.27                      0.54  -0.27     1.21
  SINCE DEC 1      1.34                      1.35  -0.01     2.06
  SINCE JAN 1      0.27                      0.54  -0.27     1.21

SNOWFALL (IN)
  YESTERDAY        0.4           4.8  1992   0.4    0.0      1.8
  MONTH TO DATE    4.6                      13.0   -8.4     18.6
  SINCE DEC 1     14.1                      28.0  -13.9     29.3
  SINCE JUL 1     17.9                      44.0  -26.1     38.6
  SNOW DEPTH       9

DEGREE DAYS
 HEATING
  YESTERDAY       46                        60    -14       39
  MONTH TO DATE 1480                      1580   -100     1546
  SINCE DEC 1   2793                      3294   -501     3009
  SINCE JUL 1   4799                      5755   -956     5620

 COOLING
  YESTERDAY        0                         0      0        0
  MONTH TO DATE    0                         0      0        0
  SINCE DEC 1      0                         0      0        0
  SINCE JAN 1      0                         0      0        0
..................................................................


WIND (MPH)
  HIGHEST WIND SPEED    14   HIGHEST WIND DIRECTION    SW (240)
  HIGHEST GUST SPEED    19   HIGHEST GUST DIRECTION    SW (240)
  AVERAGE WIND SPEED     8.5


SKY COVER
  AVERAGE SKY COVER 1.0


WEATHER CONDITIONS
 THE FOLLOWING WEATHER WAS RECORDED YESTERDAY.
  LIGHT SNOW
  FOG
  HAZE


RELATIVE HUMIDITY (PERCENT)
 HIGHEST    91           100 AM
 LOWEST     67           700 PM
 AVERAGE    79

..........................................................


THE INTERNATIONAL FALLS MN CLIMATE NORMALS FOR TODAY
                         NORMAL    RECORD    YEAR
 MAXIMUM TEMPERATURE (F)   16        44      2006
 MINIMUM TEMPERATURE (F)   -7       -36      1966
                                             1955
                                             1915


SUNRISE AND SUNSET
JANUARY 27 2016.......SUNRISE   750 AM CST   SUNSET   503 PM CST
JANUARY 28 2016.......SUNRISE   748 AM CST   SUNSET   505 PM CST


-  INDICATES NEGATIVE NUMBERS.
R  INDICATES RECORD WAS SET OR TIED.
MM INDICATES DATA IS MISSING.
T  INDICATES TRACE AMOUNT.




$$
