000
CDUS43 KDLH 052235
CLIINL


CLIMATE REPORT
NATIONAL WEATHER SERVICE DULUTH MN
433 PM CST FRI DEC 5 2014


...................................

...THE INTERNATIONAL FALLS MN CLIMATE SUMMARY FOR DECEMBER 5 2014...
VALID TODAY AS OF 0400 PM LOCAL TIME.

CLIMATE NORMAL PERIOD 1981 TO 2010
CLIMATE RECORD PERIOD 1895 TO 2014


WEATHER ITEM   OBSERVED TIME   RECORD YEAR NORMAL DEPARTURE LAST
                VALUE   (LST)  VALUE       VALUE  FROM      YEAR
                                                  NORMAL
..................................................................
TEMPERATURE (F)
 TODAY
  MAXIMUM         31    136 PM  48    1913  23      8       13
  MINIMUM          4    809 AM -38    1908   5     -1       -5
  AVERAGE         18                        14      4        4

PRECIPITATION (IN)
  TODAY            0.00                      0.03  -0.03     0.04
  MONTH TO DATE    T                         0.15  -0.15     0.95
  SINCE DEC 1      T                         0.15  -0.15     0.95
  SINCE JAN 1     29.37                     23.56   5.81    31.35

SNOWFALL (IN)
  TODAY            0.0                       0.5   -0.5      1.0
  MONTH TO DATE    0.1                       2.5   -2.4     17.3
  SINCE JUL 1      9.4                      18.5   -9.1     28.2
  SNOW DEPTH       4

DEGREE DAYS
 HEATING
  TODAY           47                        51     -4       61
  MONTH TO DATE  287                       249     38      251
  SINCE DEC 1    287                       249     38      251
  SINCE JUL 1   2898                      2710    188     2609

 COOLING
  TODAY            0                         0      0        0
  MONTH TO DATE    0                         0      0        0
  SINCE DEC 1      0                         0      0        0
  SINCE JAN 1    121                       192    -71      224
..................................................................


WIND (MPH)
  HIGHEST WIND SPEED    14   HIGHEST WIND DIRECTION    NW (330)
  HIGHEST GUST SPEED    16   HIGHEST GUST DIRECTION    NW (320)


SKY COVER
  AVERAGE SKY COVER 0.0


WEATHER CONDITIONS
 THE FOLLOWING WEATHER WAS RECORDED TODAY.
  NO SIGNIFICANT WEATHER WAS OBSERVED.


RELATIVE HUMIDITY (PERCENT)
 HIGHEST    88           900 AM
 LOWEST     49           100 PM
 AVERAGE    69

..........................................................


THE INTERNATIONAL FALLS MN CLIMATE NORMALS FOR TOMORROW
                         NORMAL    RECORD    YEAR
 MAXIMUM TEMPERATURE (F)   22        43      1923
 MINIMUM TEMPERATURE (F)    5       -34      1908


SUNRISE AND SUNSET
DECEMBER  5 2014......SUNRISE   749 AM CST   SUNSET   419 PM CST
DECEMBER  6 2014......SUNRISE   750 AM CST   SUNSET   419 PM CST


-  INDICATES NEGATIVE NUMBERS.
R  INDICATES RECORD WAS SET OR TIED.
MM INDICATES DATA IS MISSING.
T  INDICATES TRACE AMOUNT.




$$
