000
CDUS43 KDLH 070634
CLIINL


CLIMATE REPORT
NATIONAL WEATHER SERVICE DULUTH MN
134 AM CDT SAT MAY 7 2016


...................................

...THE INTERNATIONAL FALLS MN CLIMATE SUMMARY FOR MAY 6 2016...

CLIMATE NORMAL PERIOD 1981 TO 2010
CLIMATE RECORD PERIOD 1895 TO 2016


WEATHER ITEM   OBSERVED TIME   RECORD YEAR NORMAL DEPARTURE LAST
                VALUE   (LST)  VALUE       VALUE  FROM      YEAR
                                                  NORMAL
..................................................................
TEMPERATURE (F)
 YESTERDAY
  MAXIMUM         86R  1153 AM  86    1918  62     24       69
  MINIMUM         40    935 PM  23    1976  35      5       42
  AVERAGE         63                        48     15       56

PRECIPITATION (IN)
  YESTERDAY        T             0.74 1941   0.08  -0.08     0.20
  MONTH TO DATE    0.02                      0.46  -0.44     0.33
  SINCE MAR 1      4.84                      2.94   1.90     1.69
  SINCE JAN 1      6.21                      4.13   2.08     3.71

SNOWFALL (IN)
  YESTERDAY        0.0           0.1  1954   0.0    0.0      0.0
  MONTH TO DATE    0.0                       0.1   -0.1      0.0
  SINCE MAR 1     14.2                      14.1    0.1      7.8
  SINCE JUL 1     47.7                      70.9  -23.2     64.5
  SNOW DEPTH       0

DEGREE DAYS
 HEATING
  YESTERDAY        2                        17    -15        9
  MONTH TO DATE   75                       106    -31       71
  SINCE MAR 1   2004                      2161   -157     1999
  SINCE JUL 1   8536                      9744  -1208     9753

 COOLING
  YESTERDAY        0                         0      0        0
  MONTH TO DATE    0                         0      0        0
  SINCE MAR 1      0                         1     -1        0
  SINCE JAN 1      0                         1     -1        0
..................................................................


WIND (MPH)
  HIGHEST WIND SPEED    30   HIGHEST WIND DIRECTION     N (340)
  HIGHEST GUST SPEED    40   HIGHEST GUST DIRECTION    NW (330)
  AVERAGE WIND SPEED    11.6


SKY COVER
  AVERAGE SKY COVER 0.4


WEATHER CONDITIONS
 THE FOLLOWING WEATHER WAS RECORDED YESTERDAY.
  LIGHT RAIN
  HAZE


RELATIVE HUMIDITY (PERCENT)
 HIGHEST    58          1000 PM
 LOWEST     27          1200 PM
 AVERAGE    43

..........................................................


THE INTERNATIONAL FALLS MN CLIMATE NORMALS FOR TODAY
                         NORMAL    RECORD    YEAR
 MAXIMUM TEMPERATURE (F)   62        90      1953
 MINIMUM TEMPERATURE (F)   36        19      2004


SUNRISE AND SUNSET
MAY  7 2016...........SUNRISE   543 AM CDT   SUNSET   838 PM CDT
MAY  8 2016...........SUNRISE   542 AM CDT   SUNSET   839 PM CDT


-  INDICATES NEGATIVE NUMBERS.
R  INDICATES RECORD WAS SET OR TIED.
MM INDICATES DATA IS MISSING.
T  INDICATES TRACE AMOUNT.




$$
