000
CDUS43 KDLH 022229
CLIINL


CLIMATE REPORT
NATIONAL WEATHER SERVICE DULUTH MN
528 PM CDT SUN JUL 2 2017


...................................

...THE INTERNATIONAL FALLS MN CLIMATE SUMMARY FOR JULY 2 2017...
VALID TODAY AS OF 0500 PM LOCAL TIME.

CLIMATE NORMAL PERIOD 1981 TO 2010
CLIMATE RECORD PERIOD 1895 TO 2017


WEATHER ITEM   OBSERVED TIME   RECORD YEAR NORMAL DEPARTURE LAST
                VALUE   (LST)  VALUE       VALUE  FROM      YEAR
                                                  NORMAL
..................................................................
TEMPERATURE (F)
 TODAY
  MAXIMUM         71    359 PM  96    1921  77     -6       78
  MINIMUM         45    448 AM  35    1972  52     -7       43
  AVERAGE         58                        64     -6       61

PRECIPITATION (IN)
  TODAY            0.00                      0.15  -0.15     0.00
  MONTH TO DATE    0.26                      0.30  -0.04     0.00
  SINCE JUN 1      4.05                      4.22  -0.17     6.92
  SINCE JAN 1     10.67                     10.75  -0.08    14.72

SNOWFALL (IN)
  TODAY            0.0                       0.0    0.0      0.0
  MONTH TO DATE    0.0                       0.0    0.0      0.0
  SINCE JUL 1      0.0                       0.0    0.0      0.0
  SNOW DEPTH       0

DEGREE DAYS
 HEATING
  TODAY            7                         3      4        4
  MONTH TO DATE   16                         6     10       12
  SINCE JUN 1    140                       170    -30      179
  SINCE JUL 1     16                         6     10       12

 COOLING
  TODAY            0                         2     -2        0
  MONTH TO DATE    0                         4     -4        0
  SINCE JUN 1     12                        42    -30       19
  SINCE JAN 1     12                        51    -39       21
..................................................................


WIND (MPH)
  HIGHEST WIND SPEED    13   HIGHEST WIND DIRECTION     N (350)
  HIGHEST GUST SPEED    16   HIGHEST GUST DIRECTION    NW (330)


SKY COVER
  AVERAGE SKY COVER 0.4


WEATHER CONDITIONS
 THE FOLLOWING WEATHER WAS RECORDED TODAY.
  FOG


RELATIVE HUMIDITY (PERCENT)
 HIGHEST    93          1200 AM
 LOWEST     49           400 PM
 AVERAGE    71

..........................................................


THE INTERNATIONAL FALLS MN CLIMATE NORMALS FOR TOMORROW
                         NORMAL    RECORD    YEAR
 MAXIMUM TEMPERATURE (F)   77        90      1990
 MINIMUM TEMPERATURE (F)   52        37      1915


SUNRISE AND SUNSET
JULY  2 2017..........SUNRISE   516 AM CDT   SUNSET   919 PM CDT
JULY  3 2017..........SUNRISE   517 AM CDT   SUNSET   919 PM CDT


-  INDICATES NEGATIVE NUMBERS.
R  INDICATES RECORD WAS SET OR TIED.
MM INDICATES DATA IS MISSING.
T  INDICATES TRACE AMOUNT.




$$
