000
CDUS43 KDLH 080636
CLIINL


CLIMATE REPORT
NATIONAL WEATHER SERVICE DULUTH MN
1234 AM CST WED FEB 8 2017


...................................

...THE INTERNATIONAL FALLS MN CLIMATE SUMMARY FOR FEBRUARY 7 2017...

CLIMATE NORMAL PERIOD 1981 TO 2010
CLIMATE RECORD PERIOD 1895 TO 2017


WEATHER ITEM   OBSERVED TIME   RECORD YEAR NORMAL DEPARTURE LAST
                VALUE   (LST)  VALUE       VALUE  FROM      YEAR
                                                  NORMAL
..................................................................
TEMPERATURE (F)
 YESTERDAY
  MAXIMUM         11    422 PM  48    1998  19     -8       34
  MINIMUM          1   1159 PM -36    1994  -4      5        8
  AVERAGE          6                         8     -2       21

PRECIPITATION (IN)
  YESTERDAY        0.21R         0.15 1926   0.02   0.19     0.03
  MONTH TO DATE    0.55                      0.12   0.43     0.13
  SINCE DEC 1      4.01                      1.55   2.46     1.79
  SINCE JAN 1      1.82                      0.74   1.08     0.72

SNOWFALL (IN)
  YESTERDAY        3.9 R         1.4  1950   0.4    3.5      0.2
  MONTH TO DATE    9.9                       2.7    7.2      1.7
  SINCE DEC 1     52.3                      32.7   19.6     20.0
  SINCE JUL 1     60.7                      48.7   12.0     23.8
  SNOW DEPTH      18

DEGREE DAYS
 HEATING
  YESTERDAY       59                        57      2       44
  MONTH TO DATE  433                       408     25      348
  SINCE DEC 1   3771                      4000   -229     3357
  SINCE JUL 1   5577                      6461   -884     5363

 COOLING
  YESTERDAY        0                         0      0        0
  MONTH TO DATE    0                         0      0        0
  SINCE DEC 1      0                         0      0        0
  SINCE JAN 1      0                         0      0        0
..................................................................


WIND (MPH)
  HIGHEST WIND SPEED    16   HIGHEST WIND DIRECTION    NW (330)
  HIGHEST GUST SPEED    19   HIGHEST GUST DIRECTION    NW (330)
  AVERAGE WIND SPEED    10.0


SKY COVER
  AVERAGE SKY COVER 1.0


WEATHER CONDITIONS
 THE FOLLOWING WEATHER WAS RECORDED YESTERDAY.
  HEAVY SNOW
  SNOW
  LIGHT SNOW
  FOG
  HAZE


RELATIVE HUMIDITY (PERCENT)
 HIGHEST    80          1200 AM
 LOWEST     66           300 PM
 AVERAGE    73

..........................................................


THE INTERNATIONAL FALLS MN CLIMATE NORMALS FOR TODAY
                         NORMAL    RECORD    YEAR
 MAXIMUM TEMPERATURE (F)   20        47      1898
 MINIMUM TEMPERATURE (F)   -4       -48      1909


SUNRISE AND SUNSET
FEBRUARY  8 2017......SUNRISE   732 AM CST   SUNSET   524 PM CST
FEBRUARY  9 2017......SUNRISE   730 AM CST   SUNSET   526 PM CST


-  INDICATES NEGATIVE NUMBERS.
R  INDICATES RECORD WAS SET OR TIED.
MM INDICATES DATA IS MISSING.
T  INDICATES TRACE AMOUNT.




$$
