000
CDUS43 KDLH 080629
CLIINL


CLIMATE REPORT
NATIONAL WEATHER SERVICE DULUTH MN
1227 AM CST SUN JAN 8 2017


...................................

...THE INTERNATIONAL FALLS MN CLIMATE SUMMARY FOR JANUARY 7 2017...

CLIMATE NORMAL PERIOD 1981 TO 2010
CLIMATE RECORD PERIOD 1895 TO 2017


WEATHER ITEM   OBSERVED TIME   RECORD YEAR NORMAL DEPARTURE LAST
                VALUE   (LST)  VALUE       VALUE  FROM      YEAR
                                                  NORMAL
..................................................................
TEMPERATURE (F)
 YESTERDAY
  MAXIMUM          0    333 PM  46    2003  15    -15       28
  MINIMUM        -14    753 PM -54    1909  -6     -8       24
  AVERAGE         -7                         4    -11       26

PRECIPITATION (IN)
  YESTERDAY        T             4.02 1907   0.03  -0.03     0.09
  MONTH TO DATE    0.58                      0.17   0.41     0.09
  SINCE DEC 1      2.77                      0.98   1.79     1.16
  SINCE JAN 1      0.58                      0.17   0.41     0.09

SNOWFALL (IN)
  YESTERDAY        T             6.6  1989   0.6   -0.6      1.5
  MONTH TO DATE   10.3                       3.7    6.6      1.5
  SINCE DEC 1     35.8                      18.7   17.1     11.0
  SINCE JUL 1     44.2                      34.7    9.5     14.8
  SNOW DEPTH      17

DEGREE DAYS
 HEATING
  YESTERDAY       72                        61     11       39
  MONTH TO DATE  474                       423     51      292
  SINCE DEC 1   2140                      2137      3     1605
  SINCE JUL 1   3946                      4598   -652     3611

 COOLING
  YESTERDAY        0                         0      0        0
  MONTH TO DATE    0                         0      0        0
  SINCE DEC 1      0                         0      0        0
  SINCE JAN 1      0                         0      0        0
..................................................................


WIND (MPH)
  HIGHEST WIND SPEED    17   HIGHEST WIND DIRECTION    NW (300)
  HIGHEST GUST SPEED    21   HIGHEST GUST DIRECTION    NW (330)
  AVERAGE WIND SPEED     7.9


SKY COVER
  AVERAGE SKY COVER 0.5


WEATHER CONDITIONS
 THE FOLLOWING WEATHER WAS RECORDED YESTERDAY.
  LIGHT SNOW
  HAZE


RELATIVE HUMIDITY (PERCENT)
 HIGHEST    83           300 AM
 LOWEST     65           100 PM
 AVERAGE    74

..........................................................


THE INTERNATIONAL FALLS MN CLIMATE NORMALS FOR TODAY
                         NORMAL    RECORD    YEAR
 MAXIMUM TEMPERATURE (F)   15        45      2003
 MINIMUM TEMPERATURE (F)   -7       -38      1973


SUNRISE AND SUNSET
JANUARY  8 2017.......SUNRISE   804 AM CST   SUNSET   437 PM CST
JANUARY  9 2017.......SUNRISE   804 AM CST   SUNSET   438 PM CST


-  INDICATES NEGATIVE NUMBERS.
R  INDICATES RECORD WAS SET OR TIED.
MM INDICATES DATA IS MISSING.
T  INDICATES TRACE AMOUNT.




$$
