000
CDUS43 KDLH 100707
CLIINL


CLIMATE REPORT
NATIONAL WEATHER SERVICE DULUTH MN
159 AM CDT SUN AUG 10 2014


...................................

...THE INTERNATIONAL FALLS MN CLIMATE SUMMARY FOR AUGUST 9 2014...

CLIMATE NORMAL PERIOD 1981 TO 2010
CLIMATE RECORD PERIOD 1895 TO 2014


WEATHER ITEM   OBSERVED TIME   RECORD YEAR NORMAL DEPARTURE LAST
                VALUE   (LST)  VALUE       VALUE  FROM      YEAR
                                                  NORMAL
..................................................................
TEMPERATURE (F)
 YESTERDAY
  MAXIMUM         82    244 PM  96    1920  78      4       67
  MINIMUM         51    458 AM  39    1994  52     -1       43
  AVERAGE         67                        65      2       55

PRECIPITATION (IN)
  YESTERDAY        0.00          3.08 1944   0.09  -0.09     0.00
  MONTH TO DATE    0.01                      0.81  -0.80     0.64
  SINCE JUN 1     14.83                      8.43   6.40     9.64
  SINCE JAN 1     23.65                     14.96   8.69    22.02

SNOWFALL (IN)
  YESTERDAY        0.0           0.0  2002   0.0    0.0      0.0
                                      2001
  MONTH TO DATE    0.0                       0.0    0.0      0.0
  SINCE JUN 1      0.0                       0.0    0.0      0.0
  SINCE JUL 1      0.0                       0.0    0.0      0.0
  SNOW DEPTH       0

DEGREE DAYS
 HEATING
  YESTERDAY        0                         3     -3       10
  MONTH TO DATE   19                        21     -2       71
  SINCE JUN 1    251                       255     -4      325
  SINCE JUL 1    122                        91     31      156

 COOLING
  YESTERDAY        2                         2      0        0
  MONTH TO DATE    4                        18    -14        0
  SINCE JUN 1     76                       132    -56      124
  SINCE JAN 1     99                       141    -42      127
..................................................................


WIND (MPH)
  HIGHEST WIND SPEED    12   HIGHEST WIND DIRECTION    SW (210)
  HIGHEST GUST SPEED    16   HIGHEST GUST DIRECTION    SE (150)
  AVERAGE WIND SPEED     2.8


SKY COVER
  AVERAGE SKY COVER 0.1


WEATHER CONDITIONS
 THE FOLLOWING WEATHER WAS RECORDED YESTERDAY.
  NO SIGNIFICANT WEATHER WAS OBSERVED.


RELATIVE HUMIDITY (PERCENT)
 HIGHEST   100           100 AM
 LOWEST     42           400 PM
 AVERAGE    71

..........................................................


THE INTERNATIONAL FALLS MN CLIMATE NORMALS FOR TODAY
                         NORMAL    RECORD    YEAR
 MAXIMUM TEMPERATURE (F)   77        91      1947
 MINIMUM TEMPERATURE (F)   52        38      2013
                                             2012


SUNRISE AND SUNSET
AUGUST 10 2014........SUNRISE   600 AM CDT   SUNSET   837 PM CDT
AUGUST 11 2014........SUNRISE   601 AM CDT   SUNSET   835 PM CDT


-  INDICATES NEGATIVE NUMBERS.
R  INDICATES RECORD WAS SET OR TIED.
MM INDICATES DATA IS MISSING.
T  INDICATES TRACE AMOUNT.




$$
