000
CDUS43 KDLH 162234
CLIINL


CLIMATE REPORT
NATIONAL WEATHER SERVICE DULUTH MN
534 PM CDT THU JUL 16 2015


...................................

...THE INTERNATIONAL FALLS MN CLIMATE SUMMARY FOR JULY 16 2015...
VALID TODAY AS OF 0500 PM LOCAL TIME.

CLIMATE NORMAL PERIOD 1981 TO 2010
CLIMATE RECORD PERIOD 1895 TO 2015


WEATHER ITEM   OBSERVED TIME   RECORD YEAR NORMAL DEPARTURE LAST
                VALUE   (LST)  VALUE       VALUE  FROM      YEAR
                                                  NORMAL
..................................................................
TEMPERATURE (F)
 TODAY
  MAXIMUM         75    117 PM  96    1964  78     -3       75
  MINIMUM         60    449 AM  39    2014  53      7       39
  AVERAGE         68                        65      3       57

PRECIPITATION (IN)
  TODAY            0.31                      0.11   0.20     0.00
  MONTH TO DATE    1.05                      2.14  -1.09     1.70
  SINCE JUN 1      4.25                      6.06  -1.81    11.94
  SINCE JAN 1     12.42                     12.59  -0.17    20.76

SNOWFALL (IN)
  TODAY            0.0                       0.0    0.0      0.0
  MONTH TO DATE    0.0                       0.0    0.0      0.0
  SINCE JUL 1      0.0                       0.0    0.0      0.0
  SNOW DEPTH       0

DEGREE DAYS
 HEATING
  TODAY            0                         2     -2        8
  MONTH TO DATE   38                        39     -1       78
  SINCE JUN 1    187                       203    -16      207
  SINCE JUL 1     38                        39     -1       78

 COOLING
  TODAY            3                         3      0        0
  MONTH TO DATE   34                        39     -5       18
  SINCE JUN 1     38                        77    -39       47
  SINCE JAN 1     38                        86    -48       70
..................................................................


WIND (MPH)
  HIGHEST WIND SPEED    14   HIGHEST WIND DIRECTION    SE (140)
  HIGHEST GUST SPEED    19   HIGHEST GUST DIRECTION    SE (140)


SKY COVER
  AVERAGE SKY COVER 0.5


WEATHER CONDITIONS
 THE FOLLOWING WEATHER WAS RECORDED TODAY.
  THUNDERSTORM
  HEAVY RAIN
  RAIN
  LIGHT RAIN
  FOG


RELATIVE HUMIDITY (PERCENT)
 HIGHEST   100           400 AM
 LOWEST     82           100 PM
 AVERAGE    91

..........................................................


THE INTERNATIONAL FALLS MN CLIMATE NORMALS FOR TOMORROW
                         NORMAL    RECORD    YEAR
 MAXIMUM TEMPERATURE (F)   78        94      1991
 MINIMUM TEMPERATURE (F)   53        42      1918


SUNRISE AND SUNSET
JULY 16 2015..........SUNRISE   528 AM CDT   SUNSET   911 PM CDT
JULY 17 2015..........SUNRISE   529 AM CDT   SUNSET   910 PM CDT


-  INDICATES NEGATIVE NUMBERS.
R  INDICATES RECORD WAS SET OR TIED.
MM INDICATES DATA IS MISSING.
T  INDICATES TRACE AMOUNT.




$$
