000
CDUS43 KDLH 270631
CLIINL


CLIMATE REPORT
NATIONAL WEATHER SERVICE DULUTH MN
130 AM CDT THU JUL 27 2017


...................................

...THE INTERNATIONAL FALLS MN CLIMATE SUMMARY FOR JULY 26 2017...

CLIMATE NORMAL PERIOD 1981 TO 2010
CLIMATE RECORD PERIOD 1895 TO 2017


WEATHER ITEM   OBSERVED TIME   RECORD YEAR NORMAL DEPARTURE LAST
                VALUE   (LST)  VALUE       VALUE  FROM      YEAR
                                                  NORMAL
..................................................................
TEMPERATURE (F)
 YESTERDAY
  MAXIMUM         81    315 PM  93    1914  78      3       84
  MINIMUM         54   1159 PM  41    1980  53      1       57
  AVERAGE         68                        66      2       71

PRECIPITATION (IN)
  YESTERDAY        0.00          1.14 1973   0.10  -0.10     0.00
  MONTH TO DATE    2.25                      3.21  -0.96     2.42
  SINCE JUN 1      6.04                      7.13  -1.09     9.34
  SINCE JAN 1     12.66                     13.66  -1.00    17.14

SNOWFALL (IN)
  YESTERDAY        0.0           0.0  2002   0.0    0.0      0.0
                                      2001
  MONTH TO DATE    0.0                       0.0    0.0      0.0
  SINCE JUN 1      0.0                       0.0    0.0      0.0
  SINCE JUL 1      0.0                       0.0    0.0      0.0
  SNOW DEPTH       0

DEGREE DAYS
 HEATING
  YESTERDAY        0                         2     -2        0
  MONTH TO DATE   67                        59      8       40
  SINCE JUN 1    191                       223    -32      207
  SINCE JUL 1     67                        59      8       40

 COOLING
  YESTERDAY        3                         2      1        6
  MONTH TO DATE   31                        63    -32       70
  SINCE JUN 1     43                       101    -58       89
  SINCE JAN 1     43                       110    -67       91
..................................................................


WIND (MPH)
  HIGHEST WIND SPEED    17   HIGHEST WIND DIRECTION    NW (330)
  HIGHEST GUST SPEED    27   HIGHEST GUST DIRECTION    NW (320)
  AVERAGE WIND SPEED     6.4


SKY COVER
  AVERAGE SKY COVER 0.3


WEATHER CONDITIONS
 THE FOLLOWING WEATHER WAS RECORDED YESTERDAY.
  FOG


RELATIVE HUMIDITY (PERCENT)
 HIGHEST   100          1100 PM
 LOWEST     45           300 PM
 AVERAGE    73

..........................................................


THE INTERNATIONAL FALLS MN CLIMATE NORMALS FOR TODAY
                         NORMAL    RECORD    YEAR
 MAXIMUM TEMPERATURE (F)   78        97      1916
 MINIMUM TEMPERATURE (F)   53        36      1971


SUNRISE AND SUNSET
JULY 27 2017..........SUNRISE   542 AM CDT   SUNSET   857 PM CDT
JULY 28 2017..........SUNRISE   543 AM CDT   SUNSET   856 PM CDT


-  INDICATES NEGATIVE NUMBERS.
R  INDICATES RECORD WAS SET OR TIED.
MM INDICATES DATA IS MISSING.
T  INDICATES TRACE AMOUNT.




$$
