000
CDUS43 KDLH 201245
CLIINL


CLIMATE REPORT
NATIONAL WEATHER SERVICE DULUTH MN
745 AM CDT SAT JUN 20 2015


...................................

...THE INTERNATIONAL FALLS MN CLIMATE SUMMARY FOR JUNE 19 2015...

CLIMATE NORMAL PERIOD 1981 TO 2010
CLIMATE RECORD PERIOD 1895 TO 2015


WEATHER ITEM   OBSERVED TIME   RECORD YEAR NORMAL DEPARTURE LAST
                VALUE   (LST)  VALUE       VALUE  FROM      YEAR
                                                  NORMAL
..................................................................
TEMPERATURE (F)
 YESTERDAY
  MAXIMUM         67    741 PM  94    1995  74     -7       72
  MINIMUM         36    302 AM  34    2004  50    -14       57
  AVERAGE         52                        62    -10       65

PRECIPITATION (IN)
  YESTERDAY        0.05          1.06 1998   0.14  -0.09     0.17
  MONTH TO DATE    1.82                      2.34  -0.52     7.87
  SINCE JUN 1      1.82                      2.34  -0.52     7.87
  SINCE JAN 1      9.99                      8.87   1.12    16.69

SNOWFALL (IN)
  YESTERDAY       MM             0.0  2002   0.0   MM        0.0
                                      2001
  MONTH TO DATE    0.0                       0.0    0.0      0.0
  SINCE JUN 1      0.0                       0.0    0.0      0.0
  SINCE JUL 1     64.5                      71.0   -6.5    101.2
  SNOW DEPTH       0

DEGREE DAYS
 HEATING
  YESTERDAY       13                         5      8        0
  MONTH TO DATE  123                       124     -1      113
  SINCE JUN 1    123                       124     -1      113
  SINCE JUL 1  10257                     10181     76    11495

 COOLING
  YESTERDAY        0                         2     -2        0
  MONTH TO DATE    1                        20    -19        1
  SINCE JUN 1      1                        20    -19        1
  SINCE JAN 1      1                        29    -28       24
..................................................................


WIND (MPH)
  HIGHEST WIND SPEED    14   HIGHEST WIND DIRECTION     N (10)
  HIGHEST GUST SPEED    28   HIGHEST GUST DIRECTION    SE (150)
  AVERAGE WIND SPEED     4.5


SKY COVER
  AVERAGE SKY COVER 0.6


WEATHER CONDITIONS
 THE FOLLOWING WEATHER WAS RECORDED YESTERDAY.
  LIGHT RAIN


RELATIVE HUMIDITY (PERCENT)
 HIGHEST   100           100 AM
 LOWEST     48          1100 AM
 AVERAGE    74

..........................................................


THE INTERNATIONAL FALLS MN CLIMATE NORMALS FOR TODAY
                         NORMAL    RECORD    YEAR
 MAXIMUM TEMPERATURE (F)   74        97      1910
 MINIMUM TEMPERATURE (F)   50        33      1969


SUNRISE AND SUNSET
JUNE 20 2015..........SUNRISE   511 AM CDT   SUNSET   919 PM CDT
JUNE 21 2015..........SUNRISE   511 AM CDT   SUNSET   919 PM CDT


-  INDICATES NEGATIVE NUMBERS.
R  INDICATES RECORD WAS SET OR TIED.
MM INDICATES DATA IS MISSING.
T  INDICATES TRACE AMOUNT.




$$
