000
CDUS43 KDLH 280635
CLIINL


CLIMATE REPORT
NATIONAL WEATHER SERVICE DULUTH MN
133 AM CDT FRI MAR 28 2014


...................................

...THE INTERNATIONAL FALLS MN CLIMATE SUMMARY FOR MARCH 27 2014...

CLIMATE NORMAL PERIOD 1981 TO 2010
CLIMATE RECORD PERIOD 1895 TO 2014


WEATHER ITEM   OBSERVED TIME   RECORD YEAR NORMAL DEPARTURE LAST
                VALUE   (LST)  VALUE       VALUE  FROM      YEAR
                                                  NORMAL
..................................................................
TEMPERATURE (F)
 YESTERDAY
  MAXIMUM         30    557 PM  60    1993  40    -10       43
  MINIMUM          2   1013 PM -15    1955  18    -16       14
  AVERAGE         16                        29    -13       29

PRECIPITATION (IN)
  YESTERDAY        0.02          0.50 1975   0.04  -0.02     0.00
  MONTH TO DATE    1.25                      0.80   0.45     1.14
  SINCE MAR 1      1.25                      0.80   0.45     1.14
  SINCE JAN 1      3.00                      1.99   1.01     4.80

SNOWFALL (IN)
  YESTERDAY        0.4           6.6  1975   0.2    0.2      0.0
  MONTH TO DATE   15.5                       6.7    8.8     14.6
  SINCE MAR 1     15.5                       6.7    8.8     14.6
  SINCE JUL 1     91.9                      63.5   28.4     84.9
  SNOW DEPTH      27

DEGREE DAYS
 HEATING
  YESTERDAY       49                        36     13       36
  MONTH TO DATE 1446                      1142    304     1368
  SINCE MAR 1   1446                      1142    304     1368
  SINCE JUL 1   9877                      8725   1152     8925

 COOLING
  YESTERDAY        0                         0      0        0
  MONTH TO DATE    0                         0      0        0
  SINCE MAR 1      0                         0      0        0
  SINCE JAN 1      0                         0      0        0
..................................................................


WIND (MPH)
  HIGHEST WIND SPEED    16   HIGHEST WIND DIRECTION     N (350)
  HIGHEST GUST SPEED    20   HIGHEST GUST DIRECTION     N (10)
  AVERAGE WIND SPEED     7.5


SKY COVER
  AVERAGE SKY COVER 0.8


WEATHER CONDITIONS
 THE FOLLOWING WEATHER WAS RECORDED YESTERDAY.
  LIGHT SNOW
  FOG
  HAZE


RELATIVE HUMIDITY (PERCENT)
 HIGHEST    87          1000 PM
 LOWEST     53           600 PM
 AVERAGE    70

..........................................................


THE INTERNATIONAL FALLS MN CLIMATE NORMALS FOR TODAY
                         NORMAL    RECORD    YEAR
 MAXIMUM TEMPERATURE (F)   41        61      1998
 MINIMUM TEMPERATURE (F)   19       -11      1970


SUNRISE AND SUNSET
MARCH 28 2014.........SUNRISE   700 AM CDT   SUNSET   738 PM CDT
MARCH 29 2014.........SUNRISE   658 AM CDT   SUNSET   740 PM CDT


-  INDICATES NEGATIVE NUMBERS.
R  INDICATES RECORD WAS SET OR TIED.
MM INDICATES DATA IS MISSING.
T  INDICATES TRACE AMOUNT.




$$
