536
CDUS43 KDLH 172226
CLIINL


CLIMATE REPORT
NATIONAL WEATHER SERVICE DULUTH MN
524 PM CDT MON APR 17 2017


...................................

...THE INTERNATIONAL FALLS MN CLIMATE SUMMARY FOR APRIL 17 2017...
VALID TODAY AS OF 0500 PM LOCAL TIME.

CLIMATE NORMAL PERIOD 1981 TO 2010
CLIMATE RECORD PERIOD 1895 TO 2017


WEATHER ITEM   OBSERVED TIME   RECORD YEAR NORMAL DEPARTURE LAST
                VALUE   (LST)  VALUE       VALUE  FROM      YEAR
                                                  NORMAL
..................................................................
TEMPERATURE (F)
 TODAY
  MAXIMUM         46    354 PM  77    1911  53     -7       54
  MINIMUM         31    724 AM  11    1953  28      3       37
  AVERAGE         39                        40     -1       46

PRECIPITATION (IN)
  TODAY            0.00                      0.05  -0.05     0.36
  MONTH TO DATE    0.44                      0.77  -0.33     0.88
  SINCE MAR 1      1.12                      1.72  -0.60     3.59
  SINCE JAN 1      3.87                      2.91   0.96     4.96

SNOWFALL (IN)
  TODAY            0.0                       0.2   -0.2      0.0
  MONTH TO DATE    0.0                       4.5   -4.5      4.9
  SINCE JUL 1     67.8                      68.9   -1.1     47.7
  SNOW DEPTH       0

DEGREE DAYS
 HEATING
  TODAY           26                        25      1       19
  MONTH TO DATE  381                       491   -110      538
  SINCE MAR 1   1638                      1774   -136     1641
  SINCE JUL 1   8112                      9357  -1245     8173

 COOLING
  TODAY            0                         0      0        0
  MONTH TO DATE    0                         0      0        0
  SINCE MAR 1      0                         0      0        0
  SINCE JAN 1      0                         0      0        0
..................................................................


WIND (MPH)
  HIGHEST WIND SPEED    13   HIGHEST WIND DIRECTION    NW (320)
  HIGHEST GUST SPEED    17   HIGHEST GUST DIRECTION    NW (320)


SKY COVER
  AVERAGE SKY COVER 1.0


WEATHER CONDITIONS
 THE FOLLOWING WEATHER WAS RECORDED TODAY.
  NO SIGNIFICANT WEATHER WAS OBSERVED.


RELATIVE HUMIDITY (PERCENT)
 HIGHEST    89          1200 AM
 LOWEST     53           100 PM
 AVERAGE    71

..........................................................


THE INTERNATIONAL FALLS MN CLIMATE NORMALS FOR TOMORROW
                         NORMAL    RECORD    YEAR
 MAXIMUM TEMPERATURE (F)   53        88      1987
 MINIMUM TEMPERATURE (F)   28        15      2014
                                             1963


SUNRISE AND SUNSET
APRIL 17 2017.........SUNRISE   619 AM CDT   SUNSET   808 PM CDT
APRIL 18 2017.........SUNRISE   617 AM CDT   SUNSET   810 PM CDT


-  INDICATES NEGATIVE NUMBERS.
R  INDICATES RECORD WAS SET OR TIED.
MM INDICATES DATA IS MISSING.
T  INDICATES TRACE AMOUNT.




$$
