000
CDUS43 KDLH 210625
CLIINL


CLIMATE REPORT
NATIONAL WEATHER SERVICE DULUTH MN
1224 AM CST TUE NOV 21 2017


...................................

...THE INTERNATIONAL FALLS MN CLIMATE SUMMARY FOR NOVEMBER 20 2017...

CLIMATE NORMAL PERIOD 1981 TO 2010
CLIMATE RECORD PERIOD 1895 TO 2017


WEATHER ITEM   OBSERVED TIME   RECORD YEAR NORMAL DEPARTURE LAST
                VALUE   (LST)  VALUE       VALUE  FROM      YEAR
                                                  NORMAL
..................................................................
TEMPERATURE (F)
 YESTERDAY
  MAXIMUM         42    331 PM  50    1963  31     11       27
  MINIMUM         13    105 AM -16    1921  15     -2        8
  AVERAGE         28                        23      5       18

PRECIPITATION (IN)
  YESTERDAY        T             0.64 1977   0.04  -0.04     0.00
  MONTH TO DATE    1.04                      1.00   0.04     0.89
  SINCE SEP 1      5.62                      6.07  -0.45     5.70
  SINCE JAN 1     22.36                     23.03  -0.67    26.26

SNOWFALL (IN)
  YESTERDAY        T             5.8  1953   0.5   -0.5      0.0
  MONTH TO DATE   11.8                       8.2    3.6      3.4
  SINCE SEP 1     13.9                      10.5    3.4      3.4
  SINCE JUL 1     13.9                      10.5    3.4      3.4
  SNOW DEPTH       3

DEGREE DAYS
 HEATING
  YESTERDAY       37                        42     -5       47
  MONTH TO DATE  862                       728    134      487
  SINCE SEP 1   1780                      1824    -44     1351
  SINCE JUL 1   1991                      2005    -14     1468

 COOLING
  YESTERDAY        0                         0      0        0
  MONTH TO DATE    0                         0      0        0
  SINCE SEP 1      7                        11     -4        7
  SINCE JAN 1     86                       192   -106      155
..................................................................


WIND (MPH)
  HIGHEST WIND SPEED    33   HIGHEST WIND DIRECTION    NW (300)
  HIGHEST GUST SPEED    47   HIGHEST GUST DIRECTION     W (290)
  AVERAGE WIND SPEED     9.2


SKY COVER
  AVERAGE SKY COVER 0.7


WEATHER CONDITIONS
 THE FOLLOWING WEATHER WAS RECORDED YESTERDAY.
  LIGHT SNOW
  FOG
  HAZE


RELATIVE HUMIDITY (PERCENT)
 HIGHEST    88           200 AM
 LOWEST     51           200 PM
 AVERAGE    70

..........................................................


THE INTERNATIONAL FALLS MN CLIMATE NORMALS FOR TODAY
                         NORMAL    RECORD    YEAR
 MAXIMUM TEMPERATURE (F)   30        60      1990
 MINIMUM TEMPERATURE (F)   14       -17      1978


SUNRISE AND SUNSET
NOVEMBER 21 2017......SUNRISE   731 AM CST   SUNSET   427 PM CST
NOVEMBER 22 2017......SUNRISE   733 AM CST   SUNSET   427 PM CST


-  INDICATES NEGATIVE NUMBERS.
R  INDICATES RECORD WAS SET OR TIED.
MM INDICATES DATA IS MISSING.
T  INDICATES TRACE AMOUNT.




$$
