000
CDUS43 KDLH 240654
CLIINL


CLIMATE REPORT
NATIONAL WEATHER SERVICE DULUTH MN
154 AM CDT WED MAY 24 2017


...................................

...THE INTERNATIONAL FALLS MN CLIMATE SUMMARY FOR MAY 23 2017...

CLIMATE NORMAL PERIOD 1981 TO 2010
CLIMATE RECORD PERIOD 1895 TO 2017


WEATHER ITEM   OBSERVED TIME   RECORD YEAR NORMAL DEPARTURE LAST
                VALUE   (LST)  VALUE       VALUE  FROM      YEAR
                                                  NORMAL
..................................................................
TEMPERATURE (F)
 YESTERDAY
  MAXIMUM         58    441 PM  91    1950  67     -9       80
  MINIMUM         34   1150 PM  24    1917  41     -7       51
  AVERAGE         46                        54     -8       66

PRECIPITATION (IN)
  YESTERDAY        0.08          2.67 1991   0.10  -0.02     0.08
  MONTH TO DATE    0.78                      2.02  -1.24     0.46
  SINCE MAR 1      3.04                      4.50  -1.46     5.28
  SINCE JAN 1      5.79                      5.69   0.10     6.65

SNOWFALL (IN)
  YESTERDAY        0.0           0.1  1992   0.0    0.0      0.0
  MONTH TO DATE    0.0                       0.2   -0.2       T
  SINCE MAR 1      7.1                      14.2   -7.1     14.2
  SINCE JUL 1     70.4                      71.0   -0.6     47.7
  SNOW DEPTH       0

DEGREE DAYS
 HEATING
  YESTERDAY       19                        11      8        0
  MONTH TO DATE  398                       339     59      320
  SINCE MAR 1   2404                      2394     10     2249
  SINCE JUL 1   8878                      9977  -1099     8781

 COOLING
  YESTERDAY        0                         0      0        1
  MONTH TO DATE    0                         0      0        1
  SINCE MAR 1      0                         1     -1        1
  SINCE JAN 1      0                         1     -1        1
..................................................................


WIND (MPH)
  HIGHEST WIND SPEED    15   HIGHEST WIND DIRECTION     E (70)
  HIGHEST GUST SPEED    23   HIGHEST GUST DIRECTION     N (20)
  AVERAGE WIND SPEED     7.3


SKY COVER
  AVERAGE SKY COVER 0.8


WEATHER CONDITIONS
 THE FOLLOWING WEATHER WAS RECORDED YESTERDAY.
  LIGHT RAIN
  FOG
  HAZE


RELATIVE HUMIDITY (PERCENT)
 HIGHEST   100          1000 PM
 LOWEST     61           400 PM
 AVERAGE    81

..........................................................


THE INTERNATIONAL FALLS MN CLIMATE NORMALS FOR TODAY
                         NORMAL    RECORD    YEAR
 MAXIMUM TEMPERATURE (F)   67        89      1980
 MINIMUM TEMPERATURE (F)   41        25      1992
                                             1924


SUNRISE AND SUNSET
MAY 24 2017...........SUNRISE   522 AM CDT   SUNSET   859 PM CDT
MAY 25 2017...........SUNRISE   521 AM CDT   SUNSET   900 PM CDT


-  INDICATES NEGATIVE NUMBERS.
R  INDICATES RECORD WAS SET OR TIED.
MM INDICATES DATA IS MISSING.
T  INDICATES TRACE AMOUNT.




$$
