000
CDUS43 KDLH 280622
CLIINL


CLIMATE REPORT
NATIONAL WEATHER SERVICE DULUTH MN
122 AM CDT THU APR 28 2016


...................................

...THE INTERNATIONAL FALLS MN CLIMATE SUMMARY FOR APRIL 27 2016...

CLIMATE NORMAL PERIOD 1981 TO 2010
CLIMATE RECORD PERIOD 1895 TO 2016


WEATHER ITEM   OBSERVED TIME   RECORD YEAR NORMAL DEPARTURE LAST
                VALUE   (LST)  VALUE       VALUE  FROM      YEAR
                                                  NORMAL
..................................................................
TEMPERATURE (F)
 YESTERDAY
  MAXIMUM         55    453 PM  93    1952  58     -3       68
  MINIMUM         27    523 AM  12    1956  32     -5       23
  AVERAGE         41                        45     -4       46

PRECIPITATION (IN)
  YESTERDAY        0.00          0.81 1986   0.07  -0.07     0.00
  MONTH TO DATE    2.11                      1.32   0.79     0.69
  SINCE MAR 1      4.82                      2.27   2.55     1.33
  SINCE JAN 1      6.19                      3.46   2.73     3.35

SNOWFALL (IN)
  YESTERDAY        0.0           2.8  1966   0.1   -0.1      0.0
  MONTH TO DATE    4.9                       6.1   -1.2      4.3
  SINCE MAR 1     14.2                      13.7    0.5      7.8
  SINCE JUL 1     47.7                      70.5  -22.8     64.5
  SNOW DEPTH       0

DEGREE DAYS
 HEATING
  YESTERDAY       24                        20      4       19
  MONTH TO DATE  762                       713     49      703
  SINCE MAR 1   1865                      1996   -131     1872
  SINCE JUL 1   8397                      9579  -1182     9626

 COOLING
  YESTERDAY        0                         0      0        0
  MONTH TO DATE    0                         0      0        0
  SINCE MAR 1      0                         0      0        0
  SINCE JAN 1      0                         0      0        0
..................................................................


WIND (MPH)
  HIGHEST WIND SPEED    18   HIGHEST WIND DIRECTION     E (90)
  HIGHEST GUST SPEED    26   HIGHEST GUST DIRECTION     E (70)
  AVERAGE WIND SPEED     9.6


SKY COVER
  AVERAGE SKY COVER 0.0


WEATHER CONDITIONS
 THE FOLLOWING WEATHER WAS RECORDED YESTERDAY.
  NO SIGNIFICANT WEATHER WAS OBSERVED.


RELATIVE HUMIDITY (PERCENT)
 HIGHEST    69           200 AM
 LOWEST     24           400 PM
 AVERAGE    47

..........................................................


THE INTERNATIONAL FALLS MN CLIMATE NORMALS FOR TODAY
                         NORMAL    RECORD    YEAR
 MAXIMUM TEMPERATURE (F)   58        91      1952
 MINIMUM TEMPERATURE (F)   32         9      1958


SUNRISE AND SUNSET
APRIL 28 2016.........SUNRISE   558 AM CDT   SUNSET   825 PM CDT
APRIL 29 2016.........SUNRISE   556 AM CDT   SUNSET   826 PM CDT


-  INDICATES NEGATIVE NUMBERS.
R  INDICATES RECORD WAS SET OR TIED.
MM INDICATES DATA IS MISSING.
T  INDICATES TRACE AMOUNT.




$$
