000
CDUS43 KDLH 100626
CLIINL


CLIMATE REPORT
NATIONAL WEATHER SERVICE DULUTH MN
123 AM CDT FRI OCT 10 2014


...................................

...THE INTERNATIONAL FALLS MN CLIMATE SUMMARY FOR OCTOBER 9 2014...

CLIMATE NORMAL PERIOD 1981 TO 2010
CLIMATE RECORD PERIOD 1895 TO 2014


WEATHER ITEM   OBSERVED TIME   RECORD YEAR NORMAL DEPARTURE LAST
                VALUE   (LST)  VALUE       VALUE  FROM      YEAR
                                                  NORMAL
..................................................................
TEMPERATURE (F)
 YESTERDAY
  MAXIMUM         53    216 PM  80    1960  55     -2       71
                                      1955
  MINIMUM         33   1121 PM  20    1993  33      0       37
                                      1972
                                      1964
  AVERAGE         43                        44     -1       54

PRECIPITATION (IN)
  YESTERDAY        0.00          1.05 1970   0.07  -0.07     0.00
  MONTH TO DATE    0.25                      0.71  -0.46     0.67
  SINCE SEP 1      3.35                      3.70  -0.35     2.68
  SINCE JAN 1     27.89                     20.66   7.23    27.79

SNOWFALL (IN)
  YESTERDAY        0.0           1.0  1970   0.1   -0.1      0.0
  MONTH TO DATE    T                         0.3   -0.3      0.0
  SINCE SEP 1      T                         0.4   -0.4      0.0
  SINCE JUL 1      T                         0.4   -0.4      0.0
  SNOW DEPTH       0

DEGREE DAYS
 HEATING
  YESTERDAY       22                        21      1       11
  MONTH TO DATE  212                       176     36      136
  SINCE SEP 1    534                       529      5      358
  SINCE JUL 1    748                       710     38      578

 COOLING
  YESTERDAY        0                         0      0        0
  MONTH TO DATE    0                         0      0        0
  SINCE SEP 1     10                        11     -1       11
  SINCE JAN 1    121                       192    -71      224
..................................................................


WIND (MPH)
  HIGHEST WIND SPEED    15   HIGHEST WIND DIRECTION    NW (320)
  HIGHEST GUST SPEED    20   HIGHEST GUST DIRECTION     W (280)
  AVERAGE WIND SPEED     7.2


SKY COVER
  AVERAGE SKY COVER 0.7


WEATHER CONDITIONS
 THE FOLLOWING WEATHER WAS RECORDED YESTERDAY.
  NO SIGNIFICANT WEATHER WAS OBSERVED.


RELATIVE HUMIDITY (PERCENT)
 HIGHEST    89           900 PM
 LOWEST     48           200 PM
 AVERAGE    69

..........................................................


THE INTERNATIONAL FALLS MN CLIMATE NORMALS FOR TODAY
                         NORMAL    RECORD    YEAR
 MAXIMUM TEMPERATURE (F)   54        80      1955
 MINIMUM TEMPERATURE (F)   33        18      1979
                                             1919


SUNRISE AND SUNSET
OCTOBER 10 2014.......SUNRISE   726 AM CDT   SUNSET   634 PM CDT
OCTOBER 11 2014.......SUNRISE   728 AM CDT   SUNSET   632 PM CDT


-  INDICATES NEGATIVE NUMBERS.
R  INDICATES RECORD WAS SET OR TIED.
MM INDICATES DATA IS MISSING.
T  INDICATES TRACE AMOUNT.




$$
