000
CDUS43 KDLH 090632
CLIINL


CLIMATE REPORT
NATIONAL WEATHER SERVICE DULUTH MN
129 AM CDT MON MAY 9 2016


...................................

...THE INTERNATIONAL FALLS MN CLIMATE SUMMARY FOR MAY 8 2016...

CLIMATE NORMAL PERIOD 1981 TO 2010
CLIMATE RECORD PERIOD 1895 TO 2016


WEATHER ITEM   OBSERVED TIME   RECORD YEAR NORMAL DEPARTURE LAST
                VALUE   (LST)  VALUE       VALUE  FROM      YEAR
                                                  NORMAL
..................................................................
TEMPERATURE (F)
 YESTERDAY
  MAXIMUM         68    321 PM  89    1953  62      6       46
  MINIMUM         29    504 AM  21    2008  36     -7       35
  AVERAGE         49                        49      0       41

PRECIPITATION (IN)
  YESTERDAY        0.00          0.70 1895   0.09  -0.09      T
  MONTH TO DATE    0.02                      0.63  -0.61     0.66
  SINCE MAR 1      4.84                      3.11   1.73     2.02
  SINCE JAN 1      6.21                      4.30   1.91     4.04

SNOWFALL (IN)
  YESTERDAY        0.0           0.3  1962   0.1   -0.1      0.0
  MONTH TO DATE    0.0                       0.2   -0.2      0.0
  SINCE MAR 1     14.2                      14.2    0.0      7.8
  SINCE JUL 1     47.7                      71.0  -23.3     64.5
  SNOW DEPTH       0

DEGREE DAYS
 HEATING
  YESTERDAY       16                        16      0       24
  MONTH TO DATE  108                       138    -30      105
  SINCE MAR 1   2037                      2193   -156     2033
  SINCE JUL 1   8569                      9776  -1207     9787

 COOLING
  YESTERDAY        0                         0      0        0
  MONTH TO DATE    0                         0      0        0
  SINCE MAR 1      0                         1     -1        0
  SINCE JAN 1      0                         1     -1        0
..................................................................


WIND (MPH)
  HIGHEST WIND SPEED    14   HIGHEST WIND DIRECTION     N (20)
  HIGHEST GUST SPEED    18   HIGHEST GUST DIRECTION     N (20)
  AVERAGE WIND SPEED     5.3


SKY COVER
  AVERAGE SKY COVER 0.1


WEATHER CONDITIONS
 THE FOLLOWING WEATHER WAS RECORDED YESTERDAY.
  NO SIGNIFICANT WEATHER WAS OBSERVED.


RELATIVE HUMIDITY (PERCENT)
 HIGHEST    92           300 AM
 LOWEST     26           200 PM
 AVERAGE    59

..........................................................


THE INTERNATIONAL FALLS MN CLIMATE NORMALS FOR TODAY
                         NORMAL    RECORD    YEAR
 MAXIMUM TEMPERATURE (F)   63        85      2007
 MINIMUM TEMPERATURE (F)   36        17      1966


SUNRISE AND SUNSET
MAY  9 2016...........SUNRISE   540 AM CDT   SUNSET   840 PM CDT
MAY 10 2016...........SUNRISE   539 AM CDT   SUNSET   842 PM CDT


-  INDICATES NEGATIVE NUMBERS.
R  INDICATES RECORD WAS SET OR TIED.
MM INDICATES DATA IS MISSING.
T  INDICATES TRACE AMOUNT.




$$
