000
CDUS43 KDLH 042226
CLIINL


CLIMATE REPORT
NATIONAL WEATHER SERVICE DULUTH MN
525 PM CDT TUE APR 4 2017


...................................

...THE INTERNATIONAL FALLS MN CLIMATE SUMMARY FOR APRIL 4 2017...
VALID TODAY AS OF 0500 PM LOCAL TIME.

CLIMATE NORMAL PERIOD 1981 TO 2010
CLIMATE RECORD PERIOD 1895 TO 2017


WEATHER ITEM   OBSERVED TIME   RECORD YEAR NORMAL DEPARTURE LAST
                VALUE   (LST)  VALUE       VALUE  FROM      YEAR
                                                  NORMAL
..................................................................
TEMPERATURE (F)
 TODAY
  MAXIMUM         57    341 PM  76    1912  45     12       33
  MINIMUM         28    518 AM  -7    1982  22      6       11
  AVERAGE         43                        34      9       22

PRECIPITATION (IN)
  TODAY            0.00                      0.04  -0.04     0.00
  MONTH TO DATE    T                         0.16  -0.16     0.07
  SINCE MAR 1      0.68                      1.11  -0.43     2.78
  SINCE JAN 1      3.43                      2.30   1.13     4.15

SNOWFALL (IN)
  TODAY            0.0                       0.3   -0.3      0.0
  MONTH TO DATE    0.0                       1.1   -1.1      1.1
  SINCE JUL 1     67.8                      65.5    2.3     43.9
  SNOW DEPTH       T

DEGREE DAYS
 HEATING
  TODAY           22                        32    -10       43
  MONTH TO DATE   85                       130    -45      173
  SINCE MAR 1   1342                      1413    -71     1276
  SINCE JUL 1   7816                      8996  -1180     7808

 COOLING
  TODAY            0                         0      0        0
  MONTH TO DATE    0                         0      0        0
  SINCE MAR 1      0                         0      0        0
  SINCE JAN 1      0                         0      0        0
..................................................................


WIND (MPH)
  HIGHEST WIND SPEED    21   HIGHEST WIND DIRECTION    NW (320)
  HIGHEST GUST SPEED    27   HIGHEST GUST DIRECTION    NW (320)


SKY COVER
  AVERAGE SKY COVER 0.2


WEATHER CONDITIONS
 THE FOLLOWING WEATHER WAS RECORDED TODAY.
  NO SIGNIFICANT WEATHER WAS OBSERVED.


RELATIVE HUMIDITY (PERCENT)
 HIGHEST    75           500 AM
 LOWEST     32          1100 AM
 AVERAGE    54

..........................................................


THE INTERNATIONAL FALLS MN CLIMATE NORMALS FOR TOMORROW
                         NORMAL    RECORD    YEAR
 MAXIMUM TEMPERATURE (F)   46        75      1991
 MINIMUM TEMPERATURE (F)   22        -5      1982


SUNRISE AND SUNSET
APRIL  4 2017.........SUNRISE   645 AM CDT   SUNSET   749 PM CDT
APRIL  5 2017.........SUNRISE   643 AM CDT   SUNSET   751 PM CDT


-  INDICATES NEGATIVE NUMBERS.
R  INDICATES RECORD WAS SET OR TIED.
MM INDICATES DATA IS MISSING.
T  INDICATES TRACE AMOUNT.




$$
