000
CDUS43 KDLH 150728
CLIINL


CLIMATE REPORT
NATIONAL WEATHER SERVICE DULUTH MN
129 AM CST SUN JAN 15 2017


...................................

...THE INTERNATIONAL FALLS MN CLIMATE SUMMARY FOR JANUARY 14 2017...

CLIMATE NORMAL PERIOD 1981 TO 2010
CLIMATE RECORD PERIOD 1895 TO 2017


WEATHER ITEM   OBSERVED TIME   RECORD YEAR NORMAL DEPARTURE LAST
                VALUE   (LST)  VALUE       VALUE  FROM      YEAR
                                                  NORMAL
..................................................................
TEMPERATURE (F)
 YESTERDAY
  MAXIMUM         16    407 PM  35    1987  15      1       12
  MINIMUM        -11    609 AM -42    2009  -7     -4       -9
                                      1972
                                      1965
  AVERAGE          3                         4     -1        2

PRECIPITATION (IN)
  YESTERDAY        0.00          0.44 1953   0.02  -0.02     0.05
  MONTH TO DATE    0.89                      0.32   0.57     0.20
  SINCE DEC 1      3.08                      1.13   1.95     1.27
  SINCE JAN 1      0.89                      0.32   0.57     0.20

SNOWFALL (IN)
  YESTERDAY        0.0           5.5  2004   0.5   -0.5      0.5
  MONTH TO DATE   14.5                       7.4    7.1      3.0
  SINCE DEC 1     40.0                      22.4   17.6     12.5
  SINCE JUL 1     48.4                      38.4   10.0     16.3
  SNOW DEPTH      16

DEGREE DAYS
 HEATING
  YESTERDAY       62                        61      1       63
  MONTH TO DATE  957                       850    107      777
  SINCE DEC 1   2623                      2564     59     2090
  SINCE JUL 1   4429                      5025   -596     4096

 COOLING
  YESTERDAY        0                         0      0        0
  MONTH TO DATE    0                         0      0        0
  SINCE DEC 1      0                         0      0        0
  SINCE JAN 1      0                         0      0        0
..................................................................


WIND (MPH)
  HIGHEST WIND SPEED    13   HIGHEST WIND DIRECTION    SW (220)
  HIGHEST GUST SPEED    16   HIGHEST GUST DIRECTION    SW (210)
  AVERAGE WIND SPEED     4.7


SKY COVER
  AVERAGE SKY COVER 0.0


WEATHER CONDITIONS
 THE FOLLOWING WEATHER WAS RECORDED YESTERDAY.
  NO SIGNIFICANT WEATHER WAS OBSERVED.


RELATIVE HUMIDITY (PERCENT)
 HIGHEST    90           900 AM
 LOWEST     53           300 PM
 AVERAGE    72

..........................................................


THE INTERNATIONAL FALLS MN CLIMATE NORMALS FOR TODAY
                         NORMAL    RECORD    YEAR
 MAXIMUM TEMPERATURE (F)   15        39      2010
 MINIMUM TEMPERATURE (F)   -7       -45      1972
                                             1909


SUNRISE AND SUNSET
JANUARY 15 2017.......SUNRISE   801 AM CST   SUNSET   446 PM CST
JANUARY 16 2017.......SUNRISE   800 AM CST   SUNSET   448 PM CST


-  INDICATES NEGATIVE NUMBERS.
R  INDICATES RECORD WAS SET OR TIED.
MM INDICATES DATA IS MISSING.
T  INDICATES TRACE AMOUNT.




$$
