000
CDUS43 KDLH 312229
CLIINL


CLIMATE REPORT
NATIONAL WEATHER SERVICE DULUTH MN
529 PM CDT SUN MAY 31 2015


...................................

...THE INTERNATIONAL FALLS MN CLIMATE SUMMARY FOR MAY 31 2015...
VALID TODAY AS OF 0500 PM LOCAL TIME.

CLIMATE NORMAL PERIOD 1981 TO 2010
CLIMATE RECORD PERIOD 1895 TO 2015


WEATHER ITEM   OBSERVED TIME   RECORD YEAR NORMAL DEPARTURE LAST
                VALUE   (LST)  VALUE       VALUE  FROM      YEAR
                                                  NORMAL
..................................................................
TEMPERATURE (F)
 TODAY
  MAXIMUM         63    359 PM  90    1988  69     -6       67
  MINIMUM         31   1249 AM  29    2012  44    -13       63
                                      1910
  AVERAGE         47                        56     -9       65

PRECIPITATION (IN)
  TODAY            0.00                      0.11  -0.11     0.99
  MONTH TO DATE    4.79                      2.86   1.93     4.08
  SINCE MAR 1      6.15                      5.34   0.81     7.07
  SINCE JAN 1      8.17                      6.53   1.64     8.82

SNOWFALL (IN)
  TODAY            0.0                       0.0    0.0      0.0
  MONTH TO DATE    T                         0.2   -0.2       T
  SINCE JUL 1     64.5                      71.0   -6.5    101.2
  SNOW DEPTH       0

DEGREE DAYS
 HEATING
  TODAY           18                         9      9        0
  MONTH TO DATE  452                       419     33      438
  SINCE MAR 1   2380                      2474    -94     2951
  SINCE JUL 1  10134                     10057     77    11382

 COOLING
  TODAY            0                         1     -1        0
  MONTH TO DATE    0                         8     -8       23
  SINCE MAR 1      0                         9     -9       23
  SINCE JAN 1      0                         9     -9       23
..................................................................


WIND (MPH)
  HIGHEST WIND SPEED    15   HIGHEST WIND DIRECTION    SE (130)
  HIGHEST GUST SPEED    20   HIGHEST GUST DIRECTION     S (170)


SKY COVER
  AVERAGE SKY COVER 0.1


WEATHER CONDITIONS
 THE FOLLOWING WEATHER WAS RECORDED TODAY.
  NO SIGNIFICANT WEATHER WAS OBSERVED.


RELATIVE HUMIDITY (PERCENT)
 HIGHEST    92           100 AM
 LOWEST     32           400 PM
 AVERAGE    62

..........................................................


THE INTERNATIONAL FALLS MN CLIMATE NORMALS FOR TOMORROW
                         NORMAL    RECORD    YEAR
 MAXIMUM TEMPERATURE (F)   70        91      1988
 MINIMUM TEMPERATURE (F)   44        23      1964


SUNRISE AND SUNSET
MAY 31 2015...........SUNRISE   517 AM CDT   SUNSET   906 PM CDT
JUNE  1 2015..........SUNRISE   516 AM CDT   SUNSET   907 PM CDT


-  INDICATES NEGATIVE NUMBERS.
R  INDICATES RECORD WAS SET OR TIED.
MM INDICATES DATA IS MISSING.
T  INDICATES TRACE AMOUNT.




$$
