799
CDUS43 KDLH 030635
CLIINL


CLIMATE REPORT
NATIONAL WEATHER SERVICE DULUTH MN
135 AM CDT TUE MAY 3 2016


...................................

...THE INTERNATIONAL FALLS MN CLIMATE SUMMARY FOR MAY 2 2016...

CLIMATE NORMAL PERIOD 1981 TO 2010
CLIMATE RECORD PERIOD 1895 TO 2016


WEATHER ITEM   OBSERVED TIME   RECORD YEAR NORMAL DEPARTURE LAST
                VALUE   (LST)  VALUE       VALUE  FROM      YEAR
                                                  NORMAL
..................................................................
TEMPERATURE (F)
 YESTERDAY
  MAXIMUM         68    544 PM  85    1980  60      8       82
  MINIMUM         27    507 AM  14    1967  34     -7       36
  AVERAGE         48                        47      1       59

PRECIPITATION (IN)
  YESTERDAY        0.00          0.66 1954   0.08  -0.08     0.00
  MONTH TO DATE    0.00                      0.15  -0.15     0.13
  SINCE MAR 1      4.82                      2.63   2.19     1.49
  SINCE JAN 1      6.19                      3.82   2.37     3.51

SNOWFALL (IN)
  YESTERDAY        0.0           6.7  1954   0.0    0.0      0.0
  MONTH TO DATE    0.0                       0.0    0.0      0.0
  SINCE MAR 1     14.2                      14.0    0.2      7.8
  SINCE JUL 1     47.7                      70.8  -23.1     64.5
  SNOW DEPTH       0

DEGREE DAYS
 HEATING
  YESTERDAY       17                        18     -1        6
  MONTH TO DATE   38                        37      1       18
  SINCE MAR 1   1967                      2092   -125     1946
  SINCE JUL 1   8499                      9675  -1176     9700

 COOLING
  YESTERDAY        0                         0      0        0
  MONTH TO DATE    0                         0      0        0
  SINCE MAR 1      0                         1     -1        0
  SINCE JAN 1      0                         1     -1        0
..................................................................


WIND (MPH)
  HIGHEST WIND SPEED    14   HIGHEST WIND DIRECTION     N (20)
  HIGHEST GUST SPEED    18   HIGHEST GUST DIRECTION     N (350)
  AVERAGE WIND SPEED     3.5


SKY COVER
  AVERAGE SKY COVER 0.0


WEATHER CONDITIONS
 THE FOLLOWING WEATHER WAS RECORDED YESTERDAY.
  NO SIGNIFICANT WEATHER WAS OBSERVED.


RELATIVE HUMIDITY (PERCENT)
 HIGHEST    92          1200 AM
 LOWEST     20           400 PM
 AVERAGE    56

..........................................................


THE INTERNATIONAL FALLS MN CLIMATE NORMALS FOR TODAY
                         NORMAL    RECORD    YEAR
 MAXIMUM TEMPERATURE (F)   60        87      1980
 MINIMUM TEMPERATURE (F)   34        11      1967


SUNRISE AND SUNSET
MAY  3 2016...........SUNRISE   550 AM CDT   SUNSET   832 PM CDT
MAY  4 2016...........SUNRISE   548 AM CDT   SUNSET   834 PM CDT


-  INDICATES NEGATIVE NUMBERS.
R  INDICATES RECORD WAS SET OR TIED.
MM INDICATES DATA IS MISSING.
T  INDICATES TRACE AMOUNT.




$$
