000
CDUS43 KDLH 220626
CLIINL


CLIMATE REPORT
NATIONAL WEATHER SERVICE DULUTH MN
123 AM CDT THU SEP 22 2016


...................................

...THE INTERNATIONAL FALLS MN CLIMATE SUMMARY FOR SEPTEMBER 21 2016...

CLIMATE NORMAL PERIOD 1981 TO 2010
CLIMATE RECORD PERIOD 1895 TO 2016


WEATHER ITEM   OBSERVED TIME   RECORD YEAR NORMAL DEPARTURE LAST
                VALUE   (LST)  VALUE       VALUE  FROM      YEAR
                                                  NORMAL
..................................................................
TEMPERATURE (F)
 YESTERDAY
  MAXIMUM         66    236 PM  83    1920  63      3       81
  MINIMUM         40    537 AM  26    1956  40      0       55
  AVERAGE         53                        51      2       68

PRECIPITATION (IN)
  YESTERDAY       MM             1.29 1973   0.10  MM        0.00
  MONTH TO DATE    1.85                      2.15  -0.30     1.05
  SINCE SEP 1      1.85                      2.15  -0.30     1.05
  SINCE JAN 1     22.41                     19.11   3.30    17.51

SNOWFALL (IN)
  YESTERDAY        0.0           0.5  1974   0.0    0.0      0.0
  MONTH TO DATE    0.0                       0.0    0.0      0.0
  SINCE SEP 1      0.0                       0.0    0.0      0.0
  SINCE JUL 1      0.0                       0.0    0.0      0.0
  SNOW DEPTH       0

DEGREE DAYS
 HEATING
  YESTERDAY       12                        14     -2        0
  MONTH TO DATE  137                       209    -72      113
  SINCE SEP 1    137                       209    -72      113
  SINCE JUL 1    254                       390   -136      289

 COOLING
  YESTERDAY        0                         0      0        3
  MONTH TO DATE    7                         9     -2       47
  SINCE SEP 1      7                         9     -2       47
  SINCE JAN 1    155                       190    -35      210
..................................................................


WIND (MPH)
  HIGHEST WIND SPEED     9   HIGHEST WIND DIRECTION     N (360)
  HIGHEST GUST SPEED    13   HIGHEST GUST DIRECTION     N (20)
  AVERAGE WIND SPEED     2.8


SKY COVER
  AVERAGE SKY COVER 0.7


WEATHER CONDITIONS
 THE FOLLOWING WEATHER WAS RECORDED YESTERDAY.
  LIGHT RAIN


RELATIVE HUMIDITY (PERCENT)
 HIGHEST    96           500 AM
 LOWEST     48           100 PM
 AVERAGE    72

..........................................................


THE INTERNATIONAL FALLS MN CLIMATE NORMALS FOR TODAY
                         NORMAL    RECORD    YEAR
 MAXIMUM TEMPERATURE (F)   63        86      1920
 MINIMUM TEMPERATURE (F)   39        24      1972
                                             1971
                                             1947


SUNRISE AND SUNSET
SEPTEMBER 22 2016.....SUNRISE   701 AM CDT   SUNSET   710 PM CDT
SEPTEMBER 23 2016.....SUNRISE   702 AM CDT   SUNSET   708 PM CDT


-  INDICATES NEGATIVE NUMBERS.
R  INDICATES RECORD WAS SET OR TIED.
MM INDICATES DATA IS MISSING.
T  INDICATES TRACE AMOUNT.




$$
