000
CDUS43 KDLH 270622
CLIINL


CLIMATE REPORT
NATIONAL WEATHER SERVICE DULUTH MN
122 AM CDT MON OCT 27 2014


...................................

...THE INTERNATIONAL FALLS MN CLIMATE SUMMARY FOR OCTOBER 26 2014...

CLIMATE NORMAL PERIOD 1981 TO 2010
CLIMATE RECORD PERIOD 1895 TO 2014


WEATHER ITEM   OBSERVED TIME   RECORD YEAR NORMAL DEPARTURE LAST
                VALUE   (LST)  VALUE       VALUE  FROM      YEAR
                                                  NORMAL
..................................................................
TEMPERATURE (F)
 YESTERDAY
  MAXIMUM         56    333 PM  77    1989  46     10       41
  MINIMUM         20    625 AM  10    1976  28     -8       30
                                      1919
  AVERAGE         38                        37      1       36

PRECIPITATION (IN)
  YESTERDAY        T             0.75 1917   0.06  -0.06     0.03
  MONTH TO DATE    0.62                      1.80  -1.18     2.06
  SINCE SEP 1      3.72                      4.79  -1.07     4.07
  SINCE JAN 1     28.26                     21.75   6.51    29.18

SNOWFALL (IN)
  YESTERDAY        0.0           1.5  2003   0.1   -0.1      0.2
  MONTH TO DATE    T                         1.5   -1.5      1.6
  SINCE SEP 1      T                         1.6   -1.6      1.6
  SINCE JUL 1      T                         1.6   -1.6      1.6
  SNOW DEPTH       0

DEGREE DAYS
 HEATING
  YESTERDAY       27                        28     -1       29
  MONTH TO DATE  551                       595    -44      556
  SINCE SEP 1    873                       948    -75      778
  SINCE JUL 1   1087                      1129    -42      998

 COOLING
  YESTERDAY        0                         0      0        0
  MONTH TO DATE    0                         0      0        0
  SINCE SEP 1     10                        11     -1       11
  SINCE JAN 1    121                       192    -71      224
..................................................................


WIND (MPH)
  HIGHEST WIND SPEED    16   HIGHEST WIND DIRECTION    SE (130)
  HIGHEST GUST SPEED    23   HIGHEST GUST DIRECTION    SE (120)
  AVERAGE WIND SPEED     6.1


SKY COVER
  AVERAGE SKY COVER 0.2


WEATHER CONDITIONS
 THE FOLLOWING WEATHER WAS RECORDED YESTERDAY.
  THUNDERSTORM
  RAIN
  LIGHT RAIN


RELATIVE HUMIDITY (PERCENT)
 HIGHEST    92           400 AM
 LOWEST     35           100 PM
 AVERAGE    64

..........................................................


THE INTERNATIONAL FALLS MN CLIMATE NORMALS FOR TODAY
                         NORMAL    RECORD    YEAR
 MAXIMUM TEMPERATURE (F)   46        70      1921
 MINIMUM TEMPERATURE (F)   28         7      1976


SUNRISE AND SUNSET
OCTOBER 27 2014.......SUNRISE   752 AM CDT   SUNSET   602 PM CDT
OCTOBER 28 2014.......SUNRISE   754 AM CDT   SUNSET   600 PM CDT


-  INDICATES NEGATIVE NUMBERS.
R  INDICATES RECORD WAS SET OR TIED.
MM INDICATES DATA IS MISSING.
T  INDICATES TRACE AMOUNT.




$$
