748
CDUS43 KDLH 200626
CLIINL


CLIMATE REPORT
NATIONAL WEATHER SERVICE DULUTH MN
1224 AM CST FRI JAN 20 2017


...................................

...THE INTERNATIONAL FALLS MN CLIMATE SUMMARY FOR JANUARY 19 2017...

CLIMATE NORMAL PERIOD 1981 TO 2010
CLIMATE RECORD PERIOD 1895 TO 2017


WEATHER ITEM   OBSERVED TIME   RECORD YEAR NORMAL DEPARTURE LAST
                VALUE   (LST)  VALUE       VALUE  FROM      YEAR
                                                  NORMAL
..................................................................
TEMPERATURE (F)
 YESTERDAY
  MAXIMUM         40R   348 PM  40    1908  15     25        7
  MINIMUM         20    418 AM -40    1963  -7     27      -20
  AVERAGE         30                         4     26       -6

PRECIPITATION (IN)
  YESTERDAY        0.00          4.00 1907   0.02  -0.02     0.00
  MONTH TO DATE    0.89                      0.42   0.47     0.20
  SINCE DEC 1      3.08                      1.23   1.85     1.27
  SINCE JAN 1      0.89                      0.42   0.47     0.20

SNOWFALL (IN)
  YESTERDAY        0.0           7.9  1987   0.5   -0.5      0.0
  MONTH TO DATE   14.5                       9.9    4.6      3.1
  SINCE DEC 1     40.0                      24.9   15.1     12.6
  SINCE JUL 1     48.4                      40.9    7.5     16.4
  SNOW DEPTH      16

DEGREE DAYS
 HEATING
  YESTERDAY       35                        61    -26       71
  MONTH TO DATE 1184                      1155     29     1142
  SINCE DEC 1   2850                      2869    -19     2455
  SINCE JUL 1   4656                      5330   -674     4461

 COOLING
  YESTERDAY        0                         0      0        0
  MONTH TO DATE    0                         0      0        0
  SINCE DEC 1      0                         0      0        0
  SINCE JAN 1      0                         0      0        0
..................................................................


WIND (MPH)
  HIGHEST WIND SPEED    10   HIGHEST WIND DIRECTION    SW (210)
  HIGHEST GUST SPEED    16   HIGHEST GUST DIRECTION    SE (150)
  AVERAGE WIND SPEED     5.4


SKY COVER
  AVERAGE SKY COVER 0.3


WEATHER CONDITIONS
 THE FOLLOWING WEATHER WAS RECORDED YESTERDAY.
  FOG


RELATIVE HUMIDITY (PERCENT)
 HIGHEST    92           600 AM
 LOWEST     76           300 PM
 AVERAGE    84

..........................................................


THE INTERNATIONAL FALLS MN CLIMATE NORMALS FOR TODAY
                         NORMAL    RECORD    YEAR
 MAXIMUM TEMPERATURE (F)   15        49      1921
 MINIMUM TEMPERATURE (F)   -7       -42      1996


SUNRISE AND SUNSET
JANUARY 20 2017.......SUNRISE   756 AM CST   SUNSET   454 PM CST
JANUARY 21 2017.......SUNRISE   755 AM CST   SUNSET   455 PM CST


-  INDICATES NEGATIVE NUMBERS.
R  INDICATES RECORD WAS SET OR TIED.
MM INDICATES DATA IS MISSING.
T  INDICATES TRACE AMOUNT.




$$
