250
CDUS43 KDLH 270630
CLIINL


CLIMATE REPORT
NATIONAL WEATHER SERVICE DULUTH MN
124 AM CDT SAT AUG 27 2016


...................................

...THE INTERNATIONAL FALLS MN CLIMATE SUMMARY FOR AUGUST 26 2016...

CLIMATE NORMAL PERIOD 1981 TO 2010
CLIMATE RECORD PERIOD 1895 TO 2016


WEATHER ITEM   OBSERVED TIME   RECORD YEAR NORMAL DEPARTURE LAST
                VALUE   (LST)  VALUE       VALUE  FROM      YEAR
                                                  NORMAL
..................................................................
TEMPERATURE (F)
 YESTERDAY
  MAXIMUM         74    437 PM  91    1953  74      0       72
  MINIMUM         39    336 AM  32    1915  49    -10       34
  AVERAGE         57                        61     -4       53

PRECIPITATION (IN)
  YESTERDAY        0.00          1.25 1965   0.10  -0.10     0.00
  MONTH TO DATE    2.27                      2.35  -0.08     3.57
  SINCE JUN 1     11.62                      9.97   1.65     8.24
  SINCE JAN 1     19.42                     16.50   2.92    16.41

SNOWFALL (IN)
  YESTERDAY        0.0           T    1949   0.0    0.0      0.0
  MONTH TO DATE    0.0                       0.0    0.0      0.0
  SINCE JUN 1      0.0                       0.0    0.0      0.0
  SINCE JUL 1      0.0                       0.0    0.0      0.0
  SNOW DEPTH       0

DEGREE DAYS
 HEATING
  YESTERDAY        8                         5      3       12
  MONTH TO DATE   52                        82    -30      121
  SINCE JUN 1    262                       316    -54      317
  SINCE JUL 1     95                       152    -57      168

 COOLING
  YESTERDAY        0                         1     -1        0
  MONTH TO DATE   44                        48     -4       44
  SINCE JUN 1    144                       162    -18      139
  SINCE JAN 1    146                       171    -25      139
..................................................................


WIND (MPH)
  HIGHEST WIND SPEED    12   HIGHEST WIND DIRECTION     W (250)
  HIGHEST GUST SPEED    16   HIGHEST GUST DIRECTION    SW (210)
  AVERAGE WIND SPEED     2.2


SKY COVER
  AVERAGE SKY COVER 0.2


WEATHER CONDITIONS
 THE FOLLOWING WEATHER WAS RECORDED YESTERDAY.
  FOG


RELATIVE HUMIDITY (PERCENT)
 HIGHEST   100           300 AM
 LOWEST     44           500 PM
 AVERAGE    72

..........................................................


THE INTERNATIONAL FALLS MN CLIMATE NORMALS FOR TODAY
                         NORMAL    RECORD    YEAR
 MAXIMUM TEMPERATURE (F)   74        95      1991
 MINIMUM TEMPERATURE (F)   49        32      1982


SUNRISE AND SUNSET
AUGUST 27 2016........SUNRISE   625 AM CDT   SUNSET   804 PM CDT
AUGUST 28 2016........SUNRISE   626 AM CDT   SUNSET   802 PM CDT


-  INDICATES NEGATIVE NUMBERS.
R  INDICATES RECORD WAS SET OR TIED.
MM INDICATES DATA IS MISSING.
T  INDICATES TRACE AMOUNT.




$$
