000
CDUS43 KDLH 022231
CLIINL


CLIMATE REPORT
NATIONAL WEATHER SERVICE DULUTH MN
531 PM CDT WED SEP 2 2015


...................................

...THE INTERNATIONAL FALLS MN CLIMATE SUMMARY FOR SEPTEMBER 2 2015...
VALID TODAY AS OF 0500 PM LOCAL TIME.

CLIMATE NORMAL PERIOD 1981 TO 2010
CLIMATE RECORD PERIOD 1895 TO 2015


WEATHER ITEM   OBSERVED TIME   RECORD YEAR NORMAL DEPARTURE LAST
                VALUE   (LST)  VALUE       VALUE  FROM      YEAR
                                                  NORMAL
..................................................................
TEMPERATURE (F)
 TODAY
  MAXIMUM         84    348 PM  92    1971  71     13       73
  MINIMUM         49    200 AM  32    1908  47      2       46
  AVERAGE         67                        59      8       60

PRECIPITATION (IN)
  TODAY            T                         0.11  -0.11     0.39
  MONTH TO DATE    T                         0.21  -0.21     0.43
  SINCE SEP 1      T                         0.21  -0.21     0.43
  SINCE JAN 1     16.46                     17.17  -0.71    24.97

SNOWFALL (IN)
  TODAY            0.0                       0.0    0.0      0.0
  MONTH TO DATE    0.0                       0.0    0.0      0.0
  SINCE JUL 1      0.0                       0.0    0.0      0.0
  SNOW DEPTH       0

DEGREE DAYS
 HEATING
  TODAY            0                         7     -7        5
  MONTH TO DATE    0                        14    -14       11
  SINCE SEP 1      0                        14    -14       11
  SINCE JUL 1    176                       195    -19      225

 COOLING
  TODAY            2                         1      1        0
  MONTH TO DATE    2                         2      0        0
  SINCE SEP 1      2                         2      0        0
  SINCE JAN 1    165                       183    -18      111
..................................................................


WIND (MPH)
  HIGHEST WIND SPEED    15   HIGHEST WIND DIRECTION    SE (140)
  HIGHEST GUST SPEED    19   HIGHEST GUST DIRECTION    SE (140)


SKY COVER
  AVERAGE SKY COVER 0.1


WEATHER CONDITIONS
 THE FOLLOWING WEATHER WAS RECORDED TODAY.
  LIGHT RAIN
  FOG


RELATIVE HUMIDITY (PERCENT)
 HIGHEST   100           200 AM
 LOWEST     55           300 PM
 AVERAGE    78

..........................................................


THE INTERNATIONAL FALLS MN CLIMATE NORMALS FOR TOMORROW
                         NORMAL    RECORD    YEAR
 MAXIMUM TEMPERATURE (F)   71        88      1960
 MINIMUM TEMPERATURE (F)   47        28      1997


SUNRISE AND SUNSET
SEPTEMBER  2 2015.....SUNRISE   632 AM CDT   SUNSET   754 PM CDT
SEPTEMBER  3 2015.....SUNRISE   633 AM CDT   SUNSET   752 PM CDT


-  INDICATES NEGATIVE NUMBERS.
R  INDICATES RECORD WAS SET OR TIED.
MM INDICATES DATA IS MISSING.
T  INDICATES TRACE AMOUNT.




$$
