000
CDUS43 KGLD 170749
CLIMCK

CLIMATE REPORT
NATIONAL WEATHER SERVICE GOODLAND
140 AM MDT SUN APR 17 2016


...................................

...THE MCCOOK NE CLIMATE SUMMARY FOR APRIL 16 2016...

CLIMATE NORMAL PERIOD 1981 TO 2010
CLIMATE RECORD PERIOD 1896 TO 2016


WEATHER ITEM   OBSERVED TIME   RECORD YEAR NORMAL DEPARTURE LAST
                VALUE   (LST)  VALUE       VALUE  FROM      YEAR
                                                  NORMAL
..................................................................
TEMPERATURE (F)
 YESTERDAY
  MAXIMUM         54   1015 AM  90    1964  65    -11       58
  MINIMUM         41   1159 PM  18    1951  35      6       52
  AVERAGE         48                        50     -2       55

PRECIPITATION (IN)
  YESTERDAY        4.60                      0.09   4.51     0.06
  MONTH TO DATE    5.03                      1.04   3.99     0.77
  SINCE MAR 1      5.51                      2.40   3.11     0.80
  SINCE JAN 1      6.52                      3.53   2.99     1.14

..................................................................


THE MCCOOK NE CLIMATE NORMALS FOR TODAY
                         NORMAL    RECORD    YEAR
 MAXIMUM TEMPERATURE (F)   65        90      1946
 MINIMUM TEMPERATURE (F)   35        20      1961


-  INDICATES NEGATIVE NUMBERS.
R  INDICATES RECORD WAS SET OR TIED.
MM INDICATES DATA IS MISSING.
T  INDICATES TRACE AMOUNT.

$$
