000
CDUS43 KGLD 230744 RRA
CLIMCK

CLIMATE REPORT
NATIONAL WEATHER SERVICE GOODLAND
141 AM MDT MON MAR 23 2015


...................................

...THE MCCOOK NE CLIMATE SUMMARY FOR MARCH 22 2015...

CLIMATE NORMAL PERIOD 1981 TO 2010
CLIMATE RECORD PERIOD 1896 TO 2015


WEATHER ITEM   OBSERVED TIME   RECORD YEAR NORMAL DEPARTURE LAST
                VALUE   (LST)  VALUE       VALUE  FROM      YEAR
                                                  NORMAL
..................................................................
TEMPERATURE (F)
 YESTERDAY
  MAXIMUM         78    138 PM  91    1910  56     22       33
  MINIMUM         39    715 AM  10    1983  26     13       16
  AVERAGE         59                        41     18       25

PRECIPITATION (IN)
  YESTERDAY        0.00                      0.04  -0.04     0.01
  MONTH TO DATE    0.01                      0.91  -0.90     0.21
  SINCE MAR 1      0.01                      0.91  -0.90     0.21
  SINCE JAN 1      0.35                      2.04  -1.69     0.70

..................................................................







THE MCCOOK NE CLIMATE NORMALS FOR TODAY
                         NORMAL    RECORD    YEAR
 MAXIMUM TEMPERATURE (F)   57        90      1928
 MINIMUM TEMPERATURE (F)   26         3      2014
                                             1965



-  INDICATES NEGATIVE NUMBERS.
R  INDICATES RECORD WAS SET OR TIED.
MM INDICATES DATA IS MISSING.
T  INDICATES TRACE AMOUNT.




$$
