000
CDUS43 KGLD 250042
CLIMCK

CLIMATE REPORT
NATIONAL WEATHER SERVICE GOODLAND
637 PM MDT WED JUN 24 2015

...................................

...THE MCCOOK NE CLIMATE SUMMARY FOR JUNE 24 2015...
VALID TODAY AS OF 0600 PM LOCAL TIME.

CLIMATE NORMAL PERIOD 1981 TO 2010
CLIMATE RECORD PERIOD 1896 TO 2015


WEATHER ITEM   OBSERVED TIME   RECORD YEAR NORMAL DEPARTURE LAST
                VALUE   (LST)  VALUE       VALUE  FROM      YEAR
                                                  NORMAL
..................................................................
TEMPERATURE (F)
 TODAY
  MAXIMUM         90    310 PM 107    1943  87      3       83
  MINIMUM         59    535 AM  45    1928  59      0       64
  AVERAGE         75                        73      2       74

PRECIPITATION (IN)
  TODAY            0.09                      0.12  -0.03      T
  MONTH TO DATE    4.42                      2.73   1.69     5.75
  SINCE JUN 1      4.42                      2.73   1.69     5.75
  SINCE JAN 1     10.58                     10.67  -0.09    10.71

..................................................................


THE MCCOOK NE CLIMATE NORMALS FOR TOMORROW
                         NORMAL    RECORD    YEAR
 MAXIMUM TEMPERATURE (F)   88       106      1954
 MINIMUM TEMPERATURE (F)   59        45      1928



-  INDICATES NEGATIVE NUMBERS.
R  INDICATES RECORD WAS SET OR TIED.
MM INDICATES DATA IS MISSING.
T  INDICATES TRACE AMOUNT.

$$
