000
CDUS43 KGLD 050739 RRA
CLIMCK

CLIMATE REPORT
NATIONAL WEATHER SERVICE GOODLAND
136 AM MDT THU OCT 5 2017

...................................

...THE MCCOOK NE CLIMATE SUMMARY FOR OCTOBER 4 2017...

CLIMATE NORMAL PERIOD 1981 TO 2010
CLIMATE RECORD PERIOD 1896 TO 2017


WEATHER ITEM   OBSERVED TIME   RECORD YEAR NORMAL DEPARTURE LAST
                VALUE   (LST)  VALUE       VALUE  FROM      YEAR
                                                  NORMAL
..................................................................
TEMPERATURE (F)
 YESTERDAY
  MAXIMUM         64   1206 PM  96    1967  71     -7       74
  MINIMUM         52    741 AM  30    2014  41     11       44
  AVERAGE         58                        56      2       59

PRECIPITATION (IN)
  YESTERDAY        0.02                      0.06  -0.04     0.00
  MONTH TO DATE    0.58                      0.24   0.34     0.00
  SINCE SEP 1      3.66                      1.68   1.98     5.63
  SINCE JAN 1     17.77                     19.39  -1.62    23.76

..................................................................


THE MCCOOK NE CLIMATE NORMALS FOR TODAY
                         NORMAL    RECORD    YEAR
 MAXIMUM TEMPERATURE (F)   71        97      2007
 MINIMUM TEMPERATURE (F)   40        27      1964


-  INDICATES NEGATIVE NUMBERS.
R  INDICATES RECORD WAS SET OR TIED.
MM INDICATES DATA IS MISSING.
T  INDICATES TRACE AMOUNT.


$$
