000
CDUS43 KGLD 160041 RRA
CLIMCK

CLIMATE REPORT
NATIONAL WEATHER SERVICE GOODLAND
638 PM MDT SUN MAY 15 2016

...................................

...THE MCCOOK NE CLIMATE SUMMARY FOR MAY 15 2016...
VALID TODAY AS OF 0600 PM LOCAL TIME.

CLIMATE NORMAL PERIOD 1981 TO 2010
CLIMATE RECORD PERIOD 1896 TO 2016


WEATHER ITEM   OBSERVED TIME   RECORD YEAR NORMAL DEPARTURE LAST
                VALUE   (LST)  VALUE       VALUE  FROM      YEAR
                                                  NORMAL
..................................................................
TEMPERATURE (F)
 TODAY
  MAXIMUM         52    452 PM 101    1931  73    -21       82
  MINIMUM         41    143 AM  30    1983  46     -5       59
  AVERAGE         47                        59    -12       71

PRECIPITATION (IN)
  TODAY            0.01                      0.09  -0.08     0.01
  MONTH TO DATE    0.60                      1.42  -0.82     0.94
  SINCE MAR 1      7.18                      5.09   2.09     2.92
  SINCE JAN 1      8.19                      6.22   1.97     3.26

..................................................................


THE MCCOOK NE CLIMATE NORMALS FOR TOMORROW
                         NORMAL    RECORD    YEAR
 MAXIMUM TEMPERATURE (F)   73        94      1944
 MINIMUM TEMPERATURE (F)   46        27      1912



-  INDICATES NEGATIVE NUMBERS.
R  INDICATES RECORD WAS SET OR TIED.
MM INDICATES DATA IS MISSING.
T  INDICATES TRACE AMOUNT.

$$
