000
CDUS43 KGLD 220743
CLIMCK

CLIMATE REPORT
NATIONAL WEATHER SERVICE GOODLAND
1243 AM MST TUE NOV 22 2016


...................................

...THE MCCOOK NE CLIMATE SUMMARY FOR NOVEMBER 21 2016...

CLIMATE NORMAL PERIOD 1981 TO 2010
CLIMATE RECORD PERIOD 1896 TO 2016


WEATHER ITEM   OBSERVED TIME   RECORD YEAR NORMAL DEPARTURE LAST
                VALUE   (LST)  VALUE       VALUE  FROM      YEAR
                                                  NORMAL
..................................................................
TEMPERATURE (F)
 YESTERDAY
  MAXIMUM         52    345 PM  72    2006  49      3       33
                                      1933
  MINIMUM         24   1225 AM  -3    1964  22      2       20
  AVERAGE         38                        35      3       27

PRECIPITATION (IN)
  YESTERDAY        0.00                      0.03  -0.03     0.00
  MONTH TO DATE    0.11                      0.71  -0.60     2.76
  SINCE SEP 1      5.88                      3.94   1.94     5.34
  SINCE JAN 1     24.01                     21.65   2.36    20.42

..................................................................

THE MCCOOK NE CLIMATE NORMALS FOR TODAY
                         NORMAL    RECORD    YEAR
 MAXIMUM TEMPERATURE (F)   49        76      2002
 MINIMUM TEMPERATURE (F)   21        -1      1975
                                             1929



-  INDICATES NEGATIVE NUMBERS.
R  INDICATES RECORD WAS SET OR TIED.
MM INDICATES DATA IS MISSING.
T  INDICATES TRACE AMOUNT.




$$
