000
CXUS56 KMTR 011000
CF6SJC
PRELIMINARY LOCAL CLIMATOLOGICAL DATA (WS FORM: F-6)
STATION: SAN JOSE AIRPORT
MONTH: FEBRUARY
YEAR: 2024
LATITUDE: 37 21 N
LONGITUDE: 121 55 W
TEMPERATURE IN F: :PCPN: SNOW: WIND :SUNSHINE: SKY :PK WND
================================================================================
1 2 3 4 5 6A 6B 7 8 9 10 11 12 13 14 15 16 17 18
12Z AVG MX 2MIN
DY MAX MIN AVG DEP HDD CDD WTR SNW DPTH SPD SPD DIR MIN PSBL S-S WX SPD DR
================================================================================
1 62 50 56 4 9 0 0.45 M M 4.8 18 310 M M 8 138 24 300
2 59 47 53 1 12 0 0.37 M M 5.9 17 290 M M 7 1 22 280
3 58 47 53 1 12 0 0.31 M M 7.8 14 150 M M 9 19 150
4 62 50 56 4 9 0 0.87 M M 21.8 41 180 M M 9 18 59 170
5 60 50 55 3 10 0 0.55 M M 7.4 18 140 M M 9 18 26 130
6 60 47 54 2 11 0 0.18 M M 4.8 17 330 M M 7 1 21 340
7 56 45 51 -1 14 0 0.55 M M 8.7 25 290 M M 8 18 34 290
8 59 38 49 -3 16 0 0.00 M M 4.5 14 320 M M 3 17 320
9 59 38 49 -3 16 0 0.00 M M 4.2 15 320 M M 4 19 330
10 64 41 53 0 12 0 0.00 M M 3.8 13 290 M M 1 18 17 350
11 64 42 53 0 12 0 0.00 M M 3.8 14 320 M M 3 16 10
12 64 42 53 0 12 0 0.00 M M 3.5 13 340 M M 4 18 16 350
13 64 46 55 2 10 0 0.00 M M 4.7 16 330 M M 6 20 330
14 60 48 54 1 11 0 0.17 M M 8.6 22 140 M M 9 1 27 180
15 67 47 57 4 8 0 0.00 M M 4.5 14 330 M M 6 17 340
16 65 48 57 4 8 0 0.00 M M 2.4 10 190 M M 7 13 130
17 61 54 58 5 7 0 0.21 M M 10.4 26 130 M M 7 1 37 130
18 70 51 61 7 4 0 0.50 M M 12.7 29 150 M M 6 1 39 140
19 67 55 61 7 4 0 0.04 M M 12.5 26 180 M M 9 40 190
20 63 52 58 4 7 0 0.15 M M 7.9 18 270 M M 8 24 260
21 66 44 55 1 10 0 0.00 M M 5.0 14 330 M M 5 12 M M
22 68 45 57 3 8 0 0.00 M M 3.6 13 330 M M 2 16 320
23 69 44 57 3 8 0 0.00 M M 2.3 9 300 M M 6 15 240
24 75 46 61 7 4 0 0.00 M M 2.9 10 320 M M 1 13 320
25 70 48 59 5 6 0 0.00 M M 5.7 17 330 M M 2 25 340
26 66 50 58 4 7 0 0.00 M M 5.8 20 320 M M 7 24 320
27 64 44 54 -1 11 0 0.00 M M 5.9 15 330 M M 2 21 340
28 70 42 56 1 9 0 0.00 M M 4.8 15 320 M M 0 20 320
29 73 49 61 6 4 0 0.19 M M 10.1 23 190 M M 6 18 33 200
================================================================================
SM 1865 1350 271 0 4.54 M 190.8 M 161
================================================================================
AV 64.3 46.6 6.6 FASTST M M 6 MAX(MPH)
MISC ----> 41 180 59 170
================================================================================
NOTES:
# LAST OF SEVERAL OCCURRENCES
COLUMN 17 PEAK WIND IN M.P.H.
PRELIMINARY LOCAL CLIMATOLOGICAL DATA (WS FORM: F-6) , PAGE 2
STATION: SAN JOSE AIRPORT
MONTH: FEBRUARY
YEAR: 2024
LATITUDE: 37 21 N
LONGITUDE: 121 55 W
[TEMPERATURE DATA] [PRECIPITATION DATA] SYMBOLS USED IN COLUMN 16
AVERAGE MONTHLY: 55.4 TOTAL FOR MONTH: 4.54 1 = FOG OR MIST
DPTR FM NORMAL: 2.2 DPTR FM NORMAL: 1.85 2 = FOG REDUCING VISIBILITY
HIGHEST: 75 ON 24 GRTST 24HR 1.25 ON 31- 1 TO 1/4 MILE OR LESS
LOWEST: 38 ON 9, 8 3 = THUNDER
SNOW, ICE PELLETS, HAIL 4 = ICE PELLETS
TOTAL MONTH: M 5 = HAIL
GRTST 24HR M ON M 6 = FREEZING RAIN OR DRIZZLE
GRTST DEPTH: M ON M 7 = DUSTSTORM OR SANDSTORM:
VSBY 1/2 MILE OR LESS
8 = SMOKE OR HAZE
[NO. OF DAYS WITH] [WEATHER - DAYS WITH] 9 = BLOWING SNOW
X = TORNADO
MAX 32 OR BELOW: 0 0.01 INCH OR MORE: 13
MAX 90 OR ABOVE: 0 0.10 INCH OR MORE: 12
MIN 32 OR BELOW: 0 0.50 INCH OR MORE: 4
MIN 0 OR BELOW: 0 1.00 INCH OR MORE: 0
[HDD (BASE 65) ]
TOTAL THIS MO. 271 CLEAR (SCALE 0-3) 8
DPTR FM NORMAL -61 PTCLDY (SCALE 4-7) 15
TOTAL FM JUL 1 1064 CLOUDY (SCALE 8-10) 6
DPTR FM NORMAL -538
[CDD (BASE 65) ]
TOTAL THIS MO. 0
DPTR FM NORMAL 0 [PRESSURE DATA]
TOTAL FM JAN 1 0 HIGHEST SLP M ON M
DPTR FM NORMAL 0 LOWEST SLP 29.33 ON 4
[REMARKS]
#FINAL-02-24#