000
CXUS52 KRAH 240845
CF6GSO
PRELIMINARY LOCAL CLIMATOLOGICAL DATA (WS FORM: F-6)
STATION: GREENSBORO NC
MONTH: APRIL
YEAR: 2024
LATITUDE: 36 4 N
LONGITUDE: 79 57 W
TEMPERATURE IN F: :PCPN: SNOW: WIND :SUNSHINE: SKY :PK WND
================================================================================
1 2 3 4 5 6A 6B 7 8 9 10 11 12 13 14 15 16 17 18
12Z AVG MX 2MIN
DY MAX MIN AVG DEP HDD CDD WTR SNW DPTH SPD SPD DIR MIN PSBL S-S WX SPD DR
================================================================================
1 81 57 69 14 0 4 0.00 0.0 0 8.6 20 210 M M 7 27 240
2 83 60 72 17 0 7 0.00 0.0 0 11.9 23 230 M M 9 32 220
3 77 47 62 6 3 0 0.04 0.0 0 17.4 32 310 M M 8 1 44 200
4 58 42 50 -6 15 0 T 0.0 0 13.4 36 280 M M 6 51 290
5 59 34 47 -9 18 0 0.00 0.0 0 11.0 25 300 M M 4 35 300
6 61 32 47 -10 18 0 0.00 0.0 0 8.9 17 320 M M 2 32 360
7 66 35 51 -6 14 0 0.00 0.0 0 1.8 9 210 M M 3 14 120
8 75 45 60 3 5 0 0.00 0.0 0 7.7 18 230 M M 7 30 270
9 63 56 60 2 5 0 0.13 0.0 0 8.9 16 250 M M 10 1 27 250
10 70 56 63 5 2 0 0.15 0.0 0 6.8 16 180 M M 9 1 23 170
11 70 59 65 7 0 0 0.20 0.0 0 13.5 30 230 M M 10 13 49 250
12 68 49 59 1 6 0 0.04 0.0 0 16.7 32 290 M M 7 1 48 280
13 72 45 59 0 6 0 0.00 0.0 0 13.0 28 300 M M 2 38 300
14 81 42 62 3 3 0 0.00 0.0 0 8.0 22 210 M M 1 29 210
15 86 52 69 10 0 4 0.00 0.0 0 8.7 18 220 M M 1 8 27 210
16 81 64 73 13 0 8 0.00 0.0 0 7.0 18 60 M M 8 24 60
17 80 62 71 11 0 6 T 0.0 0 11.8 24 240 M M 9 32 220
18 86 57 72 12 0 7 0.00 0.0 0 6.1 17 280 M M 2 24 280
19 77 56 67 6 0 2 0.00 0.0 0 4.6 12 50 M M 8 16 50
20 75 59 67 6 0 2 0.23 0.0 0 5.8 17 300 M M 8 1 24 320
21 62 42 52 -9 13 0 0.42 0.0 0 6.3 15 50 M M 9 1 25 360
22 61 41 51 -10 14 0 0.00 0.0 0 4.4 14 30 M M 4 18 20 40
23 70 38 54 -8 11 0 0.00 0.0 0 9.0 21 200 M M 5 28 200
================================================================================
SM 1662 1130 133 40 1.21 0.0 211.3 M 139
================================================================================
AV 72.3 49.1 9.2 FASTST M M 6 MAX(MPH)
MISC ----> 36 280 51 290
================================================================================
NOTES:
# LAST OF SEVERAL OCCURRENCES
COLUMN 17 PEAK WIND IN M.P.H.
PRELIMINARY LOCAL CLIMATOLOGICAL DATA (WS FORM: F-6) , PAGE 2
STATION: GREENSBORO NC
MONTH: APRIL
YEAR: 2024
LATITUDE: 36 4 N
LONGITUDE: 79 57 W
[TEMPERATURE DATA] [PRECIPITATION DATA] SYMBOLS USED IN COLUMN 16
AVERAGE MONTHLY: 60.7 TOTAL FOR MONTH: 1.21 1 = FOG OR MIST
DPTR FM NORMAL: 2.3 DPTR FM NORMAL: -1.70 2 = FOG REDUCING VISIBILITY
HIGHEST: 86 ON 18,15 GRTST 24HR 0.42 ON 21-21 TO 1/4 MILE OR LESS
LOWEST: 32 ON 6 3 = THUNDER
SNOW, ICE PELLETS, HAIL 4 = ICE PELLETS
TOTAL MONTH: 0.0 INCH 5 = HAIL
GRTST 24HR 0.0 6 = FREEZING RAIN OR DRIZZLE
GRTST DEPTH: 0 7 = DUSTSTORM OR SANDSTORM:
VSBY 1/2 MILE OR LESS
8 = SMOKE OR HAZE
[NO. OF DAYS WITH] [WEATHER - DAYS WITH] 9 = BLOWING SNOW
X = TORNADO
MAX 32 OR BELOW: 0 0.01 INCH OR MORE: 7
MAX 90 OR ABOVE: 0 0.10 INCH OR MORE: 5
MIN 32 OR BELOW: 1 0.50 INCH OR MORE: 0
MIN 0 OR BELOW: 0 1.00 INCH OR MORE: 0
[HDD (BASE 65) ]
TOTAL THIS MO. 133 CLEAR (SCALE 0-3) 6
DPTR FM NORMAL -41 PTCLDY (SCALE 4-7) 10
TOTAL FM JUL 1 3008 CLOUDY (SCALE 8-10) 7
DPTR FM NORMAL -397
[CDD (BASE 65) ]
TOTAL THIS MO. 40
DPTR FM NORMAL 15 [PRESSURE DATA]
TOTAL FM JAN 1 41 HIGHEST SLP M ON M
DPTR FM NORMAL 9 LOWEST SLP 29.22 ON 3
[REMARKS]