000
CXUS54 KEWX 191010
CF6HDO
PRELIMINARY LOCAL CLIMATOLOGICAL DATA (WS FORM: F-6)
STATION: HONDO
MONTH: APRIL
YEAR: 2024
LATITUDE: 29 21 N
LONGITUDE: 99 10 W
TEMPERATURE IN F: :PCPN: SNOW: WIND :SUNSHINE: SKY :PK WND
================================================================================
1 2 3 4 5 6A 6B 7 8 9 10 11 12 13 14 15 16 17 18
12Z AVG MX 2MIN
DY MAX MIN AVG DEP HDD CDD WTR SNW DPTH SPD SPD DIR MIN PSBL S-S WX SPD DR
================================================================================
1 90 62 76 9 0 11 0.25 M M 10.8 41 340 M M 8 138 55 330
2 82 52 67 0 0 2 T M M 11.7 25 330 M M 1 3 36 340
3 82 41 62 -5 3 0 0.00 M M 5.6 16 280 M M 0 24 300
4 88 42 65 -2 0 0 0.00 M M 6.9 17 240 M M 0 22 250
5 88 44 66 -2 0 1 0.00 M M 12.4 28 140 M M 0 39 160
6 84 62 73 5 0 8 0.00 M M 12.4 21 150 M M 6 26 140
7 84 59 72 4 0 7 0.00 M M 8.2 22 30 M M 4 29 10
8 81 62 72 4 0 7 0.00 M M 9.0 16 130 M M 8 18 21 160
9 95 64 80 12 0 15 0.21 M M 9.9 33 10 M M 7 138 52 10
10 79 52 66 -3 0 1 0.00 M M 16.9 31 310 M M 1 42 310
11 87 48 68 -1 0 3 0.00 M M 9.2 16 170 M M 0 22 140
12 86 47 67 -2 0 2 0.00 M M 11.9 24 140 M M 0 31 160
13 86 54 70 1 0 5 0.00 M M 13.8 24 140 M M 0 36 150
14 89 65 77 7 0 12 0.00 M M 10.5 22 140 M M 5 28 140
15 92 71 82 12 0 17 T M M 14.2 26 160 M M 8 36 120
16 85 70 78 8 0 13 0.00 M M 9.0 18 150 M M 7 1 25 140
17 88 72 80 10 0 15 0.00 M M 9.1 20 150 M M 8 1 26 150
18 87 72 80 10 0 15 0.00 M M 6.6 17 150 M M 10 18 22 160
================================================================================
SM 1553 1039 3 134 0.46 M 188.1 M 73
================================================================================
AV 86.3 57.7 10.5 FASTST M M 4 MAX(MPH)
MISC ----> 41 340 55 330
================================================================================
NOTES:
# LAST OF SEVERAL OCCURRENCES
COLUMN 17 PEAK WIND IN M.P.H.
PRELIMINARY LOCAL CLIMATOLOGICAL DATA (WS FORM: F-6) , PAGE 2
STATION: HONDO
MONTH: APRIL
YEAR: 2024
LATITUDE: 29 21 N
LONGITUDE: 99 10 W
[TEMPERATURE DATA] [PRECIPITATION DATA] SYMBOLS USED IN COLUMN 16
AVERAGE MONTHLY: 72.0 TOTAL FOR MONTH: 0.46 1 = FOG OR MIST
DPTR FM NORMAL: 3.4 DPTR FM NORMAL: -0.71 2 = FOG REDUCING VISIBILITY
HIGHEST: 95 ON 9 GRTST 24HR 0.25 ON 1- 1 TO 1/4 MILE OR LESS
LOWEST: 41 ON 3 3 = THUNDER
SNOW, ICE PELLETS, HAIL 4 = ICE PELLETS
TOTAL MONTH: M 5 = HAIL
GRTST 24HR M ON M 6 = FREEZING RAIN OR DRIZZLE
GRTST DEPTH: M ON M 7 = DUSTSTORM OR SANDSTORM:
VSBY 1/2 MILE OR LESS
8 = SMOKE OR HAZE
[NO. OF DAYS WITH] [WEATHER - DAYS WITH] 9 = BLOWING SNOW
X = TORNADO
MAX 32 OR BELOW: 0 0.01 INCH OR MORE: 2
MAX 90 OR ABOVE: 3 0.10 INCH OR MORE: 2
MIN 32 OR BELOW: 0 0.50 INCH OR MORE: 0
MIN 0 OR BELOW: 0 1.00 INCH OR MORE: 0
[HDD (BASE 65) ]
TOTAL THIS MO. 3 CLEAR (SCALE 0-3) 8
DPTR FM NORMAL -24 PTCLDY (SCALE 4-7) 8
TOTAL FM JUL 1 1206 CLOUDY (SCALE 8-10) 2
DPTR FM NORMAL -240
[CDD (BASE 65) ]
TOTAL THIS MO. 134
DPTR FM NORMAL 43 [PRESSURE DATA]
TOTAL FM JAN 1 259 HIGHEST SLP M ON M
DPTR FM NORMAL 59 LOWEST SLP 29.47 ON 9
[REMARKS]