000
CXUS54 KEWX 191010
CF6HYI
PRELIMINARY LOCAL CLIMATOLOGICAL DATA (WS FORM: F-6)
STATION: SAN MARCOS
MONTH: APRIL
YEAR: 2024
LATITUDE: 29 53 N
LONGITUDE: 97 52 W
TEMPERATURE IN F: :PCPN: SNOW: WIND :SUNSHINE: SKY :PK WND
================================================================================
1 2 3 4 5 6A 6B 7 8 9 10 11 12 13 14 15 16 17 18
12Z AVG MX 2MIN
DY MAX MIN AVG DEP HDD CDD WTR SNW DPTH SPD SPD DIR MIN PSBL S-S WX SPD DR
================================================================================
1 85 67 76 M 0 11 0.00 M M 13.2 24 320 M M 7 18 33 320
2 78 50 64 M 1 0 0.08 M M 12.9 22 340 M M 2 30 340
3 82 43 63 M 2 0 0.00 M M 7.2 14 300 M M 0 18 320
4 87 46 67 M 0 2 0.00 M M 6.9 17 200 M M 0 24 220
5 86 47 67 M 0 2 0.00 M M 9.6 22 170 M M 0 30 170
6 79 55 67 M 0 2 0.00 M M 13.4 22 160 M M 8 28 160
7 80 63 72 M 0 7 0.04 M M 6.6 16 10 M M 6 128 21 340
8 80 60 70 M 0 5 0.00 M M 6.5 15 160 M M 9 1 16 140
9 87 65 76 M 0 11 0.43 M M 11.1 22 180 M M 7 13 35 350
10 73 54 64 M 1 0 0.32 M M 15.9 28 310 M M 3 13 37 330
11 84 49 67 M 0 2 0.00 M M 8.1 17 20 M M 0 16 360
12 82 48 65 M 0 0 0.00 M M 9.1 18 160 M M 0 24 170
13 83 59 71 M 0 6 0.00 M M 11.5 22 150 M M 4 1 32 160
14 85 62 74 M 0 9 0.00 M M 9.9 17 190 M M 7 23 160
15 86 69 78 M 0 13 0.00 M M 14.2 30 130 M M 9 3 40 140
16 80 71 76 M 0 11 0.03 M M 7.9 16 160 M M 10 1 M M
17 83 71 77 M 0 12 0.00 M M 7.0 16 140 M M 9 18 21 150
18 90 71 81 M 0 16 0.00 M M 8.7 15 160 M M 7 1 16 150
================================================================================
SM 1490 1050 4 109 0.90 M 179.5 M 88
================================================================================
AV 82.8 58.3 10.0 FASTST M M 5 MAX(MPH)
MISC ----> 30 130 40 140
================================================================================
NOTES:
# LAST OF SEVERAL OCCURRENCES
COLUMN 17 PEAK WIND IN M.P.H.
PRELIMINARY LOCAL CLIMATOLOGICAL DATA (WS FORM: F-6) , PAGE 2
STATION: SAN MARCOS
MONTH: APRIL
YEAR: 2024
LATITUDE: 29 53 N
LONGITUDE: 97 52 W
[TEMPERATURE DATA] [PRECIPITATION DATA] SYMBOLS USED IN COLUMN 16
AVERAGE MONTHLY: 70.6 TOTAL FOR MONTH: 0.90 1 = FOG OR MIST
DPTR FM NORMAL: 0.0 DPTR FM NORMAL: 0.90 2 = FOG REDUCING VISIBILITY
HIGHEST: 90 ON 18 GRTST 24HR 0.75 ON 9-10 TO 1/4 MILE OR LESS
LOWEST: 43 ON 3 3 = THUNDER
SNOW, ICE PELLETS, HAIL 4 = ICE PELLETS
TOTAL MONTH: M 5 = HAIL
GRTST 24HR M ON M 6 = FREEZING RAIN OR DRIZZLE
GRTST DEPTH: M ON M 7 = DUSTSTORM OR SANDSTORM:
VSBY 1/2 MILE OR LESS
8 = SMOKE OR HAZE
[NO. OF DAYS WITH] [WEATHER - DAYS WITH] 9 = BLOWING SNOW
X = TORNADO
MAX 32 OR BELOW: 0 0.01 INCH OR MORE: 5
MAX 90 OR ABOVE: 1 0.10 INCH OR MORE: 2
MIN 32 OR BELOW: 0 0.50 INCH OR MORE: 0
MIN 0 OR BELOW: 0 1.00 INCH OR MORE: 0
[HDD (BASE 65) ]
TOTAL THIS MO. 4 CLEAR (SCALE 0-3) 7
DPTR FM NORMAL M PTCLDY (SCALE 4-7) 6
TOTAL FM JUL 1 1372 CLOUDY (SCALE 8-10) 5
DPTR FM NORMAL M
[CDD (BASE 65) ]
TOTAL THIS MO. 109
DPTR FM NORMAL M [PRESSURE DATA]
TOTAL FM JAN 1 229 HIGHEST SLP M ON M
DPTR FM NORMAL M LOWEST SLP M ON M
[REMARKS]