000
CXUS52 KTBW 181000
CF6LAL
PRELIMINARY LOCAL CLIMATOLOGICAL DATA (WS FORM: F-6)
STATION: LAKELAND LINDER
MONTH: APRIL
YEAR: 2024
LATITUDE: 28 0 N
LONGITUDE: 82 3 W
TEMPERATURE IN F: :PCPN: SNOW: WIND :SUNSHINE: SKY :PK WND
================================================================================
1 2 3 4 5 6A 6B 7 8 9 10 11 12 13 14 15 16 17 18
12Z AVG MX 2MIN
DY MAX MIN AVG DEP HDD CDD WTR SNW DPTH SPD SPD DIR MIN PSBL S-S WX SPD DR
================================================================================
1 86 61 74 3 0 9 0.00 0.0 0 3.9 9 270 M M 0 M M
2 87 63 75 4 0 10 0.00 0.0 0 5.4 12 180 M M 2 21 260
3 88 67 78 7 0 13 0.45 0.0 0 11.6 35 230 M M 7 3 45 230
4 77 59 68 -3 0 3 0.53 0.0 0 7.9 18 300 M M 1 25 310
5 80 52 66 -5 0 1 0.00 0.0 0 6.7 17 290 M M 0 24 300
6 79 54 67 -4 0 2 0.00 0.0 0 4.9 12 310 M M 0 M M
7 78 55 67 -4 0 2 0.00 0.0 0 4.8 12 80 M M 0 M M
8 80 57 69 -3 0 4 0.00 0.0 0 9.2 18 90 M M 0 24 80
9 81 61 71 -1 0 6 0.00 0.0 0 9.7 16 160 M M 4 21 140
10 86 66 76 4 0 11 0.00 0.0 0 8.8 15 160 M M 2 21 130
11 81 71 76 4 0 11 1.16 0.0 0 13.1 23 180 M M 5 3 36 200
12 79 58 69 -3 0 4 0.00 0.0 0 10.8 18 290 M M 1 27 290
13 79 51 65 -7 0 0 0.00 0.0 0 4.1 15 20 M M 0 20 20
14 82 51 67 -5 0 2 0.00 0.0 0 2.5 9 100 M M 0 17 100
15 87 47 67 -6 0 2 0.00 0.0 0 4.3 10 130 M M 1 M M
16 86 58 72 -1 0 7 0.00 0.0 0 7.9 15 100 M M 0 21 70
17 87 64 76 3 0 11 0.00 0.0 0 6.1 13 120 M M 0 8 17 130
================================================================================
SM 1403 995 0 98 2.14 0.0 121.7 M 23
================================================================================
AV 82.5 58.5 7.2 FASTST M M 1 MAX(MPH)
MISC ----> 35 230 45 230
================================================================================
NOTES:
# LAST OF SEVERAL OCCURRENCES
COLUMN 17 PEAK WIND IN M.P.H.
PRELIMINARY LOCAL CLIMATOLOGICAL DATA (WS FORM: F-6) , PAGE 2
STATION: LAKELAND LINDER
MONTH: APRIL
YEAR: 2024
LATITUDE: 28 0 N
LONGITUDE: 82 3 W
[TEMPERATURE DATA] [PRECIPITATION DATA] SYMBOLS USED IN COLUMN 16
AVERAGE MONTHLY: 70.5 TOTAL FOR MONTH: 2.14 1 = FOG OR MIST
DPTR FM NORMAL: -1.2 DPTR FM NORMAL: 0.48 2 = FOG REDUCING VISIBILITY
HIGHEST: 88 ON 3 GRTST 24HR 1.16 ON 11-11 TO 1/4 MILE OR LESS
LOWEST: 47 ON 15 3 = THUNDER
SNOW, ICE PELLETS, HAIL 4 = ICE PELLETS
TOTAL MONTH: 0.0 INCH 5 = HAIL
GRTST 24HR 0.0 6 = FREEZING RAIN OR DRIZZLE
GRTST DEPTH: 0 7 = DUSTSTORM OR SANDSTORM:
VSBY 1/2 MILE OR LESS
8 = SMOKE OR HAZE
[NO. OF DAYS WITH] [WEATHER - DAYS WITH] 9 = BLOWING SNOW
X = TORNADO
MAX 32 OR BELOW: 0 0.01 INCH OR MORE: 3
MAX 90 OR ABOVE: 0 0.10 INCH OR MORE: 3
MIN 32 OR BELOW: 0 0.50 INCH OR MORE: 2
MIN 0 OR BELOW: 0 1.00 INCH OR MORE: 1
[HDD (BASE 65) ]
TOTAL THIS MO. 0 CLEAR (SCALE 0-3) 14
DPTR FM NORMAL 0 PTCLDY (SCALE 4-7) 3
TOTAL FM JUL 1 342 CLOUDY (SCALE 8-10) 0
DPTR FM NORMAL -98
[CDD (BASE 65) ]
TOTAL THIS MO. 98
DPTR FM NORMAL -20 [PRESSURE DATA]
TOTAL FM JAN 1 464 HIGHEST SLP M ON M
DPTR FM NORMAL 65 LOWEST SLP M ON M
[REMARKS]