000
CXUS54 KHGX 181410
CF6LBX
PRELIMINARY LOCAL CLIMATOLOGICAL DATA (WS FORM: F-6)
STATION: ANGLETON/LAKE_JACKS
MONTH: APRIL
YEAR: 2024
LATITUDE: 29 6 N
LONGITUDE: 95 28 W
TEMPERATURE IN F: :PCPN: SNOW: WIND :SUNSHINE: SKY :PK WND
================================================================================
1 2 3 4 5 6A 6B 7 8 9 10 11 12 13 14 15 16 17 18
12Z AVG MX 2MIN
DY MAX MIN AVG DEP HDD CDD WTR SNW DPTH SPD SPD DIR MIN PSBL S-S WX SPD DR
================================================================================
1 79 73 76 9 0 11 0.00 0.0 0 15.1 23 180 M M 10 1 36 180
2 84 60 72 5 0 7 0.06 0.0 0 8.9 23 350 M M 5 1 35 350
3 76 51 64 -3 1 0 0.00 0.0 0 6.6 14 350 M M 0 21 280
4 84 47 66 -2 0 1 0.00 0.0 0 3.8 14 20 M M 0 16 20
5 83 53 68 0 0 3 0.00 0.0 0 6.8 16 190 M M 1 12 24 180
6 79 58 69 1 0 4 0.00 0.0 0 12.8 28 150 M M 5 1 35 180
7 82 70 76 8 0 11 0.00 0.0 0 9.9 20 170 M M 9 24 180
8 80 73 77 9 0 12 T 0.0 0 13.8 26 160 M M 10 1 42 150
9 83 73 78 10 0 13 0.12 0.0 0 16.1 30 170 M M 8 18 43 180
10 76 62 69 0 0 4 1.51 0.0 0 9.1 25 250 M M 6 13 49 270
11 82 54 68 -1 0 3 0.00 0.0 0 7.0 16 360 M M 0 26 310
12 79 48 64 -5 1 0 0.00 0.0 0 4.9 15 150 M M 0 21 140
13 79 52 66 -3 0 1 0.00 0.0 0 8.8 20 160 M M 1 1 26 150
14 81 63 72 3 0 7 0.00 0.0 0 11.9 21 170 M M 7 27 190
15 79 69 74 4 0 9 0.00 0.0 0 12.5 21 150 M M 10 28 150
16 80 72 76 6 0 11 0.00 0.0 0 14.0 23 160 M M 9 1 34 160
17 83 73 78 8 0 13 T 0.0 0 8.4 16 170 M M 9 1 23 150
================================================================================
SM 1369 1051 2 110 1.69 0.0 170.4 M 90
================================================================================
AV 80.5 61.8 10.0 FASTST M M 5 MAX(MPH)
MISC ----> 30 170 49 270
================================================================================
NOTES:
# LAST OF SEVERAL OCCURRENCES
COLUMN 17 PEAK WIND IN M.P.H.
PRELIMINARY LOCAL CLIMATOLOGICAL DATA (WS FORM: F-6) , PAGE 2
STATION: ANGLETON/LAKE_JACKS
MONTH: APRIL
YEAR: 2024
LATITUDE: 29 6 N
LONGITUDE: 95 28 W
[TEMPERATURE DATA] [PRECIPITATION DATA] SYMBOLS USED IN COLUMN 16
AVERAGE MONTHLY: 71.2 TOTAL FOR MONTH: 1.69 1 = FOG OR MIST
DPTR FM NORMAL: 2.7 DPTR FM NORMAL: 0.38 2 = FOG REDUCING VISIBILITY
HIGHEST: 84 ON 4, 2 GRTST 24HR 1.63 ON 9-10 TO 1/4 MILE OR LESS
LOWEST: 47 ON 4 3 = THUNDER
SNOW, ICE PELLETS, HAIL 4 = ICE PELLETS
TOTAL MONTH: 0.0 INCH 5 = HAIL
GRTST 24HR 0.0 6 = FREEZING RAIN OR DRIZZLE
GRTST DEPTH: 0 7 = DUSTSTORM OR SANDSTORM:
VSBY 1/2 MILE OR LESS
8 = SMOKE OR HAZE
[NO. OF DAYS WITH] [WEATHER - DAYS WITH] 9 = BLOWING SNOW
X = TORNADO
MAX 32 OR BELOW: 0 0.01 INCH OR MORE: 3
MAX 90 OR ABOVE: 0 0.10 INCH OR MORE: 2
MIN 32 OR BELOW: 0 0.50 INCH OR MORE: 1
MIN 0 OR BELOW: 0 1.00 INCH OR MORE: 1
[HDD (BASE 65) ]
TOTAL THIS MO. 2 CLEAR (SCALE 0-3) 6
DPTR FM NORMAL -24 PTCLDY (SCALE 4-7) 4
TOTAL FM JUL 1 1032 CLOUDY (SCALE 8-10) 7
DPTR FM NORMAL -91
[CDD (BASE 65) ]
TOTAL THIS MO. 110
DPTR FM NORMAL 27 [PRESSURE DATA]
TOTAL FM JAN 1 262 HIGHEST SLP M ON M
DPTR FM NORMAL 29 LOWEST SLP 29.55 ON 10
[REMARKS]