000
CXUS56 KMTR 280900
CF6SJC
PRELIMINARY LOCAL CLIMATOLOGICAL DATA (WS FORM: F-6)
STATION: SAN JOSE AIRPORT
MONTH: MARCH
YEAR: 2024
LATITUDE: 37 21 N
LONGITUDE: 121 55 W
TEMPERATURE IN F: :PCPN: SNOW: WIND :SUNSHINE: SKY :PK WND
================================================================================
1 2 3 4 5 6A 6B 7 8 9 10 11 12 13 14 15 16 17 18
12Z AVG MX 2MIN
DY MAX MIN AVG DEP HDD CDD WTR SNW DPTH SPD SPD DIR MIN PSBL S-S WX SPD DR
================================================================================
1 61 51 56 1 9 0 0.13 M M 8.0 20 180 M M 9 1 29 180
2 55 48 52 -3 13 0 0.21 M M 7.6 21 290 M M 8 27 180
3 59 44 52 -3 13 0 0.13 M M 6.3 15 150 M M 8 1 21 220
4 61 44 53 -2 12 0 0.01 M M 4.3 10 140 M M 6 13 280
5 62 48 55 0 10 0 0.00 M M 8.9 17 150 M M 8 23 150
6 63 50 57 2 8 0 0.68 M M 5.5 16 330 M M 9 13 22 340
7 62 48 55 0 10 0 0.00 M M 5.2 18 330 M M 6 8 22 320
8 70 42 56 0 9 0 0.00 M M 4.6 13 330 M M 1 15 350
9 66 49 58 2 7 0 0.00 M M 5.7 15 330 M M 7 19 320
10 66 51 59 3 6 0 0.00 M M 4.7 14 190 M M 8 M M
11 64 51 58 2 7 0 0.06 M M 7.2 16 330 M M 8 1 26 350
12 64 53 59 3 6 0 0.04 M M 10.6 20 330 M M 8 26 360
13 65 46 56 0 9 0 0.00 M M 8.7 18 320 M M 5 23 340
14 71 51 61 5 4 0 0.00 M M 11.8 25 30 M M 0 40 30
15 75 54 65 9 0 0 0.00 M M 7.9 23 340 M M 0 31 310
16 73 48 61 5 4 0 0.00 M M 7.6 17 340 M M 0 22 340
17 71 48 60 4 5 0 0.00 M M 5.8 17 330 M M 1 22 320
18 72 46 59 3 6 0 T M M 4.6 12 330 M M 2 8 16 340
19 71 52 62 6 3 0 0.00 M M 5.3 15 310 M M 4 8 19 300
20 71 46 59 3 6 0 0.00 M M 5.9 20 340 M M 2 26 350
21 73 49 61 5 4 0 0.00 M M 4.8 17 330 M M 4 22 330
22 70 50 60 3 5 0 0.63 M M 9.8 26 220 M M 6 1 35 210
23 61 49 55 -2 10 0 0.29 M M 6.4 18 250 M M 7 1 26 270
24 64 48 56 -1 9 0 0.17 M M 11.0 23 310 M M 7 1 31 300
25 63 52 58 1 7 0 0.00 M M 7.6 18 340 M M 7 25 20
26 65 50 58 1 7 0 T M M 6.4 17 320 M M 6 21 360
27 65 45 55 -2 10 0 0.07 M M 6.9 15 160 M M 6 20 180
================================================================================
SM 1783 1313 199 0 2.42 M 189.1 M 143
================================================================================
AV 66.0 48.6 7.0 FASTST M M 5 MAX(MPH)
MISC ----> 26 220 40 30
================================================================================
NOTES:
# LAST OF SEVERAL OCCURRENCES
COLUMN 17 PEAK WIND IN M.P.H.
PRELIMINARY LOCAL CLIMATOLOGICAL DATA (WS FORM: F-6) , PAGE 2
STATION: SAN JOSE AIRPORT
MONTH: MARCH
YEAR: 2024
LATITUDE: 37 21 N
LONGITUDE: 121 55 W
[TEMPERATURE DATA] [PRECIPITATION DATA] SYMBOLS USED IN COLUMN 16
AVERAGE MONTHLY: 57.3 TOTAL FOR MONTH: 2.42 1 = FOG OR MIST
DPTR FM NORMAL: 1.4 DPTR FM NORMAL: 0.57 2 = FOG REDUCING VISIBILITY
HIGHEST: 75 ON 15 GRTST 24HR 0.86 ON 22-23 TO 1/4 MILE OR LESS
LOWEST: 42 ON 8 3 = THUNDER
SNOW, ICE PELLETS, HAIL 4 = ICE PELLETS
TOTAL MONTH: M 5 = HAIL
GRTST 24HR M ON M 6 = FREEZING RAIN OR DRIZZLE
GRTST DEPTH: M ON M 7 = DUSTSTORM OR SANDSTORM:
VSBY 1/2 MILE OR LESS
8 = SMOKE OR HAZE
[NO. OF DAYS WITH] [WEATHER - DAYS WITH] 9 = BLOWING SNOW
X = TORNADO
MAX 32 OR BELOW: 0 0.01 INCH OR MORE: 11
MAX 90 OR ABOVE: 0 0.10 INCH OR MORE: 7
MIN 32 OR BELOW: 0 0.50 INCH OR MORE: 2
MIN 0 OR BELOW: 0 1.00 INCH OR MORE: 0
[HDD (BASE 65) ]
TOTAL THIS MO. 199 CLEAR (SCALE 0-3) 7
DPTR FM NORMAL -47 PTCLDY (SCALE 4-7) 15
TOTAL FM JUL 1 1263 CLOUDY (SCALE 8-10) 5
DPTR FM NORMAL -566
[CDD (BASE 65) ]
TOTAL THIS MO. 0
DPTR FM NORMAL 0 [PRESSURE DATA]
TOTAL FM JAN 1 0 HIGHEST SLP M ON M
DPTR FM NORMAL 0 LOWEST SLP 29.76 ON 15
[REMARKS]